04-24 00:12:07.599 102 102 D LibBpfLoader: applying relo to instruction at byte offset: 184, insn offset 23 , insn 118
04-24 00:12:07.599 102 102 D LibBpfLoader: applying relo to instruction at byte offset: 40, insn offset 5 , insn 118
04-24 00:12:07.599 102 102 D LibBpfLoader: applying relo to instruction at byte offset: 144, insn offset 18 , insn 118
04-24 00:12:07.599 102 102 D LibBpfLoader: applying relo to instruction at byte offset: 184, insn offset 23 , insn 118
04-24 00:12:07.599 102 102 D LibBpfLoader: applying relo to instruction at byte offset: 136, insn offset 17 , insn 118
04-24 00:12:07.599 102 102 D LibBpfLoader: applying relo to instruction at byte offset: 32, insn offset 4 , insn 118
04-24 00:12:07.599 102 102 D LibBpfLoader: applying relo to instruction at byte offset: 80, insn offset 10 , insn 118
04-24 00:12:07.600 50 50 W Resources: Preloaded drawable resource #0x1080284 (android:drawable/dialog_background_material) that varies with configuration!!
04-24 00:12:07.604 100 100 I adbd : adbd listening on port 5555
04-24 00:12:07.628 50 50 I Zygote : ...preloaded 64 resources in 39ms.
04-24 00:12:07.632 112 112 I installd: installd firing up
04-24 00:12:07.636 50 50 I Zygote : ...preloaded 41 resources in 8ms.
04-24 00:12:07.639 50 50 I Zygote : ...preloaded 8 resource in 3ms.
04-24 00:12:07.639 50 50 D Zygote64Timing: PreloadResources took to complete: 137ms
04-24 00:12:07.650 50 50 D libEGL : loaded /vendor/lib64/egl/libGLES_mesa.so
04-24 00:12:07.656 102 102 D LibBpfLoader: New bpf core prog_load for /system/etc/bpf/netd.o (cgroupskb_ingress_stats) returned: 16
04-24 00:12:07.657 102 102 D LibBpfLoader: New bpf core prog_load for /system/etc/bpf/netd.o (cgroupskb_egress_stats) returned: 17
04-24 00:12:07.658 102 102 D LibBpfLoader: New bpf core prog_load for /system/etc/bpf/netd.o (skfilter_egress_xtbpf) returned: 18
04-24 00:12:07.658 102 102 D LibBpfLoader: New bpf core prog_load for /system/etc/bpf/netd.o (skfilter_ingress_xtbpf) returned: 19
04-24 00:12:07.658 102 102 D LibBpfLoader: New bpf core prog_load for /system/etc/bpf/netd.o (skfilter_whitelist_xtbpf) returned: 20
04-24 00:12:07.659 102 102 D LibBpfLoader: New bpf core prog_load for /system/etc/bpf/netd.o (skfilter_blacklist_xtbpf) returned: 21
04-24 00:12:07.668 50 50 I Zygote : Preloading shared libraries...
04-24 00:12:07.673 50 50 I Zygote : Called ZygoteHooks.endPreload()
04-24 00:12:07.673 50 50 I Zygote : Installed AndroidKeyStoreProvider in 0ms.
04-24 00:12:07.678 50 50 I Zygote : Warmed up JCA providers in 5ms.
04-24 00:12:07.678 50 50 D Zygote : end preload
04-24 00:12:07.678 50 50 D Zygote64Timing: ZygotePreload took to complete: 602ms
04-24 00:12:07.696 50 50 I zygote64: Explicit concurrent copying GC freed 63491(3572KB) AllocSpace objects, 14(360KB) LOS objects, 90% free, 2594KB/26MB, paused 49us total 17.506ms
04-24 00:12:07.709 50 50 I zygote64: Explicit concurrent copying GC freed 6853(238KB) AllocSpace objects, 0(0B) LOS objects, 91% free, 2388KB/26MB, paused 36us total 10.662ms
04-24 00:12:07.709 50 50 D Zygote64Timing: PostZygoteInitGC took to complete: 31ms
04-24 00:12:07.709 50 50 D Zygote64Timing: ZygoteInit took to complete: 633ms
04-24 00:12:07.729 102 102 D LibBpfLoader: New bpf core prog_load for /system/etc/bpf/netd.o (cgroupsock_inet_create) returned: 22
04-24 00:12:07.729 102 102 I bpfloader: Attempted load object: /system/etc/bpf/netd.o, ret: Success
04-24 00:12:07.746 102 102 D LibBpfLoader: Loading ELF object /system/etc/bpf/clatd.o with license Apache 2.0
04-24 00:12:07.746 102 102 D LibBpfLoader: Loaded code section 3 (schedcls_ingress_clat_ether)
04-24 00:12:07.746 102 102 D LibBpfLoader: Loaded relo section 3 (.relschedcls/ingress/clat_ether)
04-24 00:12:07.746 102 102 D LibBpfLoader: Adding section 3 to cs list
04-24 00:12:07.746 102 102 D LibBpfLoader: Loaded code section 5 (schedcls_ingress_clat_rawip)
04-24 00:12:07.746 102 102 D LibBpfLoader: Loaded relo section 5 (.relschedcls/ingress/clat_rawip)
04-24 00:12:07.746 102 102 D LibBpfLoader: Adding section 5 to cs list
04-24 00:12:07.747 102 102 D LibBpfLoader: bpf_create_map name clat_ingress_map, ret: 23
04-24 00:12:07.747 102 102 D LibBpfLoader: map_fd found at 0 is 23 in /system/etc/bpf/clatd.o
04-24 00:12:07.747 102 102 D LibBpfLoader: applying relo to instruction at byte offset: 400, insn offset 50 , insn 118
04-24 00:12:07.749 50 50 D Zygote : Forked child process 135
04-24 00:12:07.749 50 50 I Zygote : System server process 135 has been created
04-24 00:12:07.750 50 50 I Zygote : Accepting command socket connections
04-24 00:12:07.757 135 135 I system_server: The ClassLoaderContext is a special shared library.
04-24 00:12:07.757 132 132 I /system/bin/tombstoned: tombstoned successfully initialized
04-24 00:12:07.759 135 135 I system_server: The ClassLoaderContext is a special shared library.
04-24 00:12:07.766 135 135 I chatty : uid=1000 system_server identical 2 lines
04-24 00:12:07.768 135 135 I system_server: The ClassLoaderContext is a special shared library.
04-24 00:12:07.772 135 135 W system_server: Unexpected CPU variant for X86 using defaults: x86_64
04-24 00:12:07.799 120 151 I storaged: storaged: Start
04-24 00:12:07.849 102 102 D LibBpfLoader: applying relo to instruction at byte offset: 360, insn offset 45 , insn 118
04-24 00:12:07.850 102 102 D LibBpfLoader: New bpf core prog_load for /system/etc/bpf/clatd.o (schedcls_ingress_clat_ether) returned: 24
04-24 00:12:07.850 102 102 D LibBpfLoader: New bpf core prog_load for /system/etc/bpf/clatd.o (schedcls_ingress_clat_rawip) returned: 25
04-24 00:12:07.851 102 102 I bpfloader: Attempted load object: /system/etc/bpf/clatd.o, ret: Success
04-24 00:12:07.851 49 49 D TetherController: Setting IP forward enable = 0
04-24 00:12:07.854 49 49 I netd : Creating child chains: 0.1ms
04-24 00:12:07.854 49 49 I netd : Setting up OEM hooks: 0.1ms
04-24 00:12:07.854 49 49 I netd : Setting up FirewallController hooks: 0.0ms
04-24 00:12:07.854 49 49 I netd : Setting up TetherController hooks: 0.0ms
04-24 00:12:07.854 49 49 I netd : Setting up BandwidthController hooks: 0.1ms
04-24 00:12:07.854 49 49 I netd : Setting up IdletimerController hooks: 0.0ms
04-24 00:12:07.854 49 49 I netd : Setting up StrictController hooks: 0.1ms
04-24 00:12:07.854 49 49 I ClatdController: 4.9+ kernel and device shipped with P - clat ebpf might work.
04-24 00:12:07.854 49 49 I netd : Initializing ClatdController: 0.1ms
04-24 00:12:07.863 49 49 I netd : Initializing traffic control: 8.9ms
04-24 00:12:07.863 49 49 I netd : Enabling bandwidth control: 0.1ms
04-24 00:12:07.881 49 49 E Netd : cannot find interface dummy0
04-24 00:12:07.881 49 49 I netd : Initializing RouteController: 17.5ms
04-24 00:12:07.881 49 49 D XfrmController: XfrmController::ipSecAddXfrmInterface, line=1379
04-24 00:12:07.882 49 49 D XfrmController: XfrmController::ipSecRemoveTunnelInterface, line=1592
04-24 00:12:07.882 49 49 D XfrmController: deviceName=ipsec_test
04-24 00:12:07.911 49 49 D XfrmController: Sending Netlink XFRM Message: XFRM_MSG_FLUSHSA
04-24 00:12:07.912 49 49 D XfrmController: Sending Netlink XFRM Message: XFRM_MSG_FLUSHPOLICY
04-24 00:12:07.912 49 49 I netd : Initializing XfrmController: 31.3ms
04-24 00:12:07.930 49 49 E Netd : Unable to create netlink socket for family 5: Protocol not supported
04-24 00:12:07.930 49 49 W Netd : Unable to open qlog quota socket, check if xt_quota2 can send via UeventHandler
04-24 00:12:07.933 49 49 I libnetd_resolv: resolv_init: Initializing resolver
04-24 00:12:07.934 49 49 D MDnsDS : MDnsSdListener::Hander starting up
04-24 00:12:07.936 49 49 I netd : Registering NetdNativeService: 2.1ms
04-24 00:12:07.940 49 49 I ServiceManagement: Registered android.system.net.netd@1.1::INetd/default (start delay of 1467ms)
04-24 00:12:07.940 49 49 I netd : Registering NetdHwService: 4.3ms
04-24 00:12:07.940 49 49 I netd : Netd started in 1400ms
04-24 00:12:07.951 125 125 I media.codec: mediacodecservice starting
04-24 00:12:07.952 125 125 W media.codec: Could not read additional policy file '/vendor_extra/etc/seccomp_policy/mediacodec.policy'
04-24 00:12:07.952 125 125 W media.codec: libminijail[125]: failed to get path of fd 4: No such file or directory
04-24 00:12:07.952 125 125 W media.codec: libminijail[125]: allowing syscall: socketcall
04-24 00:12:07.952 125 125 W media.codec: libminijail[125]: allowing syscall: writev
04-24 00:12:07.952 125 125 W media.codec: libminijail[125]: allowing syscall: fcntl64
04-24 00:12:07.952 125 125 W media.codec: libminijail[125]: allowing syscall: clock_gettime
04-24 00:12:07.952 125 125 W media.codec: libminijail[125]: compile_file: (34): nonexistent syscall 'newfstatat'
04-24 00:12:07.953 125 125 W media.codec: libminijail[125]: logging seccomp filter failures
04-24 00:12:07.956 49 165 D MDnsDS : MDnsSdListener starting to monitor
04-24 00:12:07.956 49 165 D MDnsDS : Going to poll with pollCount 1
04-24 00:12:07.956 125 125 D vndksupport: Loading libstagefrighthw.so from current namespace instead of sphal namespace.
04-24 00:12:07.957 125 125 D vndksupport: Loading libstagefright_softomx_plugin.so from current namespace instead of sphal namespace.
04-24 00:12:07.958 125 125 I SoftOMXPlugin: createOMXPlugin
04-24 00:12:07.958 125 125 D vndksupport: Loading libffmpeg_omx.so from current namespace instead of sphal namespace.
04-24 00:12:08.068 124 124 I wificond: wificond is starting up...
04-24 00:12:08.074 114 114 I mediaserver: ServiceManager: 0xf7a7d760
04-24 00:12:08.086 125 125 D MediaCodecsXmlParser: parsing /vendor/etc/media_codecs.xml...
04-24 00:12:08.087 125 125 D MediaCodecsXmlParser: parsing /vendor/etc/media_codecs_google_audio.xml...
04-24 00:12:08.087 125 125 I MediaCodecsXmlParser: limit: max-channel-count = 2
04-24 00:12:08.087 125 125 I MediaCodecsXmlParser: limit: sample-rate-ranges = 8000,11025,12000,16000,22050,24000,32000,44100,48000
04-24 00:12:08.087 125 125 I MediaCodecsXmlParser: limit: bitrate-range = 8000-320000
04-24 00:12:08.087 125 125 I MediaCodecsXmlParser: limit: max-channel-count = 1
04-24 00:12:08.087 125 125 I MediaCodecsXmlParser: limit: sample-rate-ranges = 8000
04-24 00:12:08.087 125 125 I MediaCodecsXmlParser: limit: bitrate-range = 4750-12200
04-24 00:12:08.087 125 125 I MediaCodecsXmlParser: limit: max-channel-count = 1
04-24 00:12:08.087 125 125 I MediaCodecsXmlParser: limit: sample-rate-ranges = 16000
04-24 00:12:08.087 125 125 I MediaCodecsXmlParser: limit: bitrate-range = 6600-23850
04-24 00:12:08.087 125 125 I MediaCodecsXmlParser: limit: max-channel-count = 8
04-24 00:12:08.087 125 125 I MediaCodecsXmlParser: limit: sample-rate-ranges = 7350,8000,11025,12000,16000,22050,24000,32000,44100,48000
04-24 00:12:08.087 125 125 I MediaCodecsXmlParser: limit: bitrate-range = 8000-960000
04-24 00:12:08.087 125 125 I MediaCodecsXmlParser: limit: max-channel-count = 1
04-24 00:12:08.087 125 125 I MediaCodecsXmlParser: limit: sample-rate-ranges = 8000-48000
04-24 00:12:08.087 125 125 I MediaCodecsXmlParser: limit: bitrate-range = 64000
04-24 00:12:08.087 125 125 I MediaCodecsXmlParser: limit: max-channel-count = 1
04-24 00:12:08.087 125 125 I MediaCodecsXmlParser: limit: sample-rate-ranges = 8000-48000
04-24 00:12:08.087 125 125 I MediaCodecsXmlParser: limit: bitrate-range = 64000
04-24 00:12:08.087 125 125 I MediaCodecsXmlParser: limit: max-channel-count = 8
04-24 00:12:08.087 125 125 I MediaCodecsXmlParser: limit: sample-rate-ranges = 8000-96000
04-24 00:12:08.087 125 125 I MediaCodecsXmlParser: limit: bitrate-range = 32000-500000
04-24 00:12:08.087 125 125 I MediaCodecsXmlParser: limit: max-channel-count = 8
04-24 00:12:08.087 125 125 I MediaCodecsXmlParser: limit: sample-rate-ranges = 48000
04-24 00:12:08.087 125 125 I MediaCodecsXmlParser: limit: bitrate-range = 6000-510000
04-24 00:12:08.087 125 125 I MediaCodecsXmlParser: limit: max-channel-count = 8
04-24 00:12:08.087 125 125 I MediaCodecsXmlParser: limit: sample-rate-ranges = 8000-192000
04-24 00:12:08.087 125 125 I MediaCodecsXmlParser: limit: bitrate-range = 1-10000000
04-24 00:12:08.087 125 125 I MediaCodecsXmlParser: limit: max-channel-count = 8
04-24 00:12:08.087 125 125 I MediaCodecsXmlParser: limit: sample-rate-ranges = 1-655350
04-24 00:12:08.087 125 125 I MediaCodecsXmlParser: limit: bitrate-range = 1-21000000
04-24 00:12:08.087 125 125 I MediaCodecsXmlParser: limit: max-channel-count = 6
04-24 00:12:08.087 125 125 I MediaCodecsXmlParser: limit: sample-rate-ranges = 8000,11025,12000,16000,22050,24000,32000,44100,48000
04-24 00:12:08.087 125 125 I MediaCodecsXmlParser: limit: bitrate-range = 8000-960000
04-24 00:12:08.087 125 125 I MediaCodecsXmlParser: limit: max-channel-count = 1
04-24 00:12:08.087 125 125 I MediaCodecsXmlParser: limit: sample-rate-ranges = 8000
04-24 00:12:08.087 125 125 I MediaCodecsXmlParser: limit: bitrate-range = 4750-12200
04-24 00:12:08.087 125 125 I MediaCodecsXmlParser: limit: feature-bitrate-modes = CBR
04-24 00:12:08.087 125 125 I MediaCodecsXmlParser: limit: max-channel-count = 1
04-24 00:12:08.087 125 125 I MediaCodecsXmlParser: limit: sample-rate-ranges = 16000
04-24 00:12:08.087 125 125 I MediaCodecsXmlParser: limit: bitrate-range = 6600-23850
04-24 00:12:08.087 125 125 I MediaCodecsXmlParser: limit: feature-bitrate-modes = CBR
04-24 00:12:08.087 125 125 I MediaCodecsXmlParser: limit: max-channel-count = 2
04-24 00:12:08.087 125 125 I MediaCodecsXmlParser: limit: sample-rate-ranges = 1-655350
04-24 00:12:08.087 125 125 I MediaCodecsXmlParser: limit: bitrate-range = 1-21000000
04-24 00:12:08.087 125 125 I MediaCodecsXmlParser: limit: complexity-default = 5
04-24 00:12:08.087 125 125 I MediaCodecsXmlParser: limit: complexity-range = 0-8
04-24 00:12:08.087 125 125 I MediaCodecsXmlParser: limit: feature-bitrate-modes = CQ
04-24 00:12:08.087 125 125 D MediaCodecsXmlParser: parsing /vendor/etc/media_codecs_google_telephony.xml...
04-24 00:12:08.088 125 125 I MediaCodecsXmlParser: limit: max-channel-count = 1
04-24 00:12:08.088 125 125 I MediaCodecsXmlParser: limit: sample-rate-ranges = 8000
04-24 00:12:08.088 125 125 I MediaCodecsXmlParser: limit: bitrate-range = 13000
04-24 00:12:08.088 125 125 D MediaCodecsXmlParser: parsing /vendor/etc/media_codecs_google_video.xml...
04-24 00:12:08.089 125 125 I MediaCodecsXmlParser: limit: size-range = 2x2-352x288
04-24 00:12:08.089 125 125 I MediaCodecsXmlParser: limit: alignment = 2x2
04-24 00:12:08.089 125 125 I MediaCodecsXmlParser: limit: block-size = 16x16
04-24 00:12:08.089 125 125 I MediaCodecsXmlParser: limit: blocks-per-second-range = 12-11880
04-24 00:12:08.089 125 125 I MediaCodecsXmlParser: limit: bitrate-range = 1-384000
04-24 00:12:08.089 125 125 I MediaCodecsXmlParser: limit: feature-adaptive-playback = 0
04-24 00:12:08.089 125 125 I MediaCodecsXmlParser: limit: size-range = 2x2-352x288
04-24 00:12:08.089 125 125 I MediaCodecsXmlParser: limit: alignment = 2x2
04-24 00:12:08.089 125 125 I MediaCodecsXmlParser: limit: bitrate-range = 1-384000
04-24 00:12:08.089 125 125 I MediaCodecsXmlParser: limit: feature-adaptive-playback = 0
04-24 00:12:08.089 125 125 I MediaCodecsXmlParser: limit: size-range = 2x2-4080x4080
04-24 00:12:08.089 125 125 I MediaCodecsXmlParser: limit: alignment = 2x2
04-24 00:12:08.089 125 125 I MediaCodecsXmlParser: limit: block-size = 16x16
04-24 00:12:08.089 125 125 I MediaCodecsXmlParser: limit: block-count-range = 1-32768
04-24 00:12:08.089 125 125 I MediaCodecsXmlParser: limit: blocks-per-second-range = 1-1966080
04-24 00:12:08.089 125 125 I MediaCodecsXmlParser: limit: bitrate-range = 1-48000000
04-24 00:12:08.089 125 125 I MediaCodecsXmlParser: limit: feature-adaptive-playback = 0
04-24 00:12:08.089 125 125 I MediaCodecsXmlParser: limit: size-range = 2x2-4096x4096
04-24 00:12:08.089 125 125 I MediaCodecsXmlParser: limit: alignment = 2x2
04-24 00:12:08.089 125 125 I MediaCodecsXmlParser: limit: block-size = 8x8
04-24 00:12:08.089 125 125 I MediaCodecsXmlParser: limit: block-count-range = 1-196608
04-24 00:12:08.089 125 125 I MediaCodecsXmlParser: limit: blocks-per-second-range = 1-2000000
04-24 00:12:08.089 125 125 I MediaCodecsXmlParser: limit: bitrate-range = 1-10000000
04-24 00:12:08.089 125 125 I MediaCodecsXmlParser: limit: feature-adaptive-playback = 0
04-24 00:12:08.089 125 125 I MediaCodecsXmlParser: limit: size-range = 2x2-2048x2048
04-24 00:12:08.089 125 125 I MediaCodecsXmlParser: limit: alignment = 2x2
04-24 00:12:08.089 125 125 I MediaCodecsXmlParser: limit: block-size = 16x16
04-24 00:12:08.089 125 125 I MediaCodecsXmlParser: limit: block-count-range = 1-16384
04-24 00:12:08.089 125 125 I MediaCodecsXmlParser: limit: blocks-per-second-range = 1-1000000
04-24 00:12:08.089 125 125 I MediaCodecsXmlParser: limit: bitrate-range = 1-40000000
04-24 00:12:08.089 125 125 I MediaCodecsXmlParser: limit: feature-adaptive-playback = 0
04-24 00:12:08.089 125 125 I MediaCodecsXmlParser: limit: size-range = 2x2-2048x2048
04-24 00:12:08.089 125 125 I MediaCodecsXmlParser: limit: alignment = 2x2
04-24 00:12:08.089 125 125 I MediaCodecsXmlParser: limit: block-size = 16x16
04-24 00:12:08.089 125 125 I MediaCodecsXmlParser: limit: block-count-range = 1-16384
04-24 00:12:08.089 125 125 I MediaCodecsXmlParser: limit: blocks-per-second-range = 1-500000
04-24 00:12:08.089 125 125 I MediaCodecsXmlParser: limit: bitrate-range = 1-40000000
04-24 00:12:08.089 125 125 I MediaCodecsXmlParser: limit: feature-adaptive-playback = 0
04-24 00:12:08.089 125 125 I MediaCodecsXmlParser: limit: size-range = 176x144-176x144
04-24 00:12:08.089 125 125 I MediaCodecsXmlParser: limit: alignment = 16x16
04-24 00:12:08.089 125 125 I MediaCodecsXmlParser: limit: bitrate-range = 1-128000
04-24 00:12:08.089 125 125 I MediaCodecsXmlParser: limit: size-range = 16x16-2048x2048
04-24 00:12:08.089 125 125 I MediaCodecsXmlParser: limit: alignment = 2x2
04-24 00:12:08.090 125 125 I MediaCodecsXmlParser: limit: block-size = 16x16
04-24 00:12:08.090 125 125 I MediaCodecsXmlParser: limit: block-count-range = 1-8192
04-24 00:12:08.090 125 125 I MediaCodecsXmlParser: limit: blocks-per-second-range = 1-245760
04-24 00:12:08.090 125 125 I MediaCodecsXmlParser: limit: bitrate-range = 1-12000000
04-24 00:12:08.090 125 125 I MediaCodecsXmlParser: limit: feature-intra-refresh = 0
04-24 00:12:08.090 125 125 I MediaCodecsXmlParser: limit: size-range = 16x16-176x144
04-24 00:12:08.090 125 125 I MediaCodecsXmlParser: limit: alignment = 16x16
04-24 00:12:08.090 125 125 I MediaCodecsXmlParser: limit: block-size = 16x16
04-24 00:12:08.090 125 125 I MediaCodecsXmlParser: limit: blocks-per-second-range = 12-1485
04-24 00:12:08.090 125 125 I MediaCodecsXmlParser: limit: bitrate-range = 1-64000
04-24 00:12:08.090 125 125 I MediaCodecsXmlParser: limit: size-range = 2x2-2048x2048
04-24 00:12:08.090 125 125 I MediaCodecsXmlParser: limit: alignment = 2x2
04-24 00:12:08.090 125 125 I MediaCodecsXmlParser: limit: block-size = 16x16
04-24 00:12:08.090 125 125 I MediaCodecsXmlParser: limit: block-count-range = 1-16384
04-24 00:12:08.090 125 125 I MediaCodecsXmlParser: limit: bitrate-range = 1-40000000
04-24 00:12:08.090 125 125 I MediaCodecsXmlParser: limit: feature-bitrate-modes = VBR,CBR
04-24 00:12:08.090 125 125 I MediaCodecsXmlParser: limit: size-range = 2x2-2048x2048
04-24 00:12:08.090 125 125 I MediaCodecsXmlParser: limit: alignment = 2x2
04-24 00:12:08.090 125 125 I MediaCodecsXmlParser: limit: block-size = 16x16
04-24 00:12:08.090 125 125 I MediaCodecsXmlParser: limit: block-count-range = 1-3600
04-24 00:12:08.090 125 125 I MediaCodecsXmlParser: limit: bitrate-range = 1-40000000
04-24 00:12:08.090 125 125 I MediaCodecsXmlParser: limit: feature-bitrate-modes = VBR,CBR
04-24 00:12:08.090 125 125 D MediaCodecsXmlParser: parsing /vendor/etc/media_codecs_ffmpeg.xml...
04-24 00:12:08.090 125 125 I MediaCodecsXmlParser: limit: max-channel-count = 8
04-24 00:12:08.090 125 125 I MediaCodecsXmlParser: limit: sample-rate-ranges = 8000-192000
04-24 00:12:08.090 125 125 I MediaCodecsXmlParser: limit: max-channel-count = 8
04-24 00:12:08.090 125 125 I MediaCodecsXmlParser: limit: sample-rate-ranges = 8000-192000
04-24 00:12:08.090 125 125 I MediaCodecsXmlParser: limit: max-channel-count = 8
04-24 00:12:08.090 125 125 I MediaCodecsXmlParser: limit: sample-rate-ranges = 8000-192000
04-24 00:12:08.090 125 125 I MediaCodecsXmlParser: limit: max-channel-count = 8
04-24 00:12:08.090 125 125 I MediaCodecsXmlParser: limit: sample-rate-ranges = 8000-192000
04-24 00:12:08.090 125 125 I MediaCodecsXmlParser: limit: max-channel-count = 8
04-24 00:12:08.090 125 125 I MediaCodecsXmlParser: limit: sample-rate-ranges = 8000-192000
04-24 00:12:08.090 125 125 D MediaCodecsXmlParser: ignoring Limit specified outside of a Type at line 44 of /vendor/etc/media_codecs_ffmpeg.xml
04-24 00:12:08.090 125 125 D MediaCodecsXmlParser: ignoring Limit specified outside of a Type at line 45 of /vendor/etc/media_codecs_ffmpeg.xml
04-24 00:12:08.090 125 125 I MediaCodecsXmlParser: limit: max-channel-count = 8
04-24 00:12:08.090 125 125 I MediaCodecsXmlParser: limit: sample-rate-ranges = 8000-192000
04-24 00:12:08.090 125 125 I MediaCodecsXmlParser: limit: max-channel-count = 8
04-24 00:12:08.090 125 125 I MediaCodecsXmlParser: limit: sample-rate-ranges = 8000-192000
04-24 00:12:08.090 125 125 I MediaCodecsXmlParser: limit: max-channel-count = 8
04-24 00:12:08.090 125 125 I MediaCodecsXmlParser: limit: sample-rate-ranges = 8000-192000
04-24 00:12:08.090 125 125 I MediaCodecsXmlParser: limit: max-channel-count = 8
04-24 00:12:08.090 125 125 I MediaCodecsXmlParser: limit: sample-rate-ranges = 8000-192000
04-24 00:12:08.091 125 125 I MediaCodecsXmlParser: limit: max-channel-count = 8
04-24 00:12:08.091 125 125 I MediaCodecsXmlParser: limit: sample-rate-ranges = 8000-192000
04-24 00:12:08.091 125 125 I MediaCodecsXmlParser: limit: max-channel-count = 8
04-24 00:12:08.091 125 125 I MediaCodecsXmlParser: limit: sample-rate-ranges = 8000-192000
04-24 00:12:08.091 125 125 I MediaCodecsXmlParser: limit: size-range = 2x2-2048x2048
04-24 00:12:08.091 125 125 I MediaCodecsXmlParser: limit: alignment = 2x2
04-24 00:12:08.091 125 125 I MediaCodecsXmlParser: limit: feature-adaptive-playback = 0
04-24 00:12:08.091 125 125 I MediaCodecsXmlParser: limit: size-range = 2x2-2048x2048
04-24 00:12:08.091 125 125 I MediaCodecsXmlParser: limit: alignment = 2x2
04-24 00:12:08.091 125 125 I MediaCodecsXmlParser: limit: feature-adaptive-playback = 0
04-24 00:12:08.091 125 125 I MediaCodecsXmlParser: limit: size-range = 2x2-2048x2048
04-24 00:12:08.091 125 125 I MediaCodecsXmlParser: limit: alignment = 2x2
04-24 00:12:08.091 125 125 I MediaCodecsXmlParser: limit: feature-adaptive-playback = 0
04-24 00:12:08.091 125 125 I MediaCodecsXmlParser: limit: size-range = 2x2-2048x2048
04-24 00:12:08.091 125 125 I MediaCodecsXmlParser: limit: alignment = 2x2
04-24 00:12:08.091 125 125 I MediaCodecsXmlParser: limit: feature-adaptive-playback = 0
04-24 00:12:08.091 125 125 I MediaCodecsXmlParser: limit: size-range = 2x2-2048x2048
04-24 00:12:08.091 125 125 I MediaCodecsXmlParser: limit: alignment = 2x2
04-24 00:12:08.091 125 125 I MediaCodecsXmlParser: limit: feature-adaptive-playback = 0
04-24 00:12:08.091 125 125 I MediaCodecsXmlParser: limit: size-range = 2x2-4080x4080
04-24 00:12:08.091 125 125 I MediaCodecsXmlParser: limit: alignment = 2x2
04-24 00:12:08.092 125 125 I MediaCodecsXmlParser: limit: feature-adaptive-playback = 0
04-24 00:12:08.092 125 125 I MediaCodecsXmlParser: limit: size-range = 2x2-4096x4096
04-24 00:12:08.092 125 125 I MediaCodecsXmlParser: limit: alignment = 2x2
04-24 00:12:08.092 125 125 I MediaCodecsXmlParser: limit: feature-adaptive-playback = 0
04-24 00:12:08.092 125 125 I MediaCodecsXmlParser: limit: size-range = 2x2-2048x2048
04-24 00:12:08.092 125 125 I MediaCodecsXmlParser: limit: alignment = 2x2
04-24 00:12:08.092 125 125 I MediaCodecsXmlParser: limit: feature-adaptive-playback = 0
04-24 00:12:08.092 125 125 I MediaCodecsXmlParser: limit: size-range = 2x2-2048x2048
04-24 00:12:08.092 125 125 I MediaCodecsXmlParser: limit: alignment = 2x2
04-24 00:12:08.092 125 125 I MediaCodecsXmlParser: limit: feature-adaptive-playback = 0
04-24 00:12:08.092 125 125 I MediaCodecsXmlParser: limit: size-range = 2x2-2048x2048
04-24 00:12:08.092 125 125 I MediaCodecsXmlParser: limit: alignment = 2x2
04-24 00:12:08.092 125 125 I MediaCodecsXmlParser: limit: feature-adaptive-playback = 0
04-24 00:12:08.092 125 125 I MediaCodecsXmlParser: limit: size-range = 2x2-2048x2048
04-24 00:12:08.092 125 125 I MediaCodecsXmlParser: limit: alignment = 2x2
04-24 00:12:08.092 125 125 I MediaCodecsXmlParser: limit: feature-adaptive-playback = 0
04-24 00:12:08.092 125 125 I MediaCodecsXmlParser: limit: size-range = 2x2-2048x2048
04-24 00:12:08.092 125 125 I MediaCodecsXmlParser: limit: alignment = 2x2
04-24 00:12:08.092 125 125 I MediaCodecsXmlParser: limit: feature-adaptive-playback = 0
04-24 00:12:08.092 125 125 D MediaCodecsXmlParser: parsing /vendor/etc/media_codecs_performance.xml...
04-24 00:12:08.092 125 125 I MediaCodecsXmlParser: limit: measured-frame-rate-176x144-range = 849-1008
04-24 00:12:08.092 125 125 I MediaCodecsXmlParser: limit: measured-frame-rate-320x240-range = 496-629
04-24 00:12:08.092 125 125 I MediaCodecsXmlParser: limit: measured-frame-rate-720x480-range = 197-203
04-24 00:12:08.092 125 125 I MediaCodecsXmlParser: limit: measured-frame-rate-1280x720-range = 93-97
04-24 00:12:08.093 125 125 I MediaCodecsXmlParser: limit: measured-frame-rate-1920x1080-range = 45-47
04-24 00:12:08.093 125 125 I MediaCodecsXmlParser: limit: measured-frame-rate-176x144-range = 881-1142
04-24 00:12:08.093 125 125 I MediaCodecsXmlParser: limit: measured-frame-rate-320x180-range = 249-285
04-24 00:12:08.093 125 125 I MediaCodecsXmlParser: limit: measured-frame-rate-640x360-range = 104-115
04-24 00:12:08.093 125 125 I MediaCodecsXmlParser: limit: measured-frame-rate-1280x720-range = 34-35
04-24 00:12:08.093 125 125 I MediaCodecsXmlParser: limit: measured-frame-rate-1920x1080-range = 26-29
04-24 00:12:08.093 125 125 D MediaCodecsXmlParser: MediaCodec: cannot update non-existing codec at line 78 of /vendor/etc/media_codecs_performance.xml
04-24 00:12:08.093 125 125 D MediaCodecsXmlParser: MediaCodec: cannot update non-existing codec at line 88 of /vendor/etc/media_codecs_performance.xml
04-24 00:12:08.093 125 125 D MediaCodecsXmlParser: MediaCodec: cannot update non-existing codec at line 94 of /vendor/etc/media_codecs_performance.xml
04-24 00:12:08.093 125 125 D MediaCodecsXmlParser: MediaCodec: cannot update non-existing codec at line 106 of /vendor/etc/media_codecs_performance.xml
04-24 00:12:08.093 125 125 D MediaCodecsXmlParser: MediaCodec: cannot update non-existing codec at line 110 of /vendor/etc/media_codecs_performance.xml
04-24 00:12:08.093 125 125 D MediaCodecsXmlParser: MediaCodec: cannot update non-existing codec at line 120 of /vendor/etc/media_codecs_performance.xml
04-24 00:12:08.093 125 125 I MediaCodecsXmlParser: limit: measured-frame-rate-176x144-range = 1246-1390
04-24 00:12:08.093 125 125 I MediaCodecsXmlParser: limit: measured-frame-rate-320x240-range = 299-629
04-24 00:12:08.093 125 125 I MediaCodecsXmlParser: limit: measured-frame-rate-720x480-range = 215-250
04-24 00:12:08.093 125 125 I MediaCodecsXmlParser: limit: measured-frame-rate-1280x720-range = 75-85
04-24 00:12:08.093 125 125 I MediaCodecsXmlParser: limit: measured-frame-rate-1920x1080-range = 31-34
04-24 00:12:08.093 125 125 I MediaCodecsXmlParser: limit: measured-frame-rate-352x288-range = 754-817
04-24 00:12:08.093 125 125 I MediaCodecsXmlParser: limit: measured-frame-rate-640x360-range = 323-394
04-24 00:12:08.093 125 125 I MediaCodecsXmlParser: limit: measured-frame-rate-720x480-range = 349-372
04-24 00:12:08.093 125 125 I MediaCodecsXmlParser: limit: measured-frame-rate-1280x720-range = 144-157
04-24 00:12:08.093 125 125 I MediaCodecsXmlParser: limit: measured-frame-rate-1920x1080-range = 74-85
04-24 00:12:08.093 125 125 I MediaCodecsXmlParser: limit: measured-frame-rate-176x144-range = 1439-1625
04-24 00:12:08.093 125 125 I MediaCodecsXmlParser: limit: measured-frame-rate-320x180-range = 1129-1261
04-24 00:12:08.093 125 125 I MediaCodecsXmlParser: limit: measured-frame-rate-640x360-range = 471-525
04-24 00:12:08.093 125 125 I MediaCodecsXmlParser: limit: measured-frame-rate-1280x720-range = 126-145
04-24 00:12:08.093 125 125 I MediaCodecsXmlParser: limit: measured-frame-rate-1920x1080-range = 48-51
04-24 00:12:08.093 125 125 I MediaCodecsXmlParser: limit: measured-frame-rate-320x180-range = 968-1101
04-24 00:12:08.093 125 125 I MediaCodecsXmlParser: limit: measured-frame-rate-640x360-range = 291-338
04-24 00:12:08.093 125 125 I MediaCodecsXmlParser: limit: measured-frame-rate-1280x720-range = 280-400
04-24 00:12:08.093 125 125 I MediaCodecsXmlParser: limit: measured-frame-rate-1920x1080-range = 178-240
04-24 00:12:08.093 125 125 D MediaCodecsXmlParser: Cannot find /data/misc/media/media_codecs_profiling_results.xml
04-24 00:12:08.094 125 125 I ServiceManagement: Registered android.hardware.media.omx@1.0::IOmx/default (start delay of 511ms)
04-24 00:12:08.094 125 125 I ServiceManagement: Removing namespace from process name android.hardware.media.omx@1.0-service to omx@1.0-service.
04-24 00:12:08.094 125 125 I media.codec: IOmx HAL service created.
04-24 00:12:08.095 125 125 D MediaCodecsXmlParser: parsing /vendor/etc/media_codecs.xml...
04-24 00:12:08.095 125 125 D MediaCodecsXmlParser: parsing /vendor/etc/media_codecs_google_audio.xml...
04-24 00:12:08.096 125 125 I MediaCodecsXmlParser: limit: max-channel-count = 2
04-24 00:12:08.096 125 125 I MediaCodecsXmlParser: limit: sample-rate-ranges = 8000,11025,12000,16000,22050,24000,32000,44100,48000
04-24 00:12:08.096 125 125 I MediaCodecsXmlParser: limit: bitrate-range = 8000-320000
04-24 00:12:08.096 125 125 I MediaCodecsXmlParser: limit: max-channel-count = 1
04-24 00:12:08.096 125 125 I MediaCodecsXmlParser: limit: sample-rate-ranges = 8000
04-24 00:12:08.096 125 125 I MediaCodecsXmlParser: limit: bitrate-range = 4750-12200
04-24 00:12:08.096 125 125 I MediaCodecsXmlParser: limit: max-channel-count = 1
04-24 00:12:08.096 125 125 I MediaCodecsXmlParser: limit: sample-rate-ranges = 16000
04-24 00:12:08.096 125 125 I MediaCodecsXmlParser: limit: bitrate-range = 6600-23850
04-24 00:12:08.096 125 125 I MediaCodecsXmlParser: limit: max-channel-count = 8
04-24 00:12:08.096 125 125 I MediaCodecsXmlParser: limit: sample-rate-ranges = 7350,8000,11025,12000,16000,22050,24000,32000,44100,48000
04-24 00:12:08.096 125 125 I MediaCodecsXmlParser: limit: bitrate-range = 8000-960000
04-24 00:12:08.096 125 125 I MediaCodecsXmlParser: limit: max-channel-count = 1
04-24 00:12:08.096 125 125 I MediaCodecsXmlParser: limit: sample-rate-ranges = 8000-48000
04-24 00:12:08.096 125 125 I MediaCodecsXmlParser: limit: bitrate-range = 64000
04-24 00:12:08.096 125 125 I MediaCodecsXmlParser: limit: max-channel-count = 1
04-24 00:12:08.096 125 125 I MediaCodecsXmlParser: limit: sample-rate-ranges = 8000-48000
04-24 00:12:08.096 125 125 I MediaCodecsXmlParser: limit: bitrate-range = 64000
04-24 00:12:08.096 125 125 I MediaCodecsXmlParser: limit: max-channel-count = 8
04-24 00:12:08.096 125 125 I MediaCodecsXmlParser: limit: sample-rate-ranges = 8000-96000
04-24 00:12:08.096 125 125 I MediaCodecsXmlParser: limit: bitrate-range = 32000-500000
04-24 00:12:08.096 125 125 I MediaCodecsXmlParser: limit: max-channel-count = 8
04-24 00:12:08.096 125 125 I MediaCodecsXmlParser: limit: sample-rate-ranges = 48000
04-24 00:12:08.096 125 125 I MediaCodecsXmlParser: limit: bitrate-range = 6000-510000
04-24 00:12:08.096 125 125 I MediaCodecsXmlParser: limit: max-channel-count = 8
04-24 00:12:08.096 125 125 I MediaCodecsXmlParser: limit: sample-rate-ranges = 8000-192000
04-24 00:12:08.096 125 125 I MediaCodecsXmlParser: limit: bitrate-range = 1-10000000
04-24 00:12:08.096 125 125 I MediaCodecsXmlParser: limit: max-channel-count = 8
04-24 00:12:08.096 125 125 I MediaCodecsXmlParser: limit: sample-rate-ranges = 1-655350
04-24 00:12:08.096 125 125 I MediaCodecsXmlParser: limit: bitrate-range = 1-21000000
04-24 00:12:08.096 125 125 I MediaCodecsXmlParser: limit: max-channel-count = 6
04-24 00:12:08.096 125 125 I MediaCodecsXmlParser: limit: sample-rate-ranges = 8000,11025,12000,16000,22050,24000,32000,44100,48000
04-24 00:12:08.096 125 125 I MediaCodecsXmlParser: limit: bitrate-range = 8000-960000
04-24 00:12:08.096 125 125 I MediaCodecsXmlParser: limit: max-channel-count = 1
04-24 00:12:08.096 125 125 I MediaCodecsXmlParser: limit: sample-rate-ranges = 8000
04-24 00:12:08.096 125 125 I MediaCodecsXmlParser: limit: bitrate-range = 4750-12200
04-24 00:12:08.096 125 125 I MediaCodecsXmlParser: limit: feature-bitrate-modes = CBR
04-24 00:12:08.096 125 125 I MediaCodecsXmlParser: limit: max-channel-count = 1
04-24 00:12:08.097 125 125 I MediaCodecsXmlParser: limit: sample-rate-ranges = 16000
04-24 00:12:08.097 125 125 I MediaCodecsXmlParser: limit: bitrate-range = 6600-23850
04-24 00:12:08.097 125 125 I MediaCodecsXmlParser: limit: feature-bitrate-modes = CBR
04-24 00:12:08.097 125 125 I MediaCodecsXmlParser: limit: max-channel-count = 2
04-24 00:12:08.097 125 125 I MediaCodecsXmlParser: limit: sample-rate-ranges = 1-655350
04-24 00:12:08.097 125 125 I MediaCodecsXmlParser: limit: bitrate-range = 1-21000000
04-24 00:12:08.097 125 125 I MediaCodecsXmlParser: limit: complexity-default = 5
04-24 00:12:08.097 125 125 I MediaCodecsXmlParser: limit: complexity-range = 0-8
04-24 00:12:08.097 125 125 I MediaCodecsXmlParser: limit: feature-bitrate-modes = CQ
04-24 00:12:08.097 125 125 D MediaCodecsXmlParser: parsing /vendor/etc/media_codecs_google_telephony.xml...
04-24 00:12:08.097 125 125 I MediaCodecsXmlParser: limit: max-channel-count = 1
04-24 00:12:08.097 125 125 I MediaCodecsXmlParser: limit: sample-rate-ranges = 8000
04-24 00:12:08.097 125 125 I MediaCodecsXmlParser: limit: bitrate-range = 13000
04-24 00:12:08.098 125 125 D MediaCodecsXmlParser: parsing /vendor/etc/media_codecs_google_video.xml...
04-24 00:12:08.098 125 125 I MediaCodecsXmlParser: limit: size-range = 2x2-352x288
04-24 00:12:08.098 125 125 I MediaCodecsXmlParser: limit: alignment = 2x2
04-24 00:12:08.098 125 125 I MediaCodecsXmlParser: limit: block-size = 16x16
04-24 00:12:08.098 125 125 I MediaCodecsXmlParser: limit: blocks-per-second-range = 12-11880
04-24 00:12:08.098 125 125 I MediaCodecsXmlParser: limit: bitrate-range = 1-384000
04-24 00:12:08.098 125 125 I MediaCodecsXmlParser: limit: feature-adaptive-playback = 0
04-24 00:12:08.098 125 125 I MediaCodecsXmlParser: limit: size-range = 2x2-352x288
04-24 00:12:08.098 125 125 I MediaCodecsXmlParser: limit: alignment = 2x2
04-24 00:12:08.098 125 125 I MediaCodecsXmlParser: limit: bitrate-range = 1-384000
04-24 00:12:08.098 125 125 I MediaCodecsXmlParser: limit: feature-adaptive-playback = 0
04-24 00:12:08.098 125 125 I MediaCodecsXmlParser: limit: size-range = 2x2-4080x4080
04-24 00:12:08.098 125 125 I MediaCodecsXmlParser: limit: alignment = 2x2
04-24 00:12:08.098 125 125 I MediaCodecsXmlParser: limit: block-size = 16x16
04-24 00:12:08.098 125 125 I MediaCodecsXmlParser: limit: block-count-range = 1-32768
04-24 00:12:08.098 125 125 I MediaCodecsXmlParser: limit: blocks-per-second-range = 1-1966080
04-24 00:12:08.098 125 125 I MediaCodecsXmlParser: limit: bitrate-range = 1-48000000
04-24 00:12:08.098 125 125 I MediaCodecsXmlParser: limit: feature-adaptive-playback = 0
04-24 00:12:08.098 125 125 I MediaCodecsXmlParser: limit: size-range = 2x2-4096x4096
04-24 00:12:08.098 125 125 I MediaCodecsXmlParser: limit: alignment = 2x2
04-24 00:12:08.098 125 125 I MediaCodecsXmlParser: limit: block-size = 8x8
04-24 00:12:08.098 125 125 I MediaCodecsXmlParser: limit: block-count-range = 1-196608
04-24 00:12:08.098 125 125 I MediaCodecsXmlParser: limit: blocks-per-second-range = 1-2000000
04-24 00:12:08.098 125 125 I MediaCodecsXmlParser: limit: bitrate-range = 1-10000000
04-24 00:12:08.098 125 125 I MediaCodecsXmlParser: limit: feature-adaptive-playback = 0
04-24 00:12:08.098 125 125 I MediaCodecsXmlParser: limit: size-range = 2x2-2048x2048
04-24 00:12:08.098 125 125 I MediaCodecsXmlParser: limit: alignment = 2x2
04-24 00:12:08.098 125 125 I MediaCodecsXmlParser: limit: block-size = 16x16
04-24 00:12:08.098 125 125 I MediaCodecsXmlParser: limit: block-count-range = 1-16384
04-24 00:12:08.098 125 125 I MediaCodecsXmlParser: limit: blocks-per-second-range = 1-1000000
04-24 00:12:08.098 125 125 I MediaCodecsXmlParser: limit: bitrate-range = 1-40000000
04-24 00:12:08.098 125 125 I MediaCodecsXmlParser: limit: feature-adaptive-playback = 0
04-24 00:12:08.098 125 125 I MediaCodecsXmlParser: limit: size-range = 2x2-2048x2048
04-24 00:12:08.098 125 125 I MediaCodecsXmlParser: limit: alignment = 2x2
04-24 00:12:08.098 125 125 I MediaCodecsXmlParser: limit: block-size = 16x16
04-24 00:12:08.098 125 125 I MediaCodecsXmlParser: limit: block-count-range = 1-16384
04-24 00:12:08.098 125 125 I MediaCodecsXmlParser: limit: blocks-per-second-range = 1-500000
04-24 00:12:08.098 125 125 I MediaCodecsXmlParser: limit: bitrate-range = 1-40000000
04-24 00:12:08.098 125 125 I MediaCodecsXmlParser: limit: feature-adaptive-playback = 0
04-24 00:12:08.098 125 125 I MediaCodecsXmlParser: limit: size-range = 176x144-176x144
04-24 00:12:08.098 125 125 I MediaCodecsXmlParser: limit: alignment = 16x16
04-24 00:12:08.098 125 125 I MediaCodecsXmlParser: limit: bitrate-range = 1-128000
04-24 00:12:08.098 125 125 I MediaCodecsXmlParser: limit: size-range = 16x16-2048x2048
04-24 00:12:08.098 125 125 I MediaCodecsXmlParser: limit: alignment = 2x2
04-24 00:12:08.098 125 125 I MediaCodecsXmlParser: limit: block-size = 16x16
04-24 00:12:08.098 125 125 I MediaCodecsXmlParser: limit: block-count-range = 1-8192
04-24 00:12:08.098 125 125 I MediaCodecsXmlParser: limit: blocks-per-second-range = 1-245760
04-24 00:12:08.098 125 125 I MediaCodecsXmlParser: limit: bitrate-range = 1-12000000
04-24 00:12:08.098 125 125 I MediaCodecsXmlParser: limit: feature-intra-refresh = 0
04-24 00:12:08.098 125 125 I MediaCodecsXmlParser: limit: size-range = 16x16-176x144
04-24 00:12:08.098 125 125 I MediaCodecsXmlParser: limit: alignment = 16x16
04-24 00:12:08.098 125 125 I MediaCodecsXmlParser: limit: block-size = 16x16
04-24 00:12:08.098 125 125 I MediaCodecsXmlParser: limit: blocks-per-second-range = 12-1485
04-24 00:12:08.098 125 125 I MediaCodecsXmlParser: limit: bitrate-range = 1-64000
04-24 00:12:08.098 125 125 I MediaCodecsXmlParser: limit: size-range = 2x2-2048x2048
04-24 00:12:08.098 125 125 I MediaCodecsXmlParser: limit: alignment = 2x2
04-24 00:12:08.098 125 125 I MediaCodecsXmlParser: limit: block-size = 16x16
04-24 00:12:08.098 125 125 I MediaCodecsXmlParser: limit: block-count-range = 1-16384
04-24 00:12:08.098 125 125 I MediaCodecsXmlParser: limit: bitrate-range = 1-40000000
04-24 00:12:08.098 125 125 I MediaCodecsXmlParser: limit: feature-bitrate-modes = VBR,CBR
04-24 00:12:08.098 125 125 I MediaCodecsXmlParser: limit: size-range = 2x2-2048x2048
04-24 00:12:08.098 125 125 I MediaCodecsXmlParser: limit: alignment = 2x2
04-24 00:12:08.098 125 125 I MediaCodecsXmlParser: limit: block-size = 16x16
04-24 00:12:08.098 125 125 I MediaCodecsXmlParser: limit: block-count-range = 1-3600
04-24 00:12:08.098 125 125 I MediaCodecsXmlParser: limit: bitrate-range = 1-40000000
04-24 00:12:08.098 125 125 I MediaCodecsXmlParser: limit: feature-bitrate-modes = VBR,CBR
04-24 00:12:08.098 125 125 D MediaCodecsXmlParser: parsing /vendor/etc/media_codecs_ffmpeg.xml...
04-24 00:12:08.099 125 125 I MediaCodecsXmlParser: limit: max-channel-count = 8
04-24 00:12:08.099 125 125 I MediaCodecsXmlParser: limit: sample-rate-ranges = 8000-192000
04-24 00:12:08.099 125 125 I MediaCodecsXmlParser: limit: max-channel-count = 8
04-24 00:12:08.099 125 125 I MediaCodecsXmlParser: limit: sample-rate-ranges = 8000-192000
04-24 00:12:08.099 125 125 I MediaCodecsXmlParser: limit: max-channel-count = 8
04-24 00:12:08.099 125 125 I MediaCodecsXmlParser: limit: sample-rate-ranges = 8000-192000
04-24 00:12:08.099 125 125 I MediaCodecsXmlParser: limit: max-channel-count = 8
04-24 00:12:08.099 125 125 I MediaCodecsXmlParser: limit: sample-rate-ranges = 8000-192000
04-24 00:12:08.099 125 125 I MediaCodecsXmlParser: limit: max-channel-count = 8
04-24 00:12:08.099 125 125 I MediaCodecsXmlParser: limit: sample-rate-ranges = 8000-192000
04-24 00:12:08.099 125 125 D MediaCodecsXmlParser: ignoring Limit specified outside of a Type at line 44 of /vendor/etc/media_codecs_ffmpeg.xml
04-24 00:12:08.099 125 125 D MediaCodecsXmlParser: ignoring Limit specified outside of a Type at line 45 of /vendor/etc/media_codecs_ffmpeg.xml
04-24 00:12:08.099 125 125 I MediaCodecsXmlParser: limit: max-channel-count = 8
04-24 00:12:08.099 125 125 I MediaCodecsXmlParser: limit: sample-rate-ranges = 8000-192000
04-24 00:12:08.099 125 125 I MediaCodecsXmlParser: limit: max-channel-count = 8
04-24 00:12:08.099 125 125 I MediaCodecsXmlParser: limit: sample-rate-ranges = 8000-192000
04-24 00:12:08.099 125 125 I MediaCodecsXmlParser: limit: max-channel-count = 8
04-24 00:12:08.099 125 125 I MediaCodecsXmlParser: limit: sample-rate-ranges = 8000-192000
04-24 00:12:08.099 125 125 I MediaCodecsXmlParser: limit: max-channel-count = 8
04-24 00:12:08.099 125 125 I MediaCodecsXmlParser: limit: sample-rate-ranges = 8000-192000
04-24 00:12:08.099 125 125 I MediaCodecsXmlParser: limit: max-channel-count = 8
04-24 00:12:08.099 125 125 I MediaCodecsXmlParser: limit: sample-rate-ranges = 8000-192000
04-24 00:12:08.099 125 125 I MediaCodecsXmlParser: limit: max-channel-count = 8
04-24 00:12:08.099 125 125 I MediaCodecsXmlParser: limit: sample-rate-ranges = 8000-192000
04-24 00:12:08.099 125 125 I MediaCodecsXmlParser: limit: size-range = 2x2-2048x2048
04-24 00:12:08.099 125 125 I MediaCodecsXmlParser: limit: alignment = 2x2
04-24 00:12:08.099 125 125 I MediaCodecsXmlParser: limit: feature-adaptive-playback = 0
04-24 00:12:08.099 125 125 I MediaCodecsXmlParser: limit: size-range = 2x2-2048x2048
04-24 00:12:08.099 125 125 I MediaCodecsXmlParser: limit: alignment = 2x2
04-24 00:12:08.099 125 125 I MediaCodecsXmlParser: limit: feature-adaptive-playback = 0
04-24 00:12:08.099 125 125 I MediaCodecsXmlParser: limit: size-range = 2x2-2048x2048
04-24 00:12:08.099 125 125 I MediaCodecsXmlParser: limit: alignment = 2x2
04-24 00:12:08.099 125 125 I MediaCodecsXmlParser: limit: feature-adaptive-playback = 0
04-24 00:12:08.099 125 125 I MediaCodecsXmlParser: limit: size-range = 2x2-2048x2048
04-24 00:12:08.099 125 125 I MediaCodecsXmlParser: limit: alignment = 2x2
04-24 00:12:08.099 125 125 I MediaCodecsXmlParser: limit: feature-adaptive-playback = 0
04-24 00:12:08.099 125 125 I MediaCodecsXmlParser: limit: size-range = 2x2-2048x2048
04-24 00:12:08.099 125 125 I MediaCodecsXmlParser: limit: alignment = 2x2
04-24 00:12:08.099 125 125 I MediaCodecsXmlParser: limit: feature-adaptive-playback = 0
04-24 00:12:08.099 125 125 I MediaCodecsXmlParser: limit: size-range = 2x2-4080x4080
04-24 00:12:08.099 125 125 I MediaCodecsXmlParser: limit: alignment = 2x2
04-24 00:12:08.099 125 125 I MediaCodecsXmlParser: limit: feature-adaptive-playback = 0
04-24 00:12:08.099 125 125 I MediaCodecsXmlParser: limit: size-range = 2x2-4096x4096
04-24 00:12:08.099 125 125 I MediaCodecsXmlParser: limit: alignment = 2x2
04-24 00:12:08.099 125 125 I MediaCodecsXmlParser: limit: feature-adaptive-playback = 0
04-24 00:12:08.099 125 125 I MediaCodecsXmlParser: limit: size-range = 2x2-2048x2048
04-24 00:12:08.099 125 125 I MediaCodecsXmlParser: limit: alignment = 2x2
04-24 00:12:08.099 125 125 I MediaCodecsXmlParser: limit: feature-adaptive-playback = 0
04-24 00:12:08.099 125 125 I MediaCodecsXmlParser: limit: size-range = 2x2-2048x2048
04-24 00:12:08.099 125 125 I MediaCodecsXmlParser: limit: alignment = 2x2
04-24 00:12:08.099 125 125 I MediaCodecsXmlParser: limit: feature-adaptive-playback = 0
04-24 00:12:08.099 125 125 I MediaCodecsXmlParser: limit: size-range = 2x2-2048x2048
04-24 00:12:08.099 125 125 I MediaCodecsXmlParser: limit: alignment = 2x2
04-24 00:12:08.099 125 125 I MediaCodecsXmlParser: limit: feature-adaptive-playback = 0
04-24 00:12:08.099 125 125 I MediaCodecsXmlParser: limit: size-range = 2x2-2048x2048
04-24 00:12:08.099 125 125 I MediaCodecsXmlParser: limit: alignment = 2x2
04-24 00:12:08.099 125 125 I MediaCodecsXmlParser: limit: feature-adaptive-playback = 0
04-24 00:12:08.099 125 125 I MediaCodecsXmlParser: limit: size-range = 2x2-2048x2048
04-24 00:12:08.099 125 125 I MediaCodecsXmlParser: limit: alignment = 2x2
04-24 00:12:08.099 125 125 I MediaCodecsXmlParser: limit: feature-adaptive-playback = 0
04-24 00:12:08.100 125 125 D MediaCodecsXmlParser: parsing /vendor/etc/media_codecs_performance.xml...
04-24 00:12:08.100 125 125 I MediaCodecsXmlParser: limit: measured-frame-rate-176x144-range = 849-1008
04-24 00:12:08.100 125 125 I MediaCodecsXmlParser: limit: measured-frame-rate-320x240-range = 496-629
04-24 00:12:08.100 125 125 I MediaCodecsXmlParser: limit: measured-frame-rate-720x480-range = 197-203
04-24 00:12:08.100 125 125 I MediaCodecsXmlParser: limit: measured-frame-rate-1280x720-range = 93-97
04-24 00:12:08.100 125 125 I MediaCodecsXmlParser: limit: measured-frame-rate-1920x1080-range = 45-47
04-24 00:12:08.100 125 125 I MediaCodecsXmlParser: limit: measured-frame-rate-176x144-range = 881-1142
04-24 00:12:08.100 125 125 I MediaCodecsXmlParser: limit: measured-frame-rate-320x180-range = 249-285
04-24 00:12:08.100 125 125 I MediaCodecsXmlParser: limit: measured-frame-rate-640x360-range = 104-115
04-24 00:12:08.100 125 125 I MediaCodecsXmlParser: limit: measured-frame-rate-1280x720-range = 34-35
04-24 00:12:08.100 125 125 I MediaCodecsXmlParser: limit: measured-frame-rate-1920x1080-range = 26-29
04-24 00:12:08.100 125 125 D MediaCodecsXmlParser: MediaCodec: cannot update non-existing codec at line 78 of /vendor/etc/media_codecs_performance.xml
04-24 00:12:08.100 125 125 D MediaCodecsXmlParser: MediaCodec: cannot update non-existing codec at line 88 of /vendor/etc/media_codecs_performance.xml
04-24 00:12:08.100 125 125 D MediaCodecsXmlParser: MediaCodec: cannot update non-existing codec at line 94 of /vendor/etc/media_codecs_performance.xml
04-24 00:12:08.100 125 125 D MediaCodecsXmlParser: MediaCodec: cannot update non-existing codec at line 106 of /vendor/etc/media_codecs_performance.xml
04-24 00:12:08.100 125 125 D MediaCodecsXmlParser: MediaCodec: cannot update non-existing codec at line 110 of /vendor/etc/media_codecs_performance.xml
04-24 00:12:08.100 125 125 D MediaCodecsXmlParser: MediaCodec: cannot update non-existing codec at line 120 of /vendor/etc/media_codecs_performance.xml
04-24 00:12:08.100 125 125 I MediaCodecsXmlParser: limit: measured-frame-rate-176x144-range = 1246-1390
04-24 00:12:08.100 125 125 I MediaCodecsXmlParser: limit: measured-frame-rate-320x240-range = 299-629
04-24 00:12:08.100 125 125 I MediaCodecsXmlParser: limit: measured-frame-rate-720x480-range = 215-250
04-24 00:12:08.100 125 125 I MediaCodecsXmlParser: limit: measured-frame-rate-1280x720-range = 75-85
04-24 00:12:08.100 125 125 I MediaCodecsXmlParser: limit: measured-frame-rate-1920x1080-range = 31-34
04-24 00:12:08.100 125 125 I MediaCodecsXmlParser: limit: measured-frame-rate-352x288-range = 754-817
04-24 00:12:08.100 125 125 I MediaCodecsXmlParser: limit: measured-frame-rate-640x360-range = 323-394
04-24 00:12:08.100 125 125 I MediaCodecsXmlParser: limit: measured-frame-rate-720x480-range = 349-372
04-24 00:12:08.100 125 125 I MediaCodecsXmlParser: limit: measured-frame-rate-1280x720-range = 144-157
04-24 00:12:08.100 125 125 I MediaCodecsXmlParser: limit: measured-frame-rate-1920x1080-range = 74-85
04-24 00:12:08.100 125 125 I MediaCodecsXmlParser: limit: measured-frame-rate-176x144-range = 1439-1625
04-24 00:12:08.100 125 125 I MediaCodecsXmlParser: limit: measured-frame-rate-320x180-range = 1129-1261
04-24 00:12:08.100 125 125 I MediaCodecsXmlParser: limit: measured-frame-rate-640x360-range = 471-525
04-24 00:12:08.100 125 125 I MediaCodecsXmlParser: limit: measured-frame-rate-1280x720-range = 126-145
04-24 00:12:08.100 125 125 I MediaCodecsXmlParser: limit: measured-frame-rate-1920x1080-range = 48-51
04-24 00:12:08.100 125 125 I MediaCodecsXmlParser: limit: measured-frame-rate-320x180-range = 968-1101
04-24 00:12:08.100 125 125 I MediaCodecsXmlParser: limit: measured-frame-rate-640x360-range = 291-338
04-24 00:12:08.100 125 125 I MediaCodecsXmlParser: limit: measured-frame-rate-1280x720-range = 280-400
04-24 00:12:08.100 125 125 I MediaCodecsXmlParser: limit: measured-frame-rate-1920x1080-range = 178-240
04-24 00:12:08.100 125 125 D MediaCodecsXmlParser: Cannot find /data/misc/media/media_codecs_profiling_results.xml
04-24 00:12:08.100 125 125 E MediaCodecsXmlParser: Cannot find the role for a decoder of type audio/alac
04-24 00:12:08.100 125 125 E MediaCodecsXmlParser: Cannot find the role for a decoder of type audio/vnd.dts
04-24 00:12:08.109 125 125 I ServiceManagement: Registered android.hardware.media.omx@1.0::IOmxStore/default (start delay of 526ms)
04-24 00:12:08.109 125 125 I ServiceManagement: Removing namespace from process name android.hardware.media.omx@1.0-service to omx@1.0-service.
04-24 00:12:08.133 11 11 I hwservicemanager: getTransport: Cannot find entry android.hardware.usb.gadget@1.0::IUsbGadget/default in either framework or device manifest.
04-24 00:12:08.134 96 96 I SurfaceFlinger: Using HWComposer service: 'default'
04-24 00:12:08.134 96 96 I SurfaceFlinger: SurfaceFlinger is starting
04-24 00:12:08.136 133 133 I usbd : Usb HAL not found
04-24 00:12:08.137 96 96 I SurfaceFlinger: Disabling backpressure propagation
04-24 00:12:08.137 96 96 I SurfaceFlinger: Treble testing override: 'false'
04-24 00:12:08.138 96 96 I SurfaceFlinger: SurfaceFlinger's main thread ready to run. Initializing graphics H/W...
04-24 00:12:08.138 96 96 I SurfaceFlinger: Phase offset NS: 2000000
