04-24 00:12:08.138 96 96 D RenderEngine: RenderEngine GLES Backend
04-24 00:12:08.141 96 96 D libEGL : loaded /vendor/lib64/egl/libGLES_mesa.so
04-24 00:12:08.164 113 113 I keystore: found android.hardware.keymaster@4.0::IKeymasterDevice with interface name default and seclevel SOFTWARE
04-24 00:12:08.165 11 11 I hwservicemanager: getTransport: Cannot find entry android.hardware.keymaster@3.0::IKeymasterDevice/default in either framework or device manifest.
04-24 00:12:08.165 113 113 W keystore: No secure Keymaster implementation found, but device offers insecure Keymaster HAL. Using as default.
04-24 00:12:08.168 113 113 I ServiceManagement: Registered android.system.wifi.keystore@1.0::IKeystore/default (start delay of 815ms)
04-24 00:12:08.173 119 119 I ServiceManagement: Registered android.frameworks.stats@1.0::IStats/default (start delay of 720ms)
04-24 00:12:08.173 119 119 W statsd : statscompanion service unavailable!
04-24 00:12:08.173 119 119 I statsd : Statsd starts to listen to socket.
04-24 00:12:08.286 93 93 I FastMixerState: sMaxFastTracks = 8
04-24 00:12:08.293 93 93 V MediaUtils: physMem: 4038782976
04-24 00:12:08.293 93 93 V MediaUtils: requested limit: 536870912
04-24 00:12:08.293 93 93 I libc : malloc_limit: Allocation limit enabled, max size 536870912 bytes
04-24 00:12:08.294 93 93 I audioserver: ServiceManager: 0x7fe777e1edc0
04-24 00:12:08.294 93 93 W BatteryNotifier: batterystats service unavailable!
04-24 00:12:08.295 11 11 I hwservicemanager: getTransport: Cannot find entry android.hardware.audio@5.0::IDevicesFactory/default in either framework or device manifest.
04-24 00:12:08.296 131 131 I gatekeeperd: Starting gatekeeperd...
04-24 00:12:08.298 11 11 I hwservicemanager: getTransport: Cannot find entry android.hardware.audio@4.0::IDevicesFactory/msd in either framework or device manifest.
04-24 00:12:08.299 11 11 I hwservicemanager: getTransport: Cannot find entry android.hardware.audio.effect@5.0::IEffectsFactory/default in either framework or device manifest.
04-24 00:12:08.300 93 93 I AudioFlinger: Using default 3000 mSec as standby time.
04-24 00:12:08.303 93 93 E APM::Serializer: deserialize: Could not parse /odm/etc/audio_policy_configuration.xml document.
04-24 00:12:08.303 93 93 E APM::Serializer: deserialize: Could not parse /vendor/etc/audio/audio_policy_configuration.xml document.
04-24 00:12:08.307 93 93 E APM::AudioPolicyEngine/Config: parse: Could not parse document /vendor/etc/audio_policy_engine_configuration.xml
04-24 00:12:08.308 93 93 W APM::AudioPolicyEngine/Base: loadAudioPolicyEngineConfig: No configuration found, using default matching phone experience.
04-24 00:12:08.308 93 93 E APM::AudioPolicyEngine/Config: parseLegacyVolumeFile: Could not parse document /odm/etc/audio_policy_configuration.xml
04-24 00:12:08.314 54 57 D vndksupport: Loading /vendor/lib/hw/audio.primary.waydroid.so from current namespace instead of sphal namespace.
04-24 00:12:08.316 54 57 W DeviceHAL: Error from HAL Device in function get_master_volume: Function not implemented
04-24 00:12:08.316 54 57 W DeviceHAL: Error from HAL Device in function get_master_mute: Function not implemented
04-24 00:12:08.316 54 57 W DeviceHAL: Error from HAL Device in function set_master_volume: Function not implemented
04-24 00:12:08.316 54 57 W DeviceHAL: Error from HAL Device in function set_master_mute: Function not implemented
04-24 00:12:08.316 93 93 I AudioFlinger: loadHwModule() Loaded primary audio interface, handle 10
04-24 00:12:08.316 93 93 I AudioFlinger: openOutput() this 0x7fe777e29c00, module 10 Device 0x2, SamplingRate 48000, Format 0x000001, Channels 0x3, flags 0x2
04-24 00:12:08.316 54 57 I audio_hw_primary: adev_open_output_stream selects channels=2 rate=48000 format=2
04-24 00:12:08.317 93 93 I AudioFlinger: HAL output buffer size 2048 frames, normal sink buffer size 2048 frames
04-24 00:12:08.318 11 11 I hwservicemanager: getTransport: Cannot find entry android.hardware.audio.effect@5.0::IEffectsFactory/default in either framework or device manifest.
04-24 00:12:08.326 93 93 I BufferProvider: found effect "Multichannel Downmix To Stereo" from The Android Open Source Project
04-24 00:12:08.326 93 193 I AudioFlinger: AudioFlinger's thread 0x7fe777ea7d40 tid=193 ready to run
04-24 00:12:08.327 93 193 W AudioFlinger: no wake lock to update, system not ready yet
04-24 00:12:08.327 93 93 I AudioFlinger: Using module 10 as the primary audio interface
04-24 00:12:08.329 93 193 W AudioFlinger: no wake lock to update, system not ready yet
04-24 00:12:08.329 93 93 V APM_AudioPolicyManager: checkAndSetVolume cannot set volume group 3 volume with force use = 0 for comm
04-24 00:12:08.336 54 194 W DeviceHAL: Error from HAL Device in function set_voice_volume: Function not implemented
04-24 00:12:08.336 93 93 W AudioFlinger: moveEffects() bad srcOutput 0
04-24 00:12:08.337 93 93 V APM_AudioPolicyManager: selectOutputForMusicEffects selected output 13
04-24 00:12:08.337 93 93 V APM_AudioPolicyManager: setOutputDevices device {type:0x2,@:} delayMs 0
04-24 00:12:08.337 93 93 V APM_AudioPolicyManager: setOutputDevices() prevDevice {type:0x2,@:}
04-24 00:12:08.337 93 93 V APM_AudioPolicyManager: setOutputDevices changing device to {type:0x2,@:}
04-24 00:12:08.346 105 105 E crash_dump64: unable to connect to activity manager: No such file or directory
04-24 00:12:08.359 135 135 W system_server: Verification of void com.android.server.SystemServer.startBootstrapServices() took 166.625ms
04-24 00:12:08.423 93 93 V APM_AudioPolicyManager: setOutputDevices() AF::createAudioPatch returned -61 patchHandle 0 num_sources 1 num_sinks 1
04-24 00:12:08.423 93 93 V APM_AudioPolicyManager: checkAndSetVolume cannot set volume group 3 volume with force use = 0 for comm
04-24 00:12:08.424 54 194 I audio_hw_primary: adev_open_input_stream selects channels=2 rate=16000 format=10
04-24 00:12:08.424 54 194 I audio_hw_primary: adev_open_input_stream selects channels=2 rate=16000 format=10
04-24 00:12:08.428 59 59 I CamPrvdr@2.4-legacy: Loaded "V4L2 Camera HAL v3" camera module
04-24 00:12:08.428 59 59 E CamPrvdr@2.4-legacy: setUpVendorTags: Vendor tag operations not fully defined. Ignoring definitions.
04-24 00:12:08.428 59 59 E CamPrvdr@2.4-legacy: initialize: Vendor tag setup failed, will not be available.
04-24 00:12:08.432 59 59 I ServiceManagement: Registered android.hardware.camera.provider@2.4::ICameraProvider/legacy/0 (start delay of 1659ms)
04-24 00:12:08.434 96 96 I RenderEngine: OpenGL ES informations: format=0x1
04-24 00:12:08.434 96 96 I RenderEngine: vendor : Mesa/X.org
04-24 00:12:08.434 96 96 I RenderEngine: renderer : llvmpipe (LLVM 9.0, 256 bits)
04-24 00:12:08.434 96 96 I RenderEngine: version : OpenGL ES 3.2 Mesa 21.1.2 (git-32413ab0bf)
04-24 00:12:08.434 96 96 I RenderEngine: extensions: GL_EXT_debug_marker GL_EXT_blend_minmax GL_EXT_multi_draw_arrays GL_EXT_texture_compression_s3tc GL_EXT_texture_compression_dxt1 GL_EXT_texture_compression_rgtc GL_EXT_texture_format_BGRA8888 GL_OES_compressed_ETC1_RGB8_texture GL_OES_depth24 GL_OES_element_index_uint GL_OES_fbo_render_mipmap GL_OES_mapbuffer GL_OES_rgb8_rgba8 GL_OES_standard_derivatives GL_OES_stencil8 GL_OES_texture_3D GL_OES_texture_float GL_OES_texture_float_linear GL_OES_texture_half_float GL_OES_texture_half_float_linear GL_OES_texture_npot GL_OES_vertex_half_float GL_EXT_draw_instanced GL_EXT_texture_sRGB_decode GL_OES_EGL_image GL_OES_depth_texture GL_OES_packed_depth_stencil GL_EXT_texture_type_2_10_10_10_REV GL_NV_conditional_render GL_OES_get_program_binary GL_APPLE_texture_max_level GL_EXT_discard_framebuffer GL_EXT_read_format_bgra GL_EXT_frag_depth GL_NV_fbo_color_attachments GL_OES_EGL_image_external GL_OES_EGL_sync GL_OES_vertex_array_object GL_OES_viewport_array GL_ANGLE_pack_reverse_row_order GL_ANGLE_texture_co
04-24 00:12:08.434 96 96 I RenderEngine: GL_MAX_TEXTURE_SIZE = 16384
04-24 00:12:08.434 96 96 I RenderEngine: GL_MAX_VIEWPORT_DIMS = 16384
04-24 00:12:08.437 96 96 I ServiceManagement: getService: Trying again for android.hardware.graphics.composer@2.1::IComposer/default...
04-24 00:12:08.438 59 59 I ServiceManagement: Removing namespace from process name android.hardware.camera.provider@2.4-service to provider@2.4-service.
04-24 00:12:08.438 59 59 I android.hardware.camera.provider@2.4-service: Registration complete for android.hardware.camera.provider@2.4::ICameraProvider/legacy/0.
04-24 00:12:08.448 106 106 I cameraserver: ServiceManager: 0xf7900b80
04-24 00:12:08.448 106 106 I CameraService: CameraService started (pid=106)
04-24 00:12:08.448 106 106 I CameraService: CameraService process starting
04-24 00:12:08.449 106 106 W BatteryNotifier: batterystats service unavailable!
04-24 00:12:08.449 106 106 W BatteryNotifier: batterystats service unavailable!
04-24 00:12:08.456 106 106 I CameraProviderManager: Connecting to new camera provider: legacy/0, isRemote? 1
04-24 00:12:08.456 93 203 I AudioFlinger: AudioFlinger's thread 0x7fe777f0fc00 tid=203 ready to run
04-24 00:12:08.456 93 203 W AudioFlinger: no wake lock to update, system not ready yet
04-24 00:12:08.457 93 203 W AudioFlinger: no wake lock to update, system not ready yet
04-24 00:12:08.461 93 93 I bt_a2dp_hw: adev_open: adev_open in A2dp_hw module
04-24 00:12:08.461 93 93 I AudioFlinger: loadHwModule() Loaded a2dp audio interface, handle 18
04-24 00:12:08.461 93 93 E APM_AudioPolicyManager: initialize: Input device list is empty!
04-24 00:12:08.462 54 194 D vndksupport: Loading /vendor/lib/hw/audio.usb.default.so from current namespace instead of sphal namespace.
04-24 00:12:08.463 54 194 W DeviceHAL: Error from HAL Device in function set_master_volume: Function not implemented
04-24 00:12:08.464 93 93 I AudioFlinger: loadHwModule() Loaded usb audio interface, handle 26
04-24 00:12:08.464 93 93 E APM_AudioPolicyManager: initialize: Input device list is empty!
04-24 00:12:08.464 106 106 I CameraProviderManager: Camera provider legacy/0 ready with 0 camera devices
04-24 00:12:08.465 106 212 W CameraProviderManager: addProviderLocked: Camera provider HAL with name 'legacy/0' already registered
04-24 00:12:08.465 106 106 I : Waiting for activity service
04-24 00:12:08.465 54 194 D vndksupport: Loading /vendor/lib/hw/audio.r_submix.default.so from current namespace instead of sphal namespace.
04-24 00:12:08.466 54 194 I r_submix: adev_open(name=audio_hw_if)
04-24 00:12:08.466 54 194 I r_submix: adev_init_check()
04-24 00:12:08.466 54 194 W DeviceHAL: Error from HAL Device in function set_master_volume: Function not implemented
04-24 00:12:08.466 54 194 W DeviceHAL: Error from HAL Device in function set_master_mute: Function not implemented
04-24 00:12:08.466 93 93 I AudioFlinger: loadHwModule() Loaded r_submix audio interface, handle 34
04-24 00:12:08.466 54 194 D r_submix: adev_open_input_stream(addr=0)
04-24 00:12:08.466 54 194 D r_submix: submix_audio_device_create_pipe_l(addr=0, idx=9)
04-24 00:12:08.466 54 194 D r_submix: now using address 0 for route 9
04-24 00:12:08.472 93 215 I AudioFlinger: AudioFlinger's thread 0x7fe777f80480 tid=215 ready to run
04-24 00:12:08.472 54 194 I r_submix: in_standby()
04-24 00:12:08.472 93 215 W AudioFlinger: no wake lock to update, system not ready yet
04-24 00:12:08.472 54 194 I r_submix: in_standby()
04-24 00:12:08.472 93 215 W AudioFlinger: no wake lock to update, system not ready yet
04-24 00:12:08.472 54 194 D r_submix: adev_close_input_stream()
04-24 00:12:08.472 54 194 D r_submix: submix_audio_device_release_pipe_l(idx=9) addr=0
04-24 00:12:08.472 54 194 D r_submix: submix_audio_device_destroy_pipe_l(): pipe destroyed
04-24 00:12:08.474 93 93 I : Waiting for activity service
04-24 00:12:08.512 130 130 I /apex/com.android.media.swcodec/bin/mediaswcodec: media swcodec service starting
04-24 00:12:08.512 130 130 W /apex/com.android.media.swcodec/bin/mediaswcodec: Could not read additional policy file '/vendor/etc/seccomp_policy/mediaswcodec.policy'
04-24 00:12:08.512 130 130 W /apex/com.android.media.swcodec/bin/mediaswcodec: libminijail[130]: failed to get path of fd 4: No such file or directory
04-24 00:12:08.512 130 130 W /apex/com.android.media.swcodec/bin/mediaswcodec: libminijail[130]: allowing syscall: socket
04-24 00:12:08.512 130 130 W /apex/com.android.media.swcodec/bin/mediaswcodec: libminijail[130]: allowing syscall: connect
04-24 00:12:08.512 130 130 W /apex/com.android.media.swcodec/bin/mediaswcodec: libminijail[130]: allowing syscall: fcntl
04-24 00:12:08.512 130 130 W /apex/com.android.media.swcodec/bin/mediaswcodec: libminijail[130]: allowing syscall: writev
04-24 00:12:08.512 130 130 W /apex/com.android.media.swcodec/bin/mediaswcodec: libminijail[130]: compile_file: (20): nonexistent syscall 'getuid32'
04-24 00:12:08.512 130 130 W /apex/com.android.media.swcodec/bin/mediaswcodec: libminijail[130]: compile_file: (26): nonexistent syscall 'mmap2'
04-24 00:12:08.512 130 130 W /apex/com.android.media.swcodec/bin/mediaswcodec: libminijail[130]: compile_file: (28): nonexistent syscall 'fstat64'
04-24 00:12:08.512 130 130 W /apex/com.android.media.swcodec/bin/mediaswcodec: libminijail[130]: compile_file: (30): nonexistent syscall 'stat64'
04-24 00:12:08.512 130 130 W /apex/com.android.media.swcodec/bin/mediaswcodec: libminijail[130]: compile_file: (31): nonexistent syscall 'statfs64'
04-24 00:12:08.513 130 130 W /apex/com.android.media.swcodec/bin/mediaswcodec: libminijail[130]: compile_file: (33): nonexistent syscall 'fstatat64'
04-24 00:12:08.513 130 130 W /apex/com.android.media.swcodec/bin/mediaswcodec: libminijail[130]: compile_file: (38): nonexistent syscall '_llseek'
04-24 00:12:08.513 130 130 W /apex/com.android.media.swcodec/bin/mediaswcodec: libminijail[130]: compile_file: (47): nonexistent syscall 'ugetrlimit'
04-24 00:12:08.513 130 130 W /apex/com.android.media.swcodec/bin/mediaswcodec: libminijail[130]: compile_file: (50): nonexistent syscall '_llseek'
04-24 00:12:08.513 130 130 W /apex/com.android.media.swcodec/bin/mediaswcodec: libminijail[130]: compile_file: (51): nonexistent syscall 'fstatfs64'
04-24 00:12:08.513 130 130 W /apex/com.android.media.swcodec/bin/mediaswcodec: libminijail[130]: compile_file: (63): nonexistent syscall 'ftruncate64'
04-24 00:12:08.513 130 130 W /apex/com.android.media.swcodec/bin/mediaswcodec: libminijail[130]: compile_file: /system/etc/seccomp_policy/crash_dump.x86.policy(5): nonexistent syscall 'sigreturn'
04-24 00:12:08.513 130 130 W /apex/com.android.media.swcodec/bin/mediaswcodec: libminijail[130]: compile_file: /system/etc/seccomp_policy/crash_dump.x86.policy(31): nonexistent syscall 'getuid32'
04-24 00:12:08.513 130 130 W /apex/com.android.media.swcodec/bin/mediaswcodec: libminijail[130]: compile_file: /system/etc/seccomp_policy/crash_dump.x86.policy(32): nonexistent syscall 'fstat64'
04-24 00:12:08.513 130 130 W /apex/com.android.media.swcodec/bin/mediaswcodec: libminijail[130]: compile_file: /system/etc/seccomp_policy/crash_dump.x86.policy(33): nonexistent syscall 'mmap2'
04-24 00:12:08.513 130 130 W /apex/com.android.media.swcodec/bin/mediaswcodec: libminijail[130]: compile_file: /system/etc/seccomp_policy/crash_dump.x86.policy(34): nonexistent syscall 'geteuid32'
04-24 00:12:08.513 130 130 W /apex/com.android.media.swcodec/bin/mediaswcodec: libminijail[130]: compile_file: /system/etc/seccomp_policy/crash_dump.x86.policy(35): nonexistent syscall 'getgid32'
04-24 00:12:08.513 130 130 W /apex/com.android.media.swcodec/bin/mediaswcodec: libminijail[130]: compile_file: /system/etc/seccomp_policy/crash_dump.x86.policy(36): nonexistent syscall 'getegid32'
04-24 00:12:08.513 130 130 W /apex/com.android.media.swcodec/bin/mediaswcodec: libminijail[130]: compile_file: /system/etc/seccomp_policy/crash_dump.x86.policy(37): nonexistent syscall 'getgroups32'
04-24 00:12:08.513 130 130 W /apex/com.android.media.swcodec/bin/mediaswcodec: libminijail[130]: logging seccomp filter failures
04-24 00:12:08.514 130 130 I CodecServiceRegistrant: Creating software Codec2 service...
04-24 00:12:08.517 11 11 I hwservicemanager: getTransport: Cannot find entry android.hardware.media.c2@1.0::IComponentStore/default in either framework or device manifest.
04-24 00:12:08.517 130 130 I CodecServiceRegistrant: Preferred Codec2 store is defaulted to "software".
04-24 00:12:08.518 130 130 I ServiceManagement: Registered android.hardware.media.c2@1.0::IComponentStore/software (start delay of 855ms)
04-24 00:12:08.518 130 130 I CodecServiceRegistrant: Software Codec2 service created.
04-24 00:12:08.527 117 117 I mediametrics: ServiceManager: 0x7f0f04393280
04-24 00:12:08.527 117 117 D MediaAnalyticsService: MediaAnalyticsService created
04-24 00:12:08.542 135 135 W system_server: Verification of void com.android.server.SystemServer.startOtherServices() took 138.628ms
04-24 00:12:08.549 135 135 I SystemServer: InitBeforeStartServices
04-24 00:12:08.552 135 135 I SystemServer: Entered the Android system server!
04-24 00:12:08.552 116 116 V MediaUtils: physMem: 4038782976
04-24 00:12:08.552 116 116 V MediaUtils: requested limit: 807756580
04-24 00:12:08.552 116 116 I libc : malloc_limit: Allocation limit enabled, max size 807756580 bytes
04-24 00:12:08.552 119 181 E statsd : Found dropped events: 1 error -19 last atom tag 83 from uid 1000
04-24 00:12:08.556 116 116 W /system/bin/mediaextractor: Could not read additional policy file '/vendor/etc/seccomp_policy/mediaextractor.policy'
04-24 00:12:08.556 116 116 W /system/bin/mediaextractor: libminijail[116]: failed to get path of fd 4: No such file or directory
04-24 00:12:08.556 116 116 W /system/bin/mediaextractor: libminijail[116]: allowing syscall: socket
04-24 00:12:08.556 116 116 W /system/bin/mediaextractor: libminijail[116]: allowing syscall: connect
04-24 00:12:08.556 116 116 W /system/bin/mediaextractor: libminijail[116]: allowing syscall: fcntl
04-24 00:12:08.556 116 116 W /system/bin/mediaextractor: libminijail[116]: allowing syscall: writev
04-24 00:12:08.557 116 116 W /system/bin/mediaextractor: libminijail[116]: logging seccomp filter failures
04-24 00:12:08.603 116 116 E MediaExtractorFactory: couldn't opendir(/system/lib64/extractors)
04-24 00:12:08.603 116 116 E MediaExtractorFactory: couldn't opendir(/vendor/lib64/extractors)
04-24 00:12:08.651 118 118 I mediaserver: ServiceManager: 0xf7900ca0
04-24 00:12:08.652 118 118 W BatteryNotifier: batterystats service unavailable!
04-24 00:12:08.652 118 118 W BatteryNotifier: batterystats service unavailable!
04-24 00:12:08.686 135 135 E UsbAlsaJackDetectorJNI: Can't register UsbAlsaJackDetector native methods
04-24 00:12:08.694 135 135 D SystemServerTiming: InitBeforeStartServices took to complete: 146ms
04-24 00:12:08.694 135 135 I SystemServer: StartServices
04-24 00:12:08.695 135 135 I SystemServer: StartWatchdog
04-24 00:12:08.705 135 135 D SystemServerTiming: StartWatchdog took to complete: 10ms
04-24 00:12:08.705 135 135 I SystemServer: Reading configuration...
04-24 00:12:08.705 135 135 I SystemServer: ReadingSystemConfig
04-24 00:12:08.705 135 135 D SystemServerTiming: ReadingSystemConfig took to complete: 0ms
04-24 00:12:08.705 135 135 I SystemServer: StartInstaller
04-24 00:12:08.706 135 135 I SystemServiceManager: Starting com.android.server.pm.Installer
04-24 00:12:08.706 135 229 D SystemServerInitThreadPool: Started executing ReadingSystemConfig
04-24 00:12:08.710 135 135 D SystemServerTiming: StartInstaller took to complete: 5ms
04-24 00:12:08.710 135 135 I SystemServer: DeviceIdentifiersPolicyService
04-24 00:12:08.710 135 135 I SystemServiceManager: Starting com.android.server.os.DeviceIdentifiersPolicyService
04-24 00:12:08.710 135 135 D SystemServerTiming: DeviceIdentifiersPolicyService took to complete: 0ms
04-24 00:12:08.711 135 135 I SystemServer: UriGrantsManagerService
04-24 00:12:08.711 135 135 I SystemServiceManager: Starting com.android.server.uri.UriGrantsManagerService$Lifecycle
04-24 00:12:08.713 135 135 D SystemServerTiming: UriGrantsManagerService took to complete: 2ms
04-24 00:12:08.713 135 135 I SystemServer: StartActivityManager
04-24 00:12:08.713 135 135 I SystemServiceManager: Starting com.android.server.wm.ActivityTaskManagerService$Lifecycle
04-24 00:12:08.734 135 229 W SystemConfig: No directory /product_services/etc/sysconfig, skipping
04-24 00:12:08.734 135 229 W SystemConfig: No directory /product_services/etc/permissions, skipping
04-24 00:12:08.734 135 229 D SystemServerInitThreadPool: Finished executing ReadingSystemConfig
04-24 00:12:08.734 135 135 I SystemServiceManager: Starting com.android.server.am.ActivityManagerService$Lifecycle
04-24 00:12:08.737 135 135 I ActivityManager: Memory class: 192
04-24 00:12:08.743 135 135 D BatteryStatsImpl: Reading daily items from /data/system/batterystats-daily.xml
04-24 00:12:08.745 11 11 I hwservicemanager: getTransport: Cannot find entry android.hardware.power.stats@1.0::IPowerStats/default in either framework or device manifest.
04-24 00:12:08.745 135 236 I BatteryStatsService: Using power HAL
04-24 00:12:08.745 135 236 E BatteryStatsService: Unable to load Power.Stats.HAL. Setting rail availability to false
04-24 00:12:08.745 135 236 E BluetoothAdapter: Bluetooth binder is null
04-24 00:12:08.745 135 236 E BatteryExternalStatsWorker: no controller energy info supplied for telephony
04-24 00:12:08.747 135 236 E KernelCpuUidFreqTimeReader: Failed to read /proc/uid_time_in_state: java.nio.file.NoSuchFileException: /proc/uid_time_in_state
04-24 00:12:08.747 135 236 W KernelCpuProcStringReader: File not found. It's normal if not implemented: /proc/uid_cputime/show_uid_stat
04-24 00:12:08.747 135 236 W KernelCpuProcStringReader: File not found. It's normal if not implemented: /proc/uid_time_in_state
04-24 00:12:08.747 135 236 W KernelCpuProcStringReader: File not found. It's normal if not implemented: /proc/uid_concurrent_active_time
04-24 00:12:08.747 135 236 W KernelCpuProcStringReader: File not found. It's normal if not implemented: /proc/uid_concurrent_policy_time
04-24 00:12:08.747 135 236 E KernelCpuSpeedReader: Failed to read cpu-freq: /sys/devices/system/cpu/cpu0/cpufreq/stats/time_in_state: open failed: ENOENT (No such file or directory)
04-24 00:12:08.748 135 236 W KernelMemoryBandwidthStats: No kernel memory bandwidth stats available
04-24 00:12:08.748 135 236 I PowerManagerService-JNI: Loaded power HAL 1.0 service
04-24 00:12:08.769 135 135 I AppOps : No existing app ops /data/system/appops.xml; starting empty
04-24 00:12:08.770 135 135 I IntentFirewall: Read new rules (A:0 B:0 S:0)
04-24 00:12:08.774 135 135 E libprocessgroup: Failed to open /dev/memcg/apps: Permission denied
04-24 00:12:08.774 135 135 D AppOps : AppOpsService published
04-24 00:12:08.775 135 135 D SystemServerTiming: StartActivityManager took to complete: 62ms
04-24 00:12:08.775 135 135 I SystemServer: StartPowerManager
04-24 00:12:08.775 135 135 I SystemServiceManager: Starting com.android.server.power.PowerManagerService
04-24 00:12:08.778 135 135 D SystemServerTiming: StartPowerManager took to complete: 3ms
04-24 00:12:08.778 135 135 I SystemServer: StartThermalManager
04-24 00:12:08.778 135 135 I SystemServiceManager: Starting com.android.server.power.ThermalManagerService
04-24 00:12:08.778 135 135 D SystemServerTiming: StartThermalManager took to complete: 0ms
04-24 00:12:08.778 135 135 I SystemServer: InitPowerManagement
04-24 00:12:08.779 135 135 D SystemServerTiming: InitPowerManagement took to complete: 1ms
04-24 00:12:08.779 135 135 I SystemServer: StartRecoverySystemService
04-24 00:12:08.779 135 135 I SystemServiceManager: Starting com.android.server.RecoverySystemService
04-24 00:12:08.779 135 135 D SystemServerTiming: StartRecoverySystemService took to complete: 0ms
04-24 00:12:08.780 135 135 W RescueParty: Failed to determine if device was on USB
04-24 00:12:08.780 135 135 W RescueParty: java.io.FileNotFoundException: /sys/class/android_usb/android0/state: open failed: ENOENT (No such file or directory)
04-24 00:12:08.780 135 135 W RescueParty: at libcore.io.IoBridge.open(IoBridge.java:496)
04-24 00:12:08.780 135 135 W RescueParty: at java.io.FileInputStream.(FileInputStream.java:159)
04-24 00:12:08.780 135 135 W RescueParty: at android.os.FileUtils.readTextFile(FileUtils.java:614)
04-24 00:12:08.780 135 135 W RescueParty: at com.android.server.RescueParty.isUsbActive(RescueParty.java:402)
04-24 00:12:08.780 135 135 W RescueParty: at com.android.server.RescueParty.isDisabled(RescueParty.java:110)
04-24 00:12:08.780 135 135 W RescueParty: at com.android.server.RescueParty.noteBoot(RescueParty.java:129)
04-24 00:12:08.780 135 135 W RescueParty: at com.android.server.SystemServer.startBootstrapServices(SystemServer.java:710)
04-24 00:12:08.780 135 135 W RescueParty: at com.android.server.SystemServer.run(SystemServer.java:527)
04-24 00:12:08.780 135 135 W RescueParty: at com.android.server.SystemServer.main(SystemServer.java:356)
04-24 00:12:08.780 135 135 W RescueParty: at java.lang.reflect.Method.invoke(Native Method)
04-24 00:12:08.780 135 135 W RescueParty: at com.android.internal.os.RuntimeInit$MethodAndArgsCaller.run(RuntimeInit.java:491)
04-24 00:12:08.780 135 135 W RescueParty: at com.android.internal.os.ZygoteInit.main(ZygoteInit.java:918)
04-24 00:12:08.780 135 135 W RescueParty: Caused by: android.system.ErrnoException: open failed: ENOENT (No such file or directory)
04-24 00:12:08.780 135 135 W RescueParty: at libcore.io.Linux.open(Native Method)
04-24 00:12:08.780 135 135 W RescueParty: at libcore.io.ForwardingOs.open(ForwardingOs.java:167)
04-24 00:12:08.780 135 135 W RescueParty: at libcore.io.BlockGuardOs.open(BlockGuardOs.java:252)
04-24 00:12:08.780 135 135 W RescueParty: at libcore.io.IoBridge.open(IoBridge.java:482)
04-24 00:12:08.780 135 135 W RescueParty: ... 11 more
04-24 00:12:08.780 135 135 V RescueParty: Disabled because of manual property
04-24 00:12:08.780 135 135 I SystemServer: StartLightsService
04-24 00:12:08.780 135 135 I SystemServiceManager: Starting com.android.server.lights.LightsService
04-24 00:12:08.780 135 135 I ServiceManager: Waiting for service 'SurfaceFlinger' on '/dev/binder'...
04-24 00:12:09.282 135 135 I chatty : uid=1000 system_server identical 5 lines
04-24 00:12:09.383 135 135 I ServiceManager: Waiting for service 'SurfaceFlinger' on '/dev/binder'...
04-24 00:12:09.437 96 96 W ServiceManagement: Waited one second for android.hardware.graphics.composer@2.1::IComposer/default
04-24 00:12:09.438 96 96 I ServiceManagement: getService: Trying again for android.hardware.graphics.composer@2.1::IComposer/default...
04-24 00:12:09.483 135 135 I ServiceManager: Waiting for service 'SurfaceFlinger' on '/dev/binder'...
04-24 00:12:10.286 135 135 I chatty : uid=1000 system_server identical 8 lines
04-24 00:12:10.386 135 135 I ServiceManager: Waiting for service 'SurfaceFlinger' on '/dev/binder'...
04-24 00:12:10.438 96 96 W ServiceManagement: Waited one second for android.hardware.graphics.composer@2.1::IComposer/default
04-24 00:12:10.438 96 96 I ServiceManagement: getService: Trying again for android.hardware.graphics.composer@2.1::IComposer/default...
04-24 00:12:10.487 135 135 I ServiceManager: Waiting for service 'SurfaceFlinger' on '/dev/binder'...
04-24 00:12:11.290 135 135 I chatty : uid=1000 system_server identical 8 lines
04-24 00:12:11.390 135 135 I ServiceManager: Waiting for service 'SurfaceFlinger' on '/dev/binder'...
04-24 00:12:11.438 96 96 W ServiceManagement: Waited one second for android.hardware.graphics.composer@2.1::IComposer/default
04-24 00:12:11.439 96 96 I ServiceManagement: getService: Trying again for android.hardware.graphics.composer@2.1::IComposer/default...
04-24 00:12:11.490 135 135 I ServiceManager: Waiting for service 'SurfaceFlinger' on '/dev/binder'...
04-24 00:12:11.591 135 135 I chatty : uid=1000 system_server identical 1 line
04-24 00:12:11.691 135 135 I ServiceManager: Waiting for service 'SurfaceFlinger' on '/dev/binder'...
04-24 00:12:11.758 246 246 D vndksupport: Loading /vendor/lib64/hw/android.hardware.graphics.composer@2.1-impl.so from current namespace instead of sphal namespace.
04-24 00:12:11.760 246 246 D vndksupport: Loading /vendor/lib64/hw/hwcomposer.waydroid.so from current namespace instead of sphal namespace.
04-24 00:12:11.763 246 246 F libc : Fatal signal 11 (SIGSEGV), code 1 (SEGV_MAPERR), fault addr 0x0 in tid 246 (android.hardwar), pid 246 (android.hardwar)
04-24 00:12:11.772 251 251 I crash_dump64: obtaining output fd from tombstoned, type: kDebuggerdTombstone
04-24 00:12:11.772 132 132 I /system/bin/tombstoned: received crash request for pid 246
04-24 00:12:11.772 251 251 I crash_dump64: performing dump of process 246 (target tid = 246)
04-24 00:12:11.773 251 251 F DEBUG : *** *** *** *** *** *** *** *** *** *** *** *** *** *** *** ***
04-24 00:12:11.774 251 251 F DEBUG : LineageOS Version: '17.1-20220316-VANILLA-waydroid_x86_64'
04-24 00:12:11.774 251 251 F DEBUG : Build fingerprint: 'waydroid/lineage_waydroid_x86_64/waydroid_x86_64:10/QQ3A.200805.001/24:userdebug/test-keys'
04-24 00:12:11.774 251 251 F DEBUG : Revision: '0'
04-24 00:12:11.774 251 251 F DEBUG : ABI: 'x86_64'
04-24 00:12:11.774 251 251 F DEBUG : Timestamp: 2022-04-24 00:12:11+0000
04-24 00:12:11.774 251 251 F DEBUG : pid: 246, tid: 246, name: android.hardwar >>> /vendor/bin/hw/android.hardware.graphics.composer@2.1-service <<<
04-24 00:12:11.774 251 251 F DEBUG : uid: 1000
04-24 00:12:11.774 251 251 F DEBUG : signal 11 (SIGSEGV), code 1 (SEGV_MAPERR), fault addr 0x0
04-24 00:12:11.774 251 251 F DEBUG : Cause: null pointer dereference
04-24 00:12:11.774 251 251 F DEBUG : rax 0000003000000018 rbx 0000000000000000 rcx 0000000000000000 rdx 00007f5e8ddb1fa0
04-24 00:12:11.774 251 251 F DEBUG : r8 0000000000000000 r9 0000000000000000 r10 00000000000003e8 r11 0000000000000246
04-24 00:12:11.774 251 251 F DEBUG : r12 00007f5e8e636520 r13 00007ffdac9cc371 r14 00007f5e8ddb1fa0 r15 00007f5e8dd99880
04-24 00:12:11.774 251 251 F DEBUG : rdi 0000000000000000 rsi 0000000000000001
04-24 00:12:11.774 251 251 F DEBUG : rbp 0000000000000001 rsp 00007ffdac9cc080 rip 00007f5e8dda9477
04-24 00:12:11.785 251 251 F DEBUG :
04-24 00:12:11.785 251 251 F DEBUG : backtrace:
04-24 00:12:11.785 251 251 F DEBUG : #00 pc 0000000000017477 /vendor/lib64/hw/hwcomposer.waydroid.so (wl_proxy_marshal_constructor+151) (BuildId: ba1aa518517345952d425af3488d89be)
04-24 00:12:11.785 251 251 F DEBUG : #01 pc 0000000000013c4f /vendor/lib64/hw/hwcomposer.waydroid.so (create_display(char const*)+319) (BuildId: ba1aa518517345952d425af3488d89be)
04-24 00:12:11.785 251 251 F DEBUG : #02 pc 000000000000c857 /vendor/lib64/hw/hwcomposer.waydroid.so (hwc_open(hw_module_t const*, char const*, hw_device_t**)+503) (BuildId: ba1aa518517345952d425af3488d89be)
04-24 00:12:11.786 251 251 F DEBUG : #03 pc 0000000000009402 /vendor/lib64/hw/android.hardware.graphics.composer@2.1-impl.so (android::hardware::graphics::composer::V2_1::passthrough::HwcLoader::openDeviceWithAdapter(hw_module_t const*, bool*)+338) (BuildId: 33211b6bddc64fb5ec7ecc6ee79628d4)
04-24 00:12:11.786 251 251 F DEBUG : #04 pc 00000000000091aa /vendor/lib64/hw/android.hardware.graphics.composer@2.1-impl.so (android::hardware::graphics::composer::V2_1::passthrough::HwcLoader::createHalWithAdapter(hw_module_t const*)+42) (BuildId: 33211b6bddc64fb5ec7ecc6ee79628d4)
04-24 00:12:11.786 251 251 F DEBUG : #05 pc 00000000000090d1 /vendor/lib64/hw/android.hardware.graphics.composer@2.1-impl.so (android::hardware::graphics::composer::V2_1::passthrough::HwcLoader::load()+145) (BuildId: 33211b6bddc64fb5ec7ecc6ee79628d4)
04-24 00:12:11.786 251 251 F DEBUG : #06 pc 0000000000078ab0 /system/lib64/vndk-sp-29/libhidlbase.so (_ZZN7android8hardware25PassthroughServiceManager3getERKNS0_11hidl_stringES4_ENKUlPvRKNSt3__112basic_stringIcNS6_11char_traitsIcEENS6_9allocatorIcEEEESE_E_clES5_SE_SE_+96) (BuildId: 49afbdf22f1712be92a6ab83df7344e6)
04-24 00:12:11.786 251 251 F DEBUG : #07 pc 0000000000073bc3 /system/lib64/vndk-sp-29/libhidlbase.so (android::hardware::PassthroughServiceManager::openLibs(std::__1::basic_string, std::__1::allocator> const&, std::__1::function, std::__1::allocator> const&, std::__1::basic_string, std::__1::allocator> const&)> const&)+2099) (BuildId: 49afbdf22f1712be92a6ab83df7344e6)
04-24 00:12:11.786 251 251 F DEBUG : #08 pc 0000000000076c95 /system/lib64/vndk-sp-29/libhidlbase.so (android::hardware::PassthroughServiceManager::get(android::hardware::hidl_string const&, android::hardware::hidl_string const&)+101) (BuildId: 49afbdf22f1712be92a6ab83df7344e6)
04-24 00:12:11.786 251 251 F DEBUG : #09 pc 00000000000750db /system/lib64/vndk-sp-29/libhidlbase.so (android::hardware::details::getRawServiceInternal(std::__1::basic_string, std::__1::allocator> const&, std::__1::basic_string, std::__1::allocator> const&, bool, bool)+2187) (BuildId: 49afbdf22f1712be92a6ab83df7344e6)
04-24 00:12:11.786 251 251 F DEBUG : #10 pc 000000000002267e /system/lib64/android.hardware.graphics.composer@2.1.so (_ZN7android8hardware7details18getServiceInternalINS0_8graphics8composer4V2_112BpHwComposerENS5_9IComposerEvvEENS_2spIT0_EERKNSt3__112basic_stringIcNSB_11char_traitsIcEENSB_9allocatorIcEEEEbb+206) (BuildId: bd02fb1f1023ef1129e3c492282bfbac)
04-24 00:12:11.787 251 251 F DEBUG : #11 pc 000000000002281f /system/lib64/android.hardware.graphics.composer@2.1.so (android::hardware::graphics::composer::V2_1::IComposer::getService(std::__1::basic_string, std::__1::allocator> const&, bool)+15) (BuildId: bd02fb1f1023ef1129e3c492282bfbac)
04-24 00:12:11.787 251 251 F DEBUG : #12 pc 00000000000011f8 /vendor/bin/hw/android.hardware.graphics.composer@2.1-service (BuildId: 4d1c499b56de73e1f1be9cd13b38523f)
04-24 00:12:11.787 251 251 F DEBUG : #13 pc 0000000000001180 /vendor/bin/hw/android.hardware.graphics.composer@2.1-service (main+288) (BuildId: 4d1c499b56de73e1f1be9cd13b38523f)
04-24 00:12:11.787 251 251 F DEBUG : #14 pc 000000000008a985 /apex/com.android.runtime/lib64/bionic/libc.so (__libc_init+117) (BuildId: dba957b2d0024c9be494925fc318853c)
04-24 00:12:11.791 135 135 I ServiceManager: Waiting for service 'SurfaceFlinger' on '/dev/binder'...
04-24 00:12:11.825 251 251 E crash_dump64: unable to connect to activity manager: No such file or directory
04-24 00:12:11.825 132 132 E /system/bin/tombstoned: Tombstone written to: /data/tombstones/tombstone_23
04-24 00:12:11.892 135 135 I ServiceManager: Waiting for service 'SurfaceFlinger' on '/dev/binder'...
04-24 00:12:11.957 258 258 D vndksupport: Loading /vendor/lib64/hw/android.hardware.graphics.allocator@2.0-impl.so from current namespace instead of sphal namespace.
04-24 00:12:11.958 258 258 D vndksupport: Loading /vendor/lib64/hw/gralloc.gbm.so from current namespace instead of sphal namespace.
04-24 00:12:11.959 258 258 E GRALLOC-GBM: failed to open /dev/dri/renderD128
04-24 00:12:11.959 258 258 E AllocatorHal: failed to open gralloc0 device: Invalid argument
04-24 00:12:11.959 258 258 E android.hardware.graphics.allocator@2.0-service: Could not get passthrough implementation for android.hardware.graphics.allocator@2.0::IAllocator/default.
04-24 00:12:11.992 135 135 I ServiceManager: Waiting for service 'SurfaceFlinger' on '/dev/binder'...
04-24 00:12:12.293 135 135 I chatty : uid=1000 system_server identical 3 lines
04-24 00:12:12.393 135 135 I ServiceManager: Waiting for service 'SurfaceFlinger' on '/dev/binder'...
04-24 00:12:12.439 96 96 W ServiceManagement: Waited one second for android.hardware.graphics.composer@2.1::IComposer/default
04-24 00:12:12.439 96 96 I ServiceManagement: getService: Trying again for android.hardware.graphics.composer@2.1::IComposer/default...
04-24 00:12:12.494 135 135 I ServiceManager: Waiting for service 'SurfaceFlinger' on '/dev/binder'...
04-24 00:12:13.297 135 135 I chatty : uid=1000 system_server identical 8 lines
04-24 00:12:13.397 135 135 I ServiceManager: Waiting for service 'SurfaceFlinger' on '/dev/binder'...
04-24 00:12:13.439 96 96 W ServiceManagement: Waited one second for android.hardware.graphics.composer@2.1::IComposer/default
04-24 00:12:13.440 96 96 I ServiceManagement: getService: Trying again for android.hardware.graphics.composer@2.1::IComposer/default...
04-24 00:12:13.498 135 135 I ServiceManager: Waiting for service 'SurfaceFlinger' on '/dev/binder'...
04-24 00:12:13.598 135 135 I chatty : uid=1000 system_server identical 1 line
04-24 00:12:13.700 135 135 I ServiceManager: Waiting for service 'SurfaceFlinger' on '/dev/binder'...
04-24 00:12:13.800 135 135 W ServiceManager: Service SurfaceFlinger didn't start. Returning NULL
04-24 00:12:14.051 135 135 I ServiceManager: Waiting for service 'SurfaceFlinger' on '/dev/binder'...
04-24 00:12:14.251 135 135 I chatty : uid=1000 system_server identical 2 lines
04-24 00:12:14.352 135 135 I ServiceManager: Waiting for service 'SurfaceFlinger' on '/dev/binder'...
04-24 00:12:14.440 96 96 W ServiceManagement: Waited one second for android.hardware.graphics.composer@2.1::IComposer/default
04-24 00:12:14.440 96 96 I ServiceManagement: getService: Trying again for android.hardware.graphics.composer@2.1::IComposer/default...
04-24 00:12:14.452 135 135 I ServiceManager: Waiting for service 'SurfaceFlinger' on '/dev/binder'...
04-24 00:12:15.254 135 135 I chatty : uid=1000 system_server identical 8 lines
04-24 00:12:15.354 135 135 I ServiceManager: Waiting for service 'SurfaceFlinger' on '/dev/binder'...
04-24 00:12:15.440 96 96 W ServiceManagement: Waited one second for android.hardware.graphics.composer@2.1::IComposer/default
04-24 00:12:15.441 96 96 I ServiceManagement: getService: Trying again for android.hardware.graphics.composer@2.1::IComposer/default...
04-24 00:12:15.454 135 135 I ServiceManager: Waiting for service 'SurfaceFlinger' on '/dev/binder'...
04-24 00:12:16.256 135 135 I chatty : uid=1000 system_server identical 8 lines
04-24 00:12:16.356 135 135 I ServiceManager: Waiting for service 'SurfaceFlinger' on '/dev/binder'...
04-24 00:12:16.441 96 96 W ServiceManagement: Waited one second for android.hardware.graphics.composer@2.1::IComposer/default
04-24 00:12:16.441 96 96 I ServiceManagement: getService: Trying again for android.hardware.graphics.composer@2.1::IComposer/default...
04-24 00:12:16.457 135 135 I ServiceManager: Waiting for service 'SurfaceFlinger' on '/dev/binder'...
04-24 00:12:16.557 135 135 I chatty : uid=1000 system_server identical 1 line
04-24 00:12:16.657 135 135 I ServiceManager: Waiting for service 'SurfaceFlinger' on '/dev/binder'...
04-24 00:12:16.756 264 264 D vndksupport: Loading /vendor/lib64/hw/android.hardware.graphics.composer@2.1-impl.so from current namespace instead of sphal namespace.
04-24 00:12:16.757 135 135 I ServiceManager: Waiting for service 'SurfaceFlinger' on '/dev/binder'...
04-24 00:12:16.757 264 264 D vndksupport: Loading /vendor/lib64/hw/hwcomposer.waydroid.so from current namespace instead of sphal namespace.
04-24 00:12:16.760 264 264 F libc : Fatal signal 11 (SIGSEGV), code 1 (SEGV_MAPERR), fault addr 0x0 in tid 264 (android.hardwar), pid 264 (android.hardwar)
04-24 00:12:16.766 269 269 I crash_dump64: obtaining output fd from tombstoned, type: kDebuggerdTombstone
04-24 00:12:16.766 132 132 I /system/bin/tombstoned: received crash request for pid 264
04-24 00:12:16.767 269 269 I crash_dump64: performing dump of process 264 (target tid = 264)
04-24 00:12:16.767 269 269 F DEBUG : *** *** *** *** *** *** *** *** *** *** *** *** *** *** *** ***
04-24 00:12:16.767 269 269 F DEBUG : LineageOS Version: '17.1-20220316-VANILLA-waydroid_x86_64'
04-24 00:12:16.767 269 269 F DEBUG : Build fingerprint: 'waydroid/lineage_waydroid_x86_64/waydroid_x86_64:10/QQ3A.200805.001/24:userdebug/test-keys'
04-24 00:12:16.767 269 269 F DEBUG : Revision: '0'
04-24 00:12:16.767 269 269 F DEBUG : ABI: 'x86_64'
04-24 00:12:16.768 269 269 F DEBUG : Timestamp: 2022-04-24 00:12:16+0000
04-24 00:12:16.768 269 269 F DEBUG : pid: 264, tid: 264, name: android.hardwar >>> /vendor/bin/hw/android.hardware.graphics.composer@2.1-service <<<
04-24 00:12:16.768 269 269 F DEBUG : uid: 1000
04-24 00:12:16.768 269 269 F DEBUG : signal 11 (SIGSEGV), code 1 (SEGV_MAPERR), fault addr 0x0
04-24 00:12:16.768 269 269 F DEBUG : Cause: null pointer dereference
04-24 00:12:16.768 269 269 F DEBUG : rax 0000003000000018 rbx 0000000000000000 rcx 0000000000000000 rdx 00007f61bf16cfa0
04-24 00:12:16.768 269 269 F DEBUG : r8 0000000000000000 r9 0000000000000000 r10 00000000000003e8 r11 0000000000000246
04-24 00:12:16.768 269 269 F DEBUG : r12 00007f61bf826520 r13 00007fff86594cf1 r14 00007f61bf16cfa0 r15 00007f61bf154880
04-24 00:12:16.768 269 269 F DEBUG : rdi 0000000000000000 rsi 0000000000000001
04-24 00:12:16.768 269 269 F DEBUG : rbp 0000000000000001 rsp 00007fff86594a00 rip 00007f61bf164477
04-24 00:12:16.777 269 269 F DEBUG :
04-24 00:12:16.777 269 269 F DEBUG : backtrace:
04-24 00:12:16.777 269 269 F DEBUG : #00 pc 0000000000017477 /vendor/lib64/hw/hwcomposer.waydroid.so (wl_proxy_marshal_constructor+151) (BuildId: ba1aa518517345952d425af3488d89be)
04-24 00:12:16.777 269 269 F DEBUG : #01 pc 0000000000013c4f /vendor/lib64/hw/hwcomposer.waydroid.so (create_display(char const*)+319) (BuildId: ba1aa518517345952d425af3488d89be)
04-24 00:12:16.777 269 269 F DEBUG : #02 pc 000000000000c857 /vendor/lib64/hw/hwcomposer.waydroid.so (hwc_open(hw_module_t const*, char const*, hw_device_t**)+503) (BuildId: ba1aa518517345952d425af3488d89be)
04-24 00:12:16.777 269 269 F DEBUG : #03 pc 0000000000009402 /vendor/lib64/hw/android.hardware.graphics.composer@2.1-impl.so (android::hardware::graphics::composer::V2_1::passthrough::HwcLoader::openDeviceWithAdapter(hw_module_t const*, bool*)+338) (BuildId: 33211b6bddc64fb5ec7ecc6ee79628d4)
04-24 00:12:16.778 269 269 F DEBUG : #04 pc 00000000000091aa /vendor/lib64/hw/android.hardware.graphics.composer@2.1-impl.so (android::hardware::graphics::composer::V2_1::passthrough::HwcLoader::createHalWithAdapter(hw_module_t const*)+42) (BuildId: 33211b6bddc64fb5ec7ecc6ee79628d4)
04-24 00:12:16.778 269 269 F DEBUG : #05 pc 00000000000090d1 /vendor/lib64/hw/android.hardware.graphics.composer@2.1-impl.so (android::hardware::graphics::composer::V2_1::passthrough::HwcLoader::load()+145) (BuildId: 33211b6bddc64fb5ec7ecc6ee79628d4)
04-24 00:12:16.778 269 269 F DEBUG : #06 pc 0000000000078ab0 /system/lib64/vndk-sp-29/libhidlbase.so (_ZZN7android8hardware25PassthroughServiceManager3getERKNS0_11hidl_stringES4_ENKUlPvRKNSt3__112basic_stringIcNS6_11char_traitsIcEENS6_9allocatorIcEEEESE_E_clES5_SE_SE_+96) (BuildId: 49afbdf22f1712be92a6ab83df7344e6)
04-24 00:12:16.778 269 269 F DEBUG : #07 pc 0000000000073bc3 /system/lib64/vndk-sp-29/libhidlbase.so (android::hardware::PassthroughServiceManager::openLibs(std::__1::basic_string, std::__1::allocator> const&, std::__1::function, std::__1::allocator> const&, std::__1::basic_string, std::__1::allocator> const&)> const&)+2099) (BuildId: 49afbdf22f1712be92a6ab83df7344e6)
04-24 00:12:16.778 269 269 F DEBUG : #08 pc 0000000000076c95 /system/lib64/vndk-sp-29/libhidlbase.so (android::hardware::PassthroughServiceManager::get(android::hardware::hidl_string const&, android::hardware::hidl_string const&)+101) (BuildId: 49afbdf22f1712be92a6ab83df7344e6)
04-24 00:12:16.778 269 269 F DEBUG : #09 pc 00000000000750db /system/lib64/vndk-sp-29/libhidlbase.so (android::hardware::details::getRawServiceInternal(std::__1::basic_string, std::__1::allocator> const&, std::__1::basic_string, std::__1::allocator> const&, bool, bool)+2187) (BuildId: 49afbdf22f1712be92a6ab83df7344e6)
04-24 00:12:16.778 269 269 F DEBUG : #10 pc 000000000002267e /system/lib64/android.hardware.graphics.composer@2.1.so (_ZN7android8hardware7details18getServiceInternalINS0_8graphics8composer4V2_112BpHwComposerENS5_9IComposerEvvEENS_2spIT0_EERKNSt3__112basic_stringIcNSB_11char_traitsIcEENSB_9allocatorIcEEEEbb+206) (BuildId: bd02fb1f1023ef1129e3c492282bfbac)
04-24 00:12:16.778 269 269 F DEBUG : #11 pc 000000000002281f /system/lib64/android.hardware.graphics.composer@2.1.so (android::hardware::graphics::composer::V2_1::IComposer::getService(std::__1::basic_string, std::__1::allocator> const&, bool)+15) (BuildId: bd02fb1f1023ef1129e3c492282bfbac)
04-24 00:12:16.778 269 269 F DEBUG : #12 pc 00000000000011f8 /vendor/bin/hw/android.hardware.graphics.composer@2.1-service (BuildId: 4d1c499b56de73e1f1be9cd13b38523f)
04-24 00:12:16.778 269 269 F DEBUG : #13 pc 0000000000001180 /vendor/bin/hw/android.hardware.graphics.composer@2.1-service (main+288) (BuildId: 4d1c499b56de73e1f1be9cd13b38523f)
04-24 00:12:16.778 269 269 F DEBUG : #14 pc 000000000008a985 /apex/com.android.runtime/lib64/bionic/libc.so (__libc_init+117) (BuildId: dba957b2d0024c9be494925fc318853c)
04-24 00:12:16.798 269 269 E crash_dump64: unable to connect to activity manager: No such file or directory
04-24 00:12:16.798 132 132 E /system/bin/tombstoned: Tombstone written to: /data/tombstones/tombstone_24
04-24 00:12:16.858 135 135 I ServiceManager: Waiting for service 'SurfaceFlinger' on '/dev/binder'...
04-24 00:12:16.954 276 276 D vndksupport: Loading /vendor/lib64/hw/android.hardware.graphics.allocator@2.0-impl.so from current namespace instead of sphal namespace.
04-24 00:12:16.955 276 276 D vndksupport: Loading /vendor/lib64/hw/gralloc.gbm.so from current namespace instead of sphal namespace.
04-24 00:12:16.956 276 276 E GRALLOC-GBM: failed to open /dev/dri/renderD128
04-24 00:12:16.956 276 276 E AllocatorHal: failed to open gralloc0 device: Invalid argument
04-24 00:12:16.956 276 276 E android.hardware.graphics.allocator@2.0-service: Could not get passthrough implementation for android.hardware.graphics.allocator@2.0::IAllocator/default.
04-24 00:12:16.958 135 135 I ServiceManager: Waiting for service 'SurfaceFlinger' on '/dev/binder'...
04-24 00:12:17.259 135 135 I chatty : uid=1000 system_server identical 3 lines
04-24 00:12:17.359 135 135 I ServiceManager: Waiting for service 'SurfaceFlinger' on '/dev/binder'...
04-24 00:12:17.441 96 96 W ServiceManagement: Waited one second for android.hardware.graphics.composer@2.1::IComposer/default
04-24 00:12:17.442 96 96 I ServiceManagement: getService: Trying again for android.hardware.graphics.composer@2.1::IComposer/default...
04-24 00:12:17.459 135 135 I ServiceManager: Waiting for service 'SurfaceFlinger' on '/dev/binder'...
04-24 00:12:18.262 135 135 I chatty : uid=1000 system_server identical 8 lines
04-24 00:12:18.363 135 135 I ServiceManager: Waiting for service 'SurfaceFlinger' on '/dev/binder'...
04-24 00:12:18.442 96 96 W ServiceManagement: Waited one second for android.hardware.graphics.composer@2.1::IComposer/default
04-24 00:12:18.442 96 96 I ServiceManagement: getService: Trying again for android.hardware.graphics.composer@2.1::IComposer/default...
04-24 00:12:18.463 135 135 I ServiceManager: Waiting for service 'SurfaceFlinger' on '/dev/binder'...
04-24 00:12:18.866 135 135 I chatty : uid=1000 system_server identical 4 lines
04-24 00:12:18.966 135 135 I ServiceManager: Waiting for service 'SurfaceFlinger' on '/dev/binder'...
04-24 00:12:19.066 135 135 W ServiceManager: Service SurfaceFlinger didn't start. Returning NULL
04-24 00:12:19.317 135 135 I ServiceManager: Waiting for service 'SurfaceFlinger' on '/dev/binder'...
04-24 00:12:19.417 135 135 I ServiceManager: Waiting for service 'SurfaceFlinger' on '/dev/binder'...
04-24 00:12:19.443 96 96 W ServiceManagement: Waited one second for android.hardware.graphics.composer@2.1::IComposer/default
04-24 00:12:19.443 96 96 I ServiceManagement: getService: Trying again for android.hardware.graphics.composer@2.1::IComposer/default...
04-24 00:12:19.518 135 135 I ServiceManager: Waiting for service 'SurfaceFlinger' on '/dev/binder'...
04-24 00:12:20.320 135 135 I chatty : uid=1000 system_server identical 8 lines
04-24 00:12:20.421 135 135 I ServiceManager: Waiting for service 'SurfaceFlinger' on '/dev/binder'...
04-24 00:12:20.443 96 96 W ServiceManagement: Waited one second for android.hardware.graphics.composer@2.1::IComposer/default
04-24 00:12:20.443 96 96 I ServiceManagement: getService: Trying again for android.hardware.graphics.composer@2.1::IComposer/default...
04-24 00:12:20.521 135 135 I ServiceManager: Waiting for service 'SurfaceFlinger' on '/dev/binder'...
04-24 00:12:21.323 135 135 I chatty : uid=1000 system_server identical 8 lines
04-24 00:12:21.424 135 135 I ServiceManager: Waiting for service 'SurfaceFlinger' on '/dev/binder'...
04-24 00:12:21.444 96 96 W ServiceManagement: Waited one second for android.hardware.graphics.composer@2.1::IComposer/default
04-24 00:12:21.444 96 96 I ServiceManagement: getService: Trying again for android.hardware.graphics.composer@2.1::IComposer/default...
04-24 00:12:21.524 135 135 I ServiceManager: Waiting for service 'SurfaceFlinger' on '/dev/binder'...
04-24 00:12:21.624 135 135 I chatty : uid=1000 system_server identical 1 line
04-24 00:12:21.724 135 135 I ServiceManager: Waiting for service 'SurfaceFlinger' on '/dev/binder'...
04-24 00:12:21.765 282 282 D vndksupport: Loading /vendor/lib64/hw/android.hardware.graphics.composer@2.1-impl.so from current namespace instead of sphal namespace.
04-24 00:12:21.768 282 282 D vndksupport: Loading /vendor/lib64/hw/hwcomposer.waydroid.so from current namespace instead of sphal namespace.
04-24 00:12:21.773 282 282 F libc : Fatal signal 11 (SIGSEGV), code 1 (SEGV_MAPERR), fault addr 0x0 in tid 282 (android.hardwar), pid 282 (android.hardwar)
04-24 00:12:21.794 287 287 I crash_dump64: obtaining output fd from tombstoned, type: kDebuggerdTombstone
04-24 00:12:21.794 132 132 I /system/bin/tombstoned: received crash request for pid 282
04-24 00:12:21.797 287 287 I crash_dump64: performing dump of process 282 (target tid = 282)
04-24 00:12:21.800 287 287 F DEBUG : *** *** *** *** *** *** *** *** *** *** *** *** *** *** *** ***
04-24 00:12:21.800 287 287 F DEBUG : LineageOS Version: '17.1-20220316-VANILLA-waydroid_x86_64'
