04-24 00:12:21.800 287 287 F DEBUG : Build fingerprint: 'waydroid/lineage_waydroid_x86_64/waydroid_x86_64:10/QQ3A.200805.001/24:userdebug/test-keys'
04-24 00:12:21.800 287 287 F DEBUG : Revision: '0'
04-24 00:12:21.800 287 287 F DEBUG : ABI: 'x86_64'
04-24 00:12:21.803 287 287 F DEBUG : Timestamp: 2022-04-24 00:12:21+0000
04-24 00:12:21.803 287 287 F DEBUG : pid: 282, tid: 282, name: android.hardwar >>> /vendor/bin/hw/android.hardware.graphics.composer@2.1-service <<<
04-24 00:12:21.803 287 287 F DEBUG : uid: 1000
04-24 00:12:21.803 287 287 F DEBUG : signal 11 (SIGSEGV), code 1 (SEGV_MAPERR), fault addr 0x0
04-24 00:12:21.803 287 287 F DEBUG : Cause: null pointer dereference
04-24 00:12:21.803 287 287 F DEBUG : rax 0000003000000018 rbx 0000000000000000 rcx 0000000000000000 rdx 00007f35751f2fa0
04-24 00:12:21.803 287 287 F DEBUG : r8 0000000000000000 r9 0000000000000000 r10 00000000000003e8 r11 0000000000000246
04-24 00:12:21.803 287 287 F DEBUG : r12 00007f3575836520 r13 00007fff165e52e1 r14 00007f35751f2fa0 r15 00007f35751da880
04-24 00:12:21.803 287 287 F DEBUG : rdi 0000000000000000 rsi 0000000000000001
04-24 00:12:21.803 287 287 F DEBUG : rbp 0000000000000001 rsp 00007fff165e4ff0 rip 00007f35751ea477
04-24 00:12:21.824 287 287 F DEBUG :
04-24 00:12:21.824 287 287 F DEBUG : backtrace:
04-24 00:12:21.824 287 287 F DEBUG : #00 pc 0000000000017477 /vendor/lib64/hw/hwcomposer.waydroid.so (wl_proxy_marshal_constructor+151) (BuildId: ba1aa518517345952d425af3488d89be)
04-24 00:12:21.824 287 287 F DEBUG : #01 pc 0000000000013c4f /vendor/lib64/hw/hwcomposer.waydroid.so (create_display(char const*)+319) (BuildId: ba1aa518517345952d425af3488d89be)
04-24 00:12:21.824 287 287 F DEBUG : #02 pc 000000000000c857 /vendor/lib64/hw/hwcomposer.waydroid.so (hwc_open(hw_module_t const*, char const*, hw_device_t**)+503) (BuildId: ba1aa518517345952d425af3488d89be)
04-24 00:12:21.824 287 287 F DEBUG : #03 pc 0000000000009402 /vendor/lib64/hw/android.hardware.graphics.composer@2.1-impl.so (android::hardware::graphics::composer::V2_1::passthrough::HwcLoader::openDeviceWithAdapter(hw_module_t const*, bool*)+338) (BuildId: 33211b6bddc64fb5ec7ecc6ee79628d4)
04-24 00:12:21.824 287 287 F DEBUG : #04 pc 00000000000091aa /vendor/lib64/hw/android.hardware.graphics.composer@2.1-impl.so (android::hardware::graphics::composer::V2_1::passthrough::HwcLoader::createHalWithAdapter(hw_module_t const*)+42) (BuildId: 33211b6bddc64fb5ec7ecc6ee79628d4)
04-24 00:12:21.824 287 287 F DEBUG : #05 pc 00000000000090d1 /vendor/lib64/hw/android.hardware.graphics.composer@2.1-impl.so (android::hardware::graphics::composer::V2_1::passthrough::HwcLoader::load()+145) (BuildId: 33211b6bddc64fb5ec7ecc6ee79628d4)
04-24 00:12:21.824 287 287 F DEBUG : #06 pc 0000000000078ab0 /system/lib64/vndk-sp-29/libhidlbase.so (_ZZN7android8hardware25PassthroughServiceManager3getERKNS0_11hidl_stringES4_ENKUlPvRKNSt3__112basic_stringIcNS6_11char_traitsIcEENS6_9allocatorIcEEEESE_E_clES5_SE_SE_+96) (BuildId: 49afbdf22f1712be92a6ab83df7344e6)
04-24 00:12:21.824 287 287 F DEBUG : #07 pc 0000000000073bc3 /system/lib64/vndk-sp-29/libhidlbase.so (android::hardware::PassthroughServiceManager::openLibs(std::__1::basic_string, std::__1::allocator> const&, std::__1::function, std::__1::allocator> const&, std::__1::basic_string, std::__1::allocator> const&)> const&)+2099) (BuildId: 49afbdf22f1712be92a6ab83df7344e6)
04-24 00:12:21.824 287 287 F DEBUG : #08 pc 0000000000076c95 /system/lib64/vndk-sp-29/libhidlbase.so (android::hardware::PassthroughServiceManager::get(android::hardware::hidl_string const&, android::hardware::hidl_string const&)+101) (BuildId: 49afbdf22f1712be92a6ab83df7344e6)
04-24 00:12:21.824 287 287 F DEBUG : #09 pc 00000000000750db /system/lib64/vndk-sp-29/libhidlbase.so (android::hardware::details::getRawServiceInternal(std::__1::basic_string, std::__1::allocator> const&, std::__1::basic_string, std::__1::allocator> const&, bool, bool)+2187) (BuildId: 49afbdf22f1712be92a6ab83df7344e6)
04-24 00:12:21.824 287 287 F DEBUG : #10 pc 000000000002267e /system/lib64/android.hardware.graphics.composer@2.1.so (_ZN7android8hardware7details18getServiceInternalINS0_8graphics8composer4V2_112BpHwComposerENS5_9IComposerEvvEENS_2spIT0_EERKNSt3__112basic_stringIcNSB_11char_traitsIcEENSB_9allocatorIcEEEEbb+206) (BuildId: bd02fb1f1023ef1129e3c492282bfbac)
04-24 00:12:21.825 135 135 I ServiceManager: Waiting for service 'SurfaceFlinger' on '/dev/binder'...
04-24 00:12:21.825 287 287 F DEBUG : #11 pc 000000000002281f /system/lib64/android.hardware.graphics.composer@2.1.so (android::hardware::graphics::composer::V2_1::IComposer::getService(std::__1::basic_string, std::__1::allocator> const&, bool)+15) (BuildId: bd02fb1f1023ef1129e3c492282bfbac)
04-24 00:12:21.825 287 287 F DEBUG : #12 pc 00000000000011f8 /vendor/bin/hw/android.hardware.graphics.composer@2.1-service (BuildId: 4d1c499b56de73e1f1be9cd13b38523f)
04-24 00:12:21.825 287 287 F DEBUG : #13 pc 0000000000001180 /vendor/bin/hw/android.hardware.graphics.composer@2.1-service (main+288) (BuildId: 4d1c499b56de73e1f1be9cd13b38523f)
04-24 00:12:21.825 287 287 F DEBUG : #14 pc 000000000008a985 /apex/com.android.runtime/lib64/bionic/libc.so (__libc_init+117) (BuildId: dba957b2d0024c9be494925fc318853c)
04-24 00:12:21.884 287 287 E crash_dump64: unable to connect to activity manager: No such file or directory
04-24 00:12:21.885 132 132 E /system/bin/tombstoned: Tombstone written to: /data/tombstones/tombstone_25
04-24 00:12:21.925 135 135 I ServiceManager: Waiting for service 'SurfaceFlinger' on '/dev/binder'...
04-24 00:12:21.963 294 294 D vndksupport: Loading /vendor/lib64/hw/android.hardware.graphics.allocator@2.0-impl.so from current namespace instead of sphal namespace.
04-24 00:12:21.964 294 294 D vndksupport: Loading /vendor/lib64/hw/gralloc.gbm.so from current namespace instead of sphal namespace.
04-24 00:12:21.965 294 294 E GRALLOC-GBM: failed to open /dev/dri/renderD128
04-24 00:12:21.965 294 294 E AllocatorHal: failed to open gralloc0 device: Invalid argument
04-24 00:12:21.965 294 294 E android.hardware.graphics.allocator@2.0-service: Could not get passthrough implementation for android.hardware.graphics.allocator@2.0::IAllocator/default.
04-24 00:12:22.026 135 135 I ServiceManager: Waiting for service 'SurfaceFlinger' on '/dev/binder'...
04-24 00:12:22.327 135 135 I chatty : uid=1000 system_server identical 3 lines
04-24 00:12:22.427 135 135 I ServiceManager: Waiting for service 'SurfaceFlinger' on '/dev/binder'...
04-24 00:12:22.445 96 96 W ServiceManagement: Waited one second for android.hardware.graphics.composer@2.1::IComposer/default
04-24 00:12:22.445 96 96 I ServiceManagement: getService: Trying again for android.hardware.graphics.composer@2.1::IComposer/default...
04-24 00:12:22.528 135 135 I ServiceManager: Waiting for service 'SurfaceFlinger' on '/dev/binder'...
04-24 00:12:23.331 135 135 I chatty : uid=1000 system_server identical 8 lines
04-24 00:12:23.431 135 135 I ServiceManager: Waiting for service 'SurfaceFlinger' on '/dev/binder'...
04-24 00:12:23.445 96 96 W ServiceManagement: Waited one second for android.hardware.graphics.composer@2.1::IComposer/default
04-24 00:12:23.446 96 96 I ServiceManagement: getService: Trying again for android.hardware.graphics.composer@2.1::IComposer/default...
04-24 00:12:23.532 135 135 I ServiceManager: Waiting for service 'SurfaceFlinger' on '/dev/binder'...
04-24 00:12:24.134 135 135 I chatty : uid=1000 system_server identical 6 lines
04-24 00:12:24.234 135 135 I ServiceManager: Waiting for service 'SurfaceFlinger' on '/dev/binder'...
04-24 00:12:24.335 135 135 W ServiceManager: Service SurfaceFlinger didn't start. Returning NULL
04-24 00:12:24.446 96 96 W ServiceManagement: Waited one second for android.hardware.graphics.composer@2.1::IComposer/default
04-24 00:12:24.446 96 96 I ServiceManagement: getService: Trying again for android.hardware.graphics.composer@2.1::IComposer/default...
04-24 00:12:24.585 135 135 I ServiceManager: Waiting for service 'SurfaceFlinger' on '/dev/binder'...
04-24 00:12:25.287 135 135 I chatty : uid=1000 system_server identical 7 lines
04-24 00:12:25.387 135 135 I ServiceManager: Waiting for service 'SurfaceFlinger' on '/dev/binder'...
04-24 00:12:25.446 96 96 W ServiceManagement: Waited one second for android.hardware.graphics.composer@2.1::IComposer/default
04-24 00:12:25.447 96 96 I ServiceManagement: getService: Trying again for android.hardware.graphics.composer@2.1::IComposer/default...
04-24 00:12:25.489 135 135 I ServiceManager: Waiting for service 'SurfaceFlinger' on '/dev/binder'...
04-24 00:12:26.292 135 135 I chatty : uid=1000 system_server identical 8 lines
04-24 00:12:26.392 135 135 I ServiceManager: Waiting for service 'SurfaceFlinger' on '/dev/binder'...
04-24 00:12:26.447 96 96 W ServiceManagement: Waited one second for android.hardware.graphics.composer@2.1::IComposer/default
04-24 00:12:26.447 96 96 I ServiceManagement: getService: Trying again for android.hardware.graphics.composer@2.1::IComposer/default...
04-24 00:12:26.493 135 135 I ServiceManager: Waiting for service 'SurfaceFlinger' on '/dev/binder'...
04-24 00:12:26.593 135 135 I chatty : uid=1000 system_server identical 1 line
04-24 00:12:26.693 135 135 I ServiceManager: Waiting for service 'SurfaceFlinger' on '/dev/binder'...
04-24 00:12:26.764 300 300 D vndksupport: Loading /vendor/lib64/hw/android.hardware.graphics.composer@2.1-impl.so from current namespace instead of sphal namespace.
04-24 00:12:26.766 300 300 D vndksupport: Loading /vendor/lib64/hw/hwcomposer.waydroid.so from current namespace instead of sphal namespace.
04-24 00:12:26.770 300 300 F libc : Fatal signal 11 (SIGSEGV), code 1 (SEGV_MAPERR), fault addr 0x0 in tid 300 (android.hardwar), pid 300 (android.hardwar)
04-24 00:12:26.780 305 305 I crash_dump64: obtaining output fd from tombstoned, type: kDebuggerdTombstone
04-24 00:12:26.781 132 132 I /system/bin/tombstoned: received crash request for pid 300
04-24 00:12:26.781 305 305 I crash_dump64: performing dump of process 300 (target tid = 300)
04-24 00:12:26.781 305 305 F DEBUG : *** *** *** *** *** *** *** *** *** *** *** *** *** *** *** ***
04-24 00:12:26.781 305 305 F DEBUG : LineageOS Version: '17.1-20220316-VANILLA-waydroid_x86_64'
04-24 00:12:26.781 305 305 F DEBUG : Build fingerprint: 'waydroid/lineage_waydroid_x86_64/waydroid_x86_64:10/QQ3A.200805.001/24:userdebug/test-keys'
04-24 00:12:26.781 305 305 F DEBUG : Revision: '0'
04-24 00:12:26.781 305 305 F DEBUG : ABI: 'x86_64'
04-24 00:12:26.782 305 305 F DEBUG : Timestamp: 2022-04-24 00:12:26+0000
04-24 00:12:26.782 305 305 F DEBUG : pid: 300, tid: 300, name: android.hardwar >>> /vendor/bin/hw/android.hardware.graphics.composer@2.1-service <<<
04-24 00:12:26.782 305 305 F DEBUG : uid: 1000
04-24 00:12:26.782 305 305 F DEBUG : signal 11 (SIGSEGV), code 1 (SEGV_MAPERR), fault addr 0x0
04-24 00:12:26.782 305 305 F DEBUG : Cause: null pointer dereference
04-24 00:12:26.782 305 305 F DEBUG : rax 0000003000000018 rbx 0000000000000000 rcx 0000000000000000 rdx 00007f87c35ecfa0
04-24 00:12:26.782 305 305 F DEBUG : r8 0000000000000000 r9 0000000000000000 r10 00000000000003e8 r11 0000000000000246
04-24 00:12:26.782 305 305 F DEBUG : r12 00007f87c3c36520 r13 00007fff704f6271 r14 00007f87c35ecfa0 r15 00007f87c35d4880
04-24 00:12:26.782 305 305 F DEBUG : rdi 0000000000000000 rsi 0000000000000001
04-24 00:12:26.782 305 305 F DEBUG : rbp 0000000000000001 rsp 00007fff704f5f80 rip 00007f87c35e4477
04-24 00:12:26.791 305 305 F DEBUG :
04-24 00:12:26.791 305 305 F DEBUG : backtrace:
04-24 00:12:26.791 305 305 F DEBUG : #00 pc 0000000000017477 /vendor/lib64/hw/hwcomposer.waydroid.so (wl_proxy_marshal_constructor+151) (BuildId: ba1aa518517345952d425af3488d89be)
04-24 00:12:26.791 305 305 F DEBUG : #01 pc 0000000000013c4f /vendor/lib64/hw/hwcomposer.waydroid.so (create_display(char const*)+319) (BuildId: ba1aa518517345952d425af3488d89be)
04-24 00:12:26.791 305 305 F DEBUG : #02 pc 000000000000c857 /vendor/lib64/hw/hwcomposer.waydroid.so (hwc_open(hw_module_t const*, char const*, hw_device_t**)+503) (BuildId: ba1aa518517345952d425af3488d89be)
04-24 00:12:26.791 305 305 F DEBUG : #03 pc 0000000000009402 /vendor/lib64/hw/android.hardware.graphics.composer@2.1-impl.so (android::hardware::graphics::composer::V2_1::passthrough::HwcLoader::openDeviceWithAdapter(hw_module_t const*, bool*)+338) (BuildId: 33211b6bddc64fb5ec7ecc6ee79628d4)
04-24 00:12:26.791 305 305 F DEBUG : #04 pc 00000000000091aa /vendor/lib64/hw/android.hardware.graphics.composer@2.1-impl.so (android::hardware::graphics::composer::V2_1::passthrough::HwcLoader::createHalWithAdapter(hw_module_t const*)+42) (BuildId: 33211b6bddc64fb5ec7ecc6ee79628d4)
04-24 00:12:26.792 305 305 F DEBUG : #05 pc 00000000000090d1 /vendor/lib64/hw/android.hardware.graphics.composer@2.1-impl.so (android::hardware::graphics::composer::V2_1::passthrough::HwcLoader::load()+145) (BuildId: 33211b6bddc64fb5ec7ecc6ee79628d4)
04-24 00:12:26.792 305 305 F DEBUG : #06 pc 0000000000078ab0 /system/lib64/vndk-sp-29/libhidlbase.so (_ZZN7android8hardware25PassthroughServiceManager3getERKNS0_11hidl_stringES4_ENKUlPvRKNSt3__112basic_stringIcNS6_11char_traitsIcEENS6_9allocatorIcEEEESE_E_clES5_SE_SE_+96) (BuildId: 49afbdf22f1712be92a6ab83df7344e6)
04-24 00:12:26.792 305 305 F DEBUG : #07 pc 0000000000073bc3 /system/lib64/vndk-sp-29/libhidlbase.so (android::hardware::PassthroughServiceManager::openLibs(std::__1::basic_string, std::__1::allocator> const&, std::__1::function, std::__1::allocator> const&, std::__1::basic_string, std::__1::allocator> const&)> const&)+2099) (BuildId: 49afbdf22f1712be92a6ab83df7344e6)
04-24 00:12:26.792 305 305 F DEBUG : #08 pc 0000000000076c95 /system/lib64/vndk-sp-29/libhidlbase.so (android::hardware::PassthroughServiceManager::get(android::hardware::hidl_string const&, android::hardware::hidl_string const&)+101) (BuildId: 49afbdf22f1712be92a6ab83df7344e6)
04-24 00:12:26.792 305 305 F DEBUG : #09 pc 00000000000750db /system/lib64/vndk-sp-29/libhidlbase.so (android::hardware::details::getRawServiceInternal(std::__1::basic_string, std::__1::allocator> const&, std::__1::basic_string, std::__1::allocator> const&, bool, bool)+2187) (BuildId: 49afbdf22f1712be92a6ab83df7344e6)
04-24 00:12:26.792 305 305 F DEBUG : #10 pc 000000000002267e /system/lib64/android.hardware.graphics.composer@2.1.so (_ZN7android8hardware7details18getServiceInternalINS0_8graphics8composer4V2_112BpHwComposerENS5_9IComposerEvvEENS_2spIT0_EERKNSt3__112basic_stringIcNSB_11char_traitsIcEENSB_9allocatorIcEEEEbb+206) (BuildId: bd02fb1f1023ef1129e3c492282bfbac)
04-24 00:12:26.792 305 305 F DEBUG : #11 pc 000000000002281f /system/lib64/android.hardware.graphics.composer@2.1.so (android::hardware::graphics::composer::V2_1::IComposer::getService(std::__1::basic_string, std::__1::allocator> const&, bool)+15) (BuildId: bd02fb1f1023ef1129e3c492282bfbac)
04-24 00:12:26.792 305 305 F DEBUG : #12 pc 00000000000011f8 /vendor/bin/hw/android.hardware.graphics.composer@2.1-service (BuildId: 4d1c499b56de73e1f1be9cd13b38523f)
04-24 00:12:26.792 305 305 F DEBUG : #13 pc 0000000000001180 /vendor/bin/hw/android.hardware.graphics.composer@2.1-service (main+288) (BuildId: 4d1c499b56de73e1f1be9cd13b38523f)
04-24 00:12:26.792 305 305 F DEBUG : #14 pc 000000000008a985 /apex/com.android.runtime/lib64/bionic/libc.so (__libc_init+117) (BuildId: dba957b2d0024c9be494925fc318853c)
04-24 00:12:26.794 135 135 I ServiceManager: Waiting for service 'SurfaceFlinger' on '/dev/binder'...
04-24 00:12:26.823 305 305 E crash_dump64: unable to connect to activity manager: No such file or directory
04-24 00:12:26.824 132 132 E /system/bin/tombstoned: Tombstone written to: /data/tombstones/tombstone_26
04-24 00:12:26.826 35 35 I apexd : Updatable crashing, attempting rollback
04-24 00:12:26.826 35 35 E apexd : Rollback failed : Rollback requested, when there are no active sessions.
04-24 00:12:26.836 312 312 I /system/bin/flags_health_check: ServerConfigurableFlagsReset reset_mode value: 1
04-24 00:12:26.836 312 312 I /system/bin/flags_health_check: ServerConfigurableFlagsReset updatable crashing detected, resetting flags.
04-24 00:12:26.894 135 135 I ServiceManager: Waiting for service 'SurfaceFlinger' on '/dev/binder'...
04-24 00:12:26.956 313 313 D vndksupport: Loading /vendor/lib64/hw/android.hardware.graphics.allocator@2.0-impl.so from current namespace instead of sphal namespace.
04-24 00:12:26.956 313 313 D vndksupport: Loading /vendor/lib64/hw/gralloc.gbm.so from current namespace instead of sphal namespace.
04-24 00:12:26.957 313 313 E GRALLOC-GBM: failed to open /dev/dri/renderD128
04-24 00:12:26.957 313 313 E AllocatorHal: failed to open gralloc0 device: Invalid argument
04-24 00:12:26.957 313 313 E android.hardware.graphics.allocator@2.0-service: Could not get passthrough implementation for android.hardware.graphics.allocator@2.0::IAllocator/default.
04-24 00:12:26.958 1 1 W libc : Unable to set property "ro.init.updatable_crashing_process_name" to "vendor.gralloc-2-0": error code: 0xb
04-24 00:12:26.958 1 1 W libc : Unable to set property "ro.init.updatable_crashing" to "1": error code: 0xb
04-24 00:12:26.994 135 135 I ServiceManager: Waiting for service 'SurfaceFlinger' on '/dev/binder'...
04-24 00:12:27.296 135 135 I chatty : uid=1000 system_server identical 3 lines
04-24 00:12:27.396 135 135 I ServiceManager: Waiting for service 'SurfaceFlinger' on '/dev/binder'...
04-24 00:12:27.447 96 96 W ServiceManagement: Waited one second for android.hardware.graphics.composer@2.1::IComposer/default
04-24 00:12:27.448 96 96 I ServiceManagement: getService: Trying again for android.hardware.graphics.composer@2.1::IComposer/default...
04-24 00:12:27.497 135 135 I ServiceManager: Waiting for service 'SurfaceFlinger' on '/dev/binder'...
04-24 00:12:28.301 135 135 I chatty : uid=1000 system_server identical 8 lines
04-24 00:12:28.402 135 135 I ServiceManager: Waiting for service 'SurfaceFlinger' on '/dev/binder'...
04-24 00:12:28.448 96 96 W ServiceManagement: Waited one second for android.hardware.graphics.composer@2.1::IComposer/default
04-24 00:12:28.448 96 96 I ServiceManagement: getService: Trying again for android.hardware.graphics.composer@2.1::IComposer/default...
04-24 00:12:28.502 135 135 I ServiceManager: Waiting for service 'SurfaceFlinger' on '/dev/binder'...
04-24 00:12:29.304 135 135 I chatty : uid=1000 system_server identical 8 lines
04-24 00:12:29.404 135 135 I ServiceManager: Waiting for service 'SurfaceFlinger' on '/dev/binder'...
04-24 00:12:29.448 96 96 W ServiceManagement: Waited one second for android.hardware.graphics.composer@2.1::IComposer/default
04-24 00:12:29.449 96 96 I ServiceManagement: getService: Trying again for android.hardware.graphics.composer@2.1::IComposer/default...
04-24 00:12:29.505 135 135 I ServiceManager: Waiting for service 'SurfaceFlinger' on '/dev/binder'...
04-24 00:12:29.605 135 135 W ServiceManager: Service SurfaceFlinger didn't start. Returning NULL
04-24 00:12:29.855 135 135 I ServiceManager: Waiting for service 'SurfaceFlinger' on '/dev/binder'...
04-24 00:12:30.257 135 135 I chatty : uid=1000 system_server identical 4 lines
04-24 00:12:30.357 135 135 I ServiceManager: Waiting for service 'SurfaceFlinger' on '/dev/binder'...
04-24 00:12:30.449 96 96 W ServiceManagement: Waited one second for android.hardware.graphics.composer@2.1::IComposer/default
04-24 00:12:30.449 96 96 I ServiceManagement: getService: Trying again for android.hardware.graphics.composer@2.1::IComposer/default...
04-24 00:12:30.457 135 135 I ServiceManager: Waiting for service 'SurfaceFlinger' on '/dev/binder'...
04-24 00:12:31.259 135 135 I chatty : uid=1000 system_server identical 8 lines
04-24 00:12:31.359 135 135 I ServiceManager: Waiting for service 'SurfaceFlinger' on '/dev/binder'...
04-24 00:12:31.449 96 96 W ServiceManagement: Waited one second for android.hardware.graphics.composer@2.1::IComposer/default
04-24 00:12:31.450 96 96 I ServiceManagement: getService: Trying again for android.hardware.graphics.composer@2.1::IComposer/default...
04-24 00:12:31.460 135 135 I ServiceManager: Waiting for service 'SurfaceFlinger' on '/dev/binder'...
04-24 00:12:31.660 135 135 I chatty : uid=1000 system_server identical 2 lines
04-24 00:12:31.760 135 135 I ServiceManager: Waiting for service 'SurfaceFlinger' on '/dev/binder'...
04-24 00:12:31.768 319 319 D vndksupport: Loading /vendor/lib64/hw/android.hardware.graphics.composer@2.1-impl.so from current namespace instead of sphal namespace.
04-24 00:12:31.769 319 319 D vndksupport: Loading /vendor/lib64/hw/hwcomposer.waydroid.so from current namespace instead of sphal namespace.
04-24 00:12:31.771 319 319 F libc : Fatal signal 11 (SIGSEGV), code 1 (SEGV_MAPERR), fault addr 0x0 in tid 319 (android.hardwar), pid 319 (android.hardwar)
04-24 00:12:31.779 324 324 I crash_dump64: obtaining output fd from tombstoned, type: kDebuggerdTombstone
04-24 00:12:31.779 132 132 I /system/bin/tombstoned: received crash request for pid 319
04-24 00:12:31.779 324 324 I crash_dump64: performing dump of process 319 (target tid = 319)
04-24 00:12:31.780 324 324 F DEBUG : *** *** *** *** *** *** *** *** *** *** *** *** *** *** *** ***
04-24 00:12:31.780 324 324 F DEBUG : LineageOS Version: '17.1-20220316-VANILLA-waydroid_x86_64'
04-24 00:12:31.780 324 324 F DEBUG : Build fingerprint: 'waydroid/lineage_waydroid_x86_64/waydroid_x86_64:10/QQ3A.200805.001/24:userdebug/test-keys'
04-24 00:12:31.780 324 324 F DEBUG : Revision: '0'
04-24 00:12:31.780 324 324 F DEBUG : ABI: 'x86_64'
04-24 00:12:31.780 324 324 F DEBUG : Timestamp: 2022-04-24 00:12:31+0000
04-24 00:12:31.780 324 324 F DEBUG : pid: 319, tid: 319, name: android.hardwar >>> /vendor/bin/hw/android.hardware.graphics.composer@2.1-service <<<
04-24 00:12:31.780 324 324 F DEBUG : uid: 1000
04-24 00:12:31.780 324 324 F DEBUG : signal 11 (SIGSEGV), code 1 (SEGV_MAPERR), fault addr 0x0
04-24 00:12:31.780 324 324 F DEBUG : Cause: null pointer dereference
04-24 00:12:31.780 324 324 F DEBUG : rax 0000003000000018 rbx 0000000000000000 rcx 0000000000000000 rdx 00007f6720028fa0
04-24 00:12:31.780 324 324 F DEBUG : r8 0000000000000000 r9 0000000000000000 r10 00000000000003e8 r11 0000000000000246
04-24 00:12:31.780 324 324 F DEBUG : r12 00007f6720826520 r13 00007ffc255cf6a1 r14 00007f6720028fa0 r15 00007f6720010880
04-24 00:12:31.780 324 324 F DEBUG : rdi 0000000000000000 rsi 0000000000000001
04-24 00:12:31.780 324 324 F DEBUG : rbp 0000000000000001 rsp 00007ffc255cf3b0 rip 00007f6720020477
04-24 00:12:31.787 324 324 F DEBUG :
04-24 00:12:31.787 324 324 F DEBUG : backtrace:
04-24 00:12:31.787 324 324 F DEBUG : #00 pc 0000000000017477 /vendor/lib64/hw/hwcomposer.waydroid.so (wl_proxy_marshal_constructor+151) (BuildId: ba1aa518517345952d425af3488d89be)
04-24 00:12:31.787 324 324 F DEBUG : #01 pc 0000000000013c4f /vendor/lib64/hw/hwcomposer.waydroid.so (create_display(char const*)+319) (BuildId: ba1aa518517345952d425af3488d89be)
04-24 00:12:31.787 324 324 F DEBUG : #02 pc 000000000000c857 /vendor/lib64/hw/hwcomposer.waydroid.so (hwc_open(hw_module_t const*, char const*, hw_device_t**)+503) (BuildId: ba1aa518517345952d425af3488d89be)
04-24 00:12:31.787 324 324 F DEBUG : #03 pc 0000000000009402 /vendor/lib64/hw/android.hardware.graphics.composer@2.1-impl.so (android::hardware::graphics::composer::V2_1::passthrough::HwcLoader::openDeviceWithAdapter(hw_module_t const*, bool*)+338) (BuildId: 33211b6bddc64fb5ec7ecc6ee79628d4)
04-24 00:12:31.787 324 324 F DEBUG : #04 pc 00000000000091aa /vendor/lib64/hw/android.hardware.graphics.composer@2.1-impl.so (android::hardware::graphics::composer::V2_1::passthrough::HwcLoader::createHalWithAdapter(hw_module_t const*)+42) (BuildId: 33211b6bddc64fb5ec7ecc6ee79628d4)
04-24 00:12:31.787 324 324 F DEBUG : #05 pc 00000000000090d1 /vendor/lib64/hw/android.hardware.graphics.composer@2.1-impl.so (android::hardware::graphics::composer::V2_1::passthrough::HwcLoader::load()+145) (BuildId: 33211b6bddc64fb5ec7ecc6ee79628d4)
04-24 00:12:31.787 324 324 F DEBUG : #06 pc 0000000000078ab0 /system/lib64/vndk-sp-29/libhidlbase.so (_ZZN7android8hardware25PassthroughServiceManager3getERKNS0_11hidl_stringES4_ENKUlPvRKNSt3__112basic_stringIcNS6_11char_traitsIcEENS6_9allocatorIcEEEESE_E_clES5_SE_SE_+96) (BuildId: 49afbdf22f1712be92a6ab83df7344e6)
04-24 00:12:31.787 324 324 F DEBUG : #07 pc 0000000000073bc3 /system/lib64/vndk-sp-29/libhidlbase.so (android::hardware::PassthroughServiceManager::openLibs(std::__1::basic_string, std::__1::allocator> const&, std::__1::function, std::__1::allocator> const&, std::__1::basic_string, std::__1::allocator> const&)> const&)+2099) (BuildId: 49afbdf22f1712be92a6ab83df7344e6)
04-24 00:12:31.787 324 324 F DEBUG : #08 pc 0000000000076c95 /system/lib64/vndk-sp-29/libhidlbase.so (android::hardware::PassthroughServiceManager::get(android::hardware::hidl_string const&, android::hardware::hidl_string const&)+101) (BuildId: 49afbdf22f1712be92a6ab83df7344e6)
04-24 00:12:31.787 324 324 F DEBUG : #09 pc 00000000000750db /system/lib64/vndk-sp-29/libhidlbase.so (android::hardware::details::getRawServiceInternal(std::__1::basic_string, std::__1::allocator> const&, std::__1::basic_string, std::__1::allocator> const&, bool, bool)+2187) (BuildId: 49afbdf22f1712be92a6ab83df7344e6)
04-24 00:12:31.787 324 324 F DEBUG : #10 pc 000000000002267e /system/lib64/android.hardware.graphics.composer@2.1.so (_ZN7android8hardware7details18getServiceInternalINS0_8graphics8composer4V2_112BpHwComposerENS5_9IComposerEvvEENS_2spIT0_EERKNSt3__112basic_stringIcNSB_11char_traitsIcEENSB_9allocatorIcEEEEbb+206) (BuildId: bd02fb1f1023ef1129e3c492282bfbac)
04-24 00:12:31.788 324 324 F DEBUG : #11 pc 000000000002281f /system/lib64/android.hardware.graphics.composer@2.1.so (android::hardware::graphics::composer::V2_1::IComposer::getService(std::__1::basic_string, std::__1::allocator> const&, bool)+15) (BuildId: bd02fb1f1023ef1129e3c492282bfbac)
04-24 00:12:31.788 324 324 F DEBUG : #12 pc 00000000000011f8 /vendor/bin/hw/android.hardware.graphics.composer@2.1-service (BuildId: 4d1c499b56de73e1f1be9cd13b38523f)
04-24 00:12:31.788 324 324 F DEBUG : #13 pc 0000000000001180 /vendor/bin/hw/android.hardware.graphics.composer@2.1-service (main+288) (BuildId: 4d1c499b56de73e1f1be9cd13b38523f)
04-24 00:12:31.788 324 324 F DEBUG : #14 pc 000000000008a985 /apex/com.android.runtime/lib64/bionic/libc.so (__libc_init+117) (BuildId: dba957b2d0024c9be494925fc318853c)
04-24 00:12:31.809 324 324 E crash_dump64: unable to connect to activity manager: No such file or directory
04-24 00:12:31.810 132 132 E /system/bin/tombstoned: Tombstone written to: /data/tombstones/tombstone_27
04-24 00:12:31.812 1 1 W libc : Unable to set property "ro.init.updatable_crashing_process_name" to "vendor.hwcomposer-2-1": error code: 0xb
04-24 00:12:31.812 1 1 W libc : Unable to set property "ro.init.updatable_crashing" to "1": error code: 0xb
04-24 00:12:31.861 135 135 I ServiceManager: Waiting for service 'SurfaceFlinger' on '/dev/binder'...
04-24 00:12:31.961 135 135 I ServiceManager: Waiting for service 'SurfaceFlinger' on '/dev/binder'...
04-24 00:12:31.961 331 331 D vndksupport: Loading /vendor/lib64/hw/android.hardware.graphics.allocator@2.0-impl.so from current namespace instead of sphal namespace.
04-24 00:12:31.962 331 331 D vndksupport: Loading /vendor/lib64/hw/gralloc.gbm.so from current namespace instead of sphal namespace.
04-24 00:12:31.962 331 331 E GRALLOC-GBM: failed to open /dev/dri/renderD128
04-24 00:12:31.962 331 331 E AllocatorHal: failed to open gralloc0 device: Invalid argument
04-24 00:12:31.962 331 331 E android.hardware.graphics.allocator@2.0-service: Could not get passthrough implementation for android.hardware.graphics.allocator@2.0::IAllocator/default.
04-24 00:12:31.964 1 1 W libc : Unable to set property "ro.init.updatable_crashing_process_name" to "vendor.gralloc-2-0": error code: 0xb
04-24 00:12:31.964 1 1 W libc : Unable to set property "ro.init.updatable_crashing" to "1": error code: 0xb
04-24 00:12:32.061 135 135 I ServiceManager: Waiting for service 'SurfaceFlinger' on '/dev/binder'...
04-24 00:12:32.262 135 135 I chatty : uid=1000 system_server identical 2 lines
04-24 00:12:32.362 135 135 I ServiceManager: Waiting for service 'SurfaceFlinger' on '/dev/binder'...
04-24 00:12:32.450 96 96 W ServiceManagement: Waited one second for android.hardware.graphics.composer@2.1::IComposer/default
04-24 00:12:32.450 96 96 I ServiceManagement: getService: Trying again for android.hardware.graphics.composer@2.1::IComposer/default...
04-24 00:12:32.462 135 135 I ServiceManager: Waiting for service 'SurfaceFlinger' on '/dev/binder'...
04-24 00:12:33.265 135 135 I chatty : uid=1000 system_server identical 8 lines
04-24 00:12:33.365 135 135 I ServiceManager: Waiting for service 'SurfaceFlinger' on '/dev/binder'...
04-24 00:12:33.451 96 96 W ServiceManagement: Waited one second for android.hardware.graphics.composer@2.1::IComposer/default
04-24 00:12:33.451 96 96 I ServiceManagement: getService: Trying again for android.hardware.graphics.composer@2.1::IComposer/default...
04-24 00:12:33.465 135 135 I ServiceManager: Waiting for service 'SurfaceFlinger' on '/dev/binder'...
04-24 00:12:34.268 135 135 I chatty : uid=1000 system_server identical 8 lines
04-24 00:12:34.368 135 135 I ServiceManager: Waiting for service 'SurfaceFlinger' on '/dev/binder'...
04-24 00:12:34.451 96 96 W ServiceManagement: Waited one second for android.hardware.graphics.composer@2.1::IComposer/default
04-24 00:12:34.452 96 96 I ServiceManagement: getService: Trying again for android.hardware.graphics.composer@2.1::IComposer/default...
04-24 00:12:34.469 135 135 I ServiceManager: Waiting for service 'SurfaceFlinger' on '/dev/binder'...
04-24 00:12:34.670 135 135 I chatty : uid=1000 system_server identical 2 lines
04-24 00:12:34.771 135 135 I ServiceManager: Waiting for service 'SurfaceFlinger' on '/dev/binder'...
04-24 00:12:34.871 135 135 W ServiceManager: Service SurfaceFlinger didn't start. Returning NULL
04-24 00:12:35.122 135 135 I ServiceManager: Waiting for service 'SurfaceFlinger' on '/dev/binder'...
04-24 00:12:35.322 135 135 I chatty : uid=1000 system_server identical 2 lines
04-24 00:12:35.423 135 135 I ServiceManager: Waiting for service 'SurfaceFlinger' on '/dev/binder'...
04-24 00:12:35.452 96 96 W ServiceManagement: Waited one second for android.hardware.graphics.composer@2.1::IComposer/default
04-24 00:12:35.452 96 96 I ServiceManagement: getService: Trying again for android.hardware.graphics.composer@2.1::IComposer/default...
04-24 00:12:35.523 135 135 I ServiceManager: Waiting for service 'SurfaceFlinger' on '/dev/binder'...
04-24 00:12:36.328 135 135 I chatty : uid=1000 system_server identical 8 lines
04-24 00:12:36.428 135 135 I ServiceManager: Waiting for service 'SurfaceFlinger' on '/dev/binder'...
04-24 00:12:36.452 96 96 W ServiceManagement: Waited one second for android.hardware.graphics.composer@2.1::IComposer/default
04-24 00:12:36.453 96 96 I ServiceManagement: getService: Trying again for android.hardware.graphics.composer@2.1::IComposer/default...
04-24 00:12:36.528 135 135 I ServiceManager: Waiting for service 'SurfaceFlinger' on '/dev/binder'...
04-24 00:12:36.629 135 135 I chatty : uid=1000 system_server identical 1 line
04-24 00:12:36.729 135 135 I ServiceManager: Waiting for service 'SurfaceFlinger' on '/dev/binder'...
04-24 00:12:36.768 337 337 D vndksupport: Loading /vendor/lib64/hw/android.hardware.graphics.composer@2.1-impl.so from current namespace instead of sphal namespace.
04-24 00:12:36.770 337 337 D vndksupport: Loading /vendor/lib64/hw/hwcomposer.waydroid.so from current namespace instead of sphal namespace.
04-24 00:12:36.773 337 337 F libc : Fatal signal 11 (SIGSEGV), code 1 (SEGV_MAPERR), fault addr 0x0 in tid 337 (android.hardwar), pid 337 (android.hardwar)
04-24 00:12:36.786 342 342 I crash_dump64: obtaining output fd from tombstoned, type: kDebuggerdTombstone
04-24 00:12:36.787 132 132 I /system/bin/tombstoned: received crash request for pid 337
04-24 00:12:36.787 342 342 I crash_dump64: performing dump of process 337 (target tid = 337)
04-24 00:12:36.787 342 342 F DEBUG : *** *** *** *** *** *** *** *** *** *** *** *** *** *** *** ***
04-24 00:12:36.787 342 342 F DEBUG : LineageOS Version: '17.1-20220316-VANILLA-waydroid_x86_64'
04-24 00:12:36.787 342 342 F DEBUG : Build fingerprint: 'waydroid/lineage_waydroid_x86_64/waydroid_x86_64:10/QQ3A.200805.001/24:userdebug/test-keys'
04-24 00:12:36.787 342 342 F DEBUG : Revision: '0'
04-24 00:12:36.787 342 342 F DEBUG : ABI: 'x86_64'
04-24 00:12:36.788 342 342 F DEBUG : Timestamp: 2022-04-24 00:12:36+0000
04-24 00:12:36.788 342 342 F DEBUG : pid: 337, tid: 337, name: android.hardwar >>> /vendor/bin/hw/android.hardware.graphics.composer@2.1-service <<<
04-24 00:12:36.788 342 342 F DEBUG : uid: 1000
04-24 00:12:36.788 342 342 F DEBUG : signal 11 (SIGSEGV), code 1 (SEGV_MAPERR), fault addr 0x0
04-24 00:12:36.788 342 342 F DEBUG : Cause: null pointer dereference
04-24 00:12:36.788 342 342 F DEBUG : rax 0000003000000018 rbx 0000000000000000 rcx 0000000000000000 rdx 00007f0cb8c72fa0
04-24 00:12:36.788 342 342 F DEBUG : r8 0000000000000000 r9 0000000000000000 r10 00000000000003e8 r11 0000000000000246
04-24 00:12:36.788 342 342 F DEBUG : r12 00007f0cb9426520 r13 00007ffc6c13bb31 r14 00007f0cb8c72fa0 r15 00007f0cb8c5a880
04-24 00:12:36.788 342 342 F DEBUG : rdi 0000000000000000 rsi 0000000000000001
04-24 00:12:36.788 342 342 F DEBUG : rbp 0000000000000001 rsp 00007ffc6c13b840 rip 00007f0cb8c6a477
04-24 00:12:36.796 342 342 F DEBUG :
04-24 00:12:36.796 342 342 F DEBUG : backtrace:
04-24 00:12:36.796 342 342 F DEBUG : #00 pc 0000000000017477 /vendor/lib64/hw/hwcomposer.waydroid.so (wl_proxy_marshal_constructor+151) (BuildId: ba1aa518517345952d425af3488d89be)
04-24 00:12:36.796 342 342 F DEBUG : #01 pc 0000000000013c4f /vendor/lib64/hw/hwcomposer.waydroid.so (create_display(char const*)+319) (BuildId: ba1aa518517345952d425af3488d89be)
04-24 00:12:36.796 342 342 F DEBUG : #02 pc 000000000000c857 /vendor/lib64/hw/hwcomposer.waydroid.so (hwc_open(hw_module_t const*, char const*, hw_device_t**)+503) (BuildId: ba1aa518517345952d425af3488d89be)
04-24 00:12:36.796 342 342 F DEBUG : #03 pc 0000000000009402 /vendor/lib64/hw/android.hardware.graphics.composer@2.1-impl.so (android::hardware::graphics::composer::V2_1::passthrough::HwcLoader::openDeviceWithAdapter(hw_module_t const*, bool*)+338) (BuildId: 33211b6bddc64fb5ec7ecc6ee79628d4)
04-24 00:12:36.796 342 342 F DEBUG : #04 pc 00000000000091aa /vendor/lib64/hw/android.hardware.graphics.composer@2.1-impl.so (android::hardware::graphics::composer::V2_1::passthrough::HwcLoader::createHalWithAdapter(hw_module_t const*)+42) (BuildId: 33211b6bddc64fb5ec7ecc6ee79628d4)
04-24 00:12:36.796 342 342 F DEBUG : #05 pc 00000000000090d1 /vendor/lib64/hw/android.hardware.graphics.composer@2.1-impl.so (android::hardware::graphics::composer::V2_1::passthrough::HwcLoader::load()+145) (BuildId: 33211b6bddc64fb5ec7ecc6ee79628d4)
04-24 00:12:36.796 342 342 F DEBUG : #06 pc 0000000000078ab0 /system/lib64/vndk-sp-29/libhidlbase.so (_ZZN7android8hardware25PassthroughServiceManager3getERKNS0_11hidl_stringES4_ENKUlPvRKNSt3__112basic_stringIcNS6_11char_traitsIcEENS6_9allocatorIcEEEESE_E_clES5_SE_SE_+96) (BuildId: 49afbdf22f1712be92a6ab83df7344e6)
04-24 00:12:36.797 342 342 F DEBUG : #07 pc 0000000000073bc3 /system/lib64/vndk-sp-29/libhidlbase.so (android::hardware::PassthroughServiceManager::openLibs(std::__1::basic_string, std::__1::allocator> const&, std::__1::function, std::__1::allocator> const&, std::__1::basic_string, std::__1::allocator> const&)> const&)+2099) (BuildId: 49afbdf22f1712be92a6ab83df7344e6)
04-24 00:12:36.797 342 342 F DEBUG : #08 pc 0000000000076c95 /system/lib64/vndk-sp-29/libhidlbase.so (android::hardware::PassthroughServiceManager::get(android::hardware::hidl_string const&, android::hardware::hidl_string const&)+101) (BuildId: 49afbdf22f1712be92a6ab83df7344e6)
04-24 00:12:36.797 342 342 F DEBUG : #09 pc 00000000000750db /system/lib64/vndk-sp-29/libhidlbase.so (android::hardware::details::getRawServiceInternal(std::__1::basic_string, std::__1::allocator> const&, std::__1::basic_string, std::__1::allocator> const&, bool, bool)+2187) (BuildId: 49afbdf22f1712be92a6ab83df7344e6)
04-24 00:12:36.797 342 342 F DEBUG : #10 pc 000000000002267e /system/lib64/android.hardware.graphics.composer@2.1.so (_ZN7android8hardware7details18getServiceInternalINS0_8graphics8composer4V2_112BpHwComposerENS5_9IComposerEvvEENS_2spIT0_EERKNSt3__112basic_stringIcNSB_11char_traitsIcEENSB_9allocatorIcEEEEbb+206) (BuildId: bd02fb1f1023ef1129e3c492282bfbac)
04-24 00:12:36.797 342 342 F DEBUG : #11 pc 000000000002281f /system/lib64/android.hardware.graphics.composer@2.1.so (android::hardware::graphics::composer::V2_1::IComposer::getService(std::__1::basic_string, std::__1::allocator> const&, bool)+15) (BuildId: bd02fb1f1023ef1129e3c492282bfbac)
04-24 00:12:36.797 342 342 F DEBUG : #12 pc 00000000000011f8 /vendor/bin/hw/android.hardware.graphics.composer@2.1-service (BuildId: 4d1c499b56de73e1f1be9cd13b38523f)
04-24 00:12:36.797 342 342 F DEBUG : #13 pc 0000000000001180 /vendor/bin/hw/android.hardware.graphics.composer@2.1-service (main+288) (BuildId: 4d1c499b56de73e1f1be9cd13b38523f)
04-24 00:12:36.797 342 342 F DEBUG : #14 pc 000000000008a985 /apex/com.android.runtime/lib64/bionic/libc.so (__libc_init+117) (BuildId: dba957b2d0024c9be494925fc318853c)
04-24 00:12:36.830 135 135 I ServiceManager: Waiting for service 'SurfaceFlinger' on '/dev/binder'...
04-24 00:12:36.834 342 342 E crash_dump64: unable to connect to activity manager: No such file or directory
04-24 00:12:36.834 132 132 E /system/bin/tombstoned: Tombstone written to: /data/tombstones/tombstone_28
04-24 00:12:36.840 1 1 W libc : Unable to set property "ro.init.updatable_crashing_process_name" to "vendor.hwcomposer-2-1": error code: 0xb
04-24 00:12:36.841 1 1 W libc : Unable to set property "ro.init.updatable_crashing" to "1": error code: 0xb
04-24 00:12:36.933 135 135 I ServiceManager: Waiting for service 'SurfaceFlinger' on '/dev/binder'...
04-24 00:12:36.986 349 349 D vndksupport: Loading /vendor/lib64/hw/android.hardware.graphics.allocator@2.0-impl.so from current namespace instead of sphal namespace.
04-24 00:12:36.990 349 349 D vndksupport: Loading /vendor/lib64/hw/gralloc.gbm.so from current namespace instead of sphal namespace.
04-24 00:12:36.995 349 349 E GRALLOC-GBM: failed to open /dev/dri/renderD128
04-24 00:12:36.995 349 349 E AllocatorHal: failed to open gralloc0 device: Invalid argument
04-24 00:12:36.995 349 349 E android.hardware.graphics.allocator@2.0-service: Could not get passthrough implementation for android.hardware.graphics.allocator@2.0::IAllocator/default.
04-24 00:12:37.002 1 1 W libc : Unable to set property "ro.init.updatable_crashing_process_name" to "vendor.gralloc-2-0": error code: 0xb
04-24 00:12:37.002 1 1 W libc : Unable to set property "ro.init.updatable_crashing" to "1": error code: 0xb
04-24 00:12:37.034 135 135 I ServiceManager: Waiting for service 'SurfaceFlinger' on '/dev/binder'...
04-24 00:12:37.336 135 135 I chatty : uid=1000 system_server identical 3 lines
04-24 00:12:37.436 135 135 I ServiceManager: Waiting for service 'SurfaceFlinger' on '/dev/binder'...
04-24 00:12:37.453 96 96 W ServiceManagement: Waited one second for android.hardware.graphics.composer@2.1::IComposer/default
04-24 00:12:37.454 96 96 I ServiceManagement: getService: Trying again for android.hardware.graphics.composer@2.1::IComposer/default...
04-24 00:12:37.537 135 135 I ServiceManager: Waiting for service 'SurfaceFlinger' on '/dev/binder'...
04-24 00:12:38.341 135 135 I chatty : uid=1000 system_server identical 8 lines
04-24 00:12:38.441 135 135 I ServiceManager: Waiting for service 'SurfaceFlinger' on '/dev/binder'...
04-24 00:12:38.454 96 96 W ServiceManagement: Waited one second for android.hardware.graphics.composer@2.1::IComposer/default
04-24 00:12:38.454 96 96 I ServiceManagement: getService: Trying again for android.hardware.graphics.composer@2.1::IComposer/default...
04-24 00:12:38.541 135 135 I ServiceManager: Waiting for service 'SurfaceFlinger' on '/dev/binder'...
04-24 00:12:38.642 135 135 I ServiceManager: Waiting for service 'SurfaceFlinger' on '/dev/binder'...
04-24 00:12:38.706 135 228 I Watchdog: WAITED_HALF
04-24 00:12:38.707 135 228 I android_os_HwBinder: HwBinder: Starting hwbinderthread pool for getting: android.hidl.manager@1.0::IServiceManager/default
04-24 00:12:38.709 135 228 I ActivityManager: dumpStackTraces pids=null nativepids=[130, 54, 72, 59, 76, 125, 14, 93, 96, 106, 107, 114, 116, 117, 118, 119, 125, 130]
04-24 00:12:38.712 135 228 I ActivityManager: Dumping to /data/anr/anr_2022-04-24-00-12-38-712
04-24 00:12:38.712 135 228 I ActivityManager: Collecting stacks for pid 135
04-24 00:12:38.712 135 228 I system_server: libdebuggerd_client: started dumping process 135
04-24 00:12:38.713 132 132 I /system/bin/tombstoned: registered intercept for pid 135 and type kDebuggerdJavaBacktrace
04-24 00:12:38.713 135 145 I system_server: Thread[3,tid=145,WaitingInMainSignalCatcherLoop,Thread*=0x7f488c6af400,peer=0x13340da0,"Signal Catcher"]: reacting to signal 3
04-24 00:12:38.713 135 145 I system_server:
04-24 00:12:38.745 135 135 I ServiceManager: Waiting for service 'SurfaceFlinger' on '/dev/binder'...
04-24 00:12:38.777 132 132 I /system/bin/tombstoned: received crash request for pid 135
04-24 00:12:38.777 132 132 I /system/bin/tombstoned: found intercept fd 512 for pid 135 and type kDebuggerdJavaBacktrace
04-24 00:12:38.777 135 145 I system_server: Wrote stack traces to tombstoned
04-24 00:12:38.778 135 228 I system_server: libdebuggerd_client: done dumping process 135
04-24 00:12:38.786 135 228 I ActivityManager: Collecting stacks for native pid 130
04-24 00:12:38.786 135 228 I system_server: libdebuggerd_client: started dumping process 130
04-24 00:12:38.786 132 132 I /system/bin/tombstoned: registered intercept for pid 130 and type kDebuggerdNativeBacktrace
04-24 00:12:38.786 132 132 I /system/bin/tombstoned: received crash request for pid 130
04-24 00:12:38.786 132 132 I /system/bin/tombstoned: found intercept fd 512 for pid 130 and type kDebuggerdNativeBacktrace
04-24 00:12:38.802 135 228 I system_server: libdebuggerd_client: done dumping process 130
04-24 00:12:38.806 135 228 I ActivityManager: Collecting stacks for native pid 54
04-24 00:12:38.806 135 228 I system_server: libdebuggerd_client: started dumping process 54
04-24 00:12:38.807 132 132 I /system/bin/tombstoned: registered intercept for pid 54 and type kDebuggerdNativeBacktrace
04-24 00:12:38.807 54 54 I libc : Requested dump for tid 54 (audio@2.0-servi)
04-24 00:12:38.819 355 355 I crash_dump32: obtaining output fd from tombstoned, type: kDebuggerdNativeBacktrace
04-24 00:12:38.820 132 132 I /system/bin/tombstoned: received crash request for pid 54
04-24 00:12:38.820 132 132 I /system/bin/tombstoned: found intercept fd 512 for pid 54 and type kDebuggerdNativeBacktrace
04-24 00:12:38.820 355 355 I crash_dump32: performing dump of process 54 (target tid = 54)
04-24 00:12:38.831 135 228 I system_server: libdebuggerd_client: done dumping process 54
04-24 00:12:38.835 135 228 I ActivityManager: Collecting stacks for native pid 72
04-24 00:12:38.835 135 228 I system_server: libdebuggerd_client: started dumping process 72
04-24 00:12:38.835 132 132 I /system/bin/tombstoned: registered intercept for pid 72 and type kDebuggerdNativeBacktrace
04-24 00:12:38.835 72 72 I libc : Requested dump for tid 72 (health@2.0-serv)
04-24 00:12:38.845 360 360 I crash_dump64: obtaining output fd from tombstoned, type: kDebuggerdNativeBacktrace
04-24 00:12:38.845 132 132 I /system/bin/tombstoned: received crash request for pid 72
04-24 00:12:38.845 132 132 I /system/bin/tombstoned: found intercept fd 512 for pid 72 and type kDebuggerdNativeBacktrace
04-24 00:12:38.845 135 135 I ServiceManager: Waiting for service 'SurfaceFlinger' on '/dev/binder'...
04-24 00:12:38.845 360 360 I crash_dump64: performing dump of process 72 (target tid = 72)
04-24 00:12:38.847 135 228 I system_server: libdebuggerd_client: done dumping process 72
04-24 00:12:38.850 135 228 I ActivityManager: Collecting stacks for native pid 59
04-24 00:12:38.850 135 228 I system_server: libdebuggerd_client: started dumping process 59
04-24 00:12:38.850 132 132 I /system/bin/tombstoned: registered intercept for pid 59 and type kDebuggerdNativeBacktrace
04-24 00:12:38.850 59 59 I libc : Requested dump for tid 59 (provider@2.4-se)
04-24 00:12:38.864 365 365 I crash_dump32: obtaining output fd from tombstoned, type: kDebuggerdNativeBacktrace
04-24 00:12:38.864 132 132 I /system/bin/tombstoned: received crash request for pid 59
04-24 00:12:38.864 132 132 I /system/bin/tombstoned: found intercept fd 512 for pid 59 and type kDebuggerdNativeBacktrace
04-24 00:12:38.864 365 365 I crash_dump32: performing dump of process 59 (target tid = 59)
04-24 00:12:38.873 135 228 I system_server: libdebuggerd_client: done dumping process 59
04-24 00:12:38.882 135 228 I ActivityManager: Collecting stacks for native pid 76
04-24 00:12:38.882 135 228 I system_server: libdebuggerd_client: started dumping process 76
04-24 00:12:38.882 132 132 I /system/bin/tombstoned: registered intercept for pid 76 and type kDebuggerdNativeBacktrace
04-24 00:12:38.882 76 76 I libc : Requested dump for tid 76 (sensors@1.0-ser)
04-24 00:12:38.895 370 370 I crash_dump64: obtaining output fd from tombstoned, type: kDebuggerdNativeBacktrace
04-24 00:12:38.895 132 132 I /system/bin/tombstoned: received crash request for pid 76
04-24 00:12:38.895 132 132 I /system/bin/tombstoned: found intercept fd 512 for pid 76 and type kDebuggerdNativeBacktrace
04-24 00:12:38.895 370 370 I crash_dump64: performing dump of process 76 (target tid = 76)
04-24 00:12:38.902 135 228 I system_server: libdebuggerd_client: done dumping process 76
04-24 00:12:38.906 135 228 I ActivityManager: Collecting stacks for native pid 125
04-24 00:12:38.906 135 228 I system_server: libdebuggerd_client: started dumping process 125
04-24 00:12:38.907 132 132 I /system/bin/tombstoned: registered intercept for pid 125 and type kDebuggerdNativeBacktrace
04-24 00:12:38.907 132 132 I /system/bin/tombstoned: received crash request for pid 125
04-24 00:12:38.907 132 132 I /system/bin/tombstoned: found intercept fd 512 for pid 125 and type kDebuggerdNativeBacktrace
04-24 00:12:38.946 135 135 I ServiceManager: Waiting for service 'SurfaceFlinger' on '/dev/binder'...
04-24 00:12:38.947 135 228 I system_server: libdebuggerd_client: done dumping process 125
04-24 00:12:38.952 135 228 I ActivityManager: Collecting stacks for native pid 14
04-24 00:12:38.952 135 228 I system_server: libdebuggerd_client: started dumping process 14
04-24 00:12:38.953 132 132 I /system/bin/tombstoned: registered intercept for pid 14 and type kDebuggerdNativeBacktrace
04-24 00:12:38.953 14 14 I libc : Requested dump for tid 14 (Binder:14_2)
04-24 00:12:38.966 375 375 I crash_dump64: obtaining output fd from tombstoned, type: kDebuggerdNativeBacktrace
04-24 00:12:38.966 132 132 I /system/bin/tombstoned: received crash request for pid 14
04-24 00:12:38.966 132 132 I /system/bin/tombstoned: found intercept fd 512 for pid 14 and type kDebuggerdNativeBacktrace
04-24 00:12:38.966 375 375 I crash_dump64: performing dump of process 14 (target tid = 14)
04-24 00:12:38.974 135 228 I system_server: libdebuggerd_client: done dumping process 14
04-24 00:12:38.978 135 228 I ActivityManager: Collecting stacks for native pid 93
04-24 00:12:38.978 135 228 I system_server: libdebuggerd_client: started dumping process 93
04-24 00:12:38.978 132 132 I /system/bin/tombstoned: registered intercept for pid 93 and type kDebuggerdNativeBacktrace
04-24 00:12:38.978 93 93 I libc : Requested dump for tid 93 (audioserver)
04-24 00:12:38.999 380 380 I crash_dump64: obtaining output fd from tombstoned, type: kDebuggerdNativeBacktrace
04-24 00:12:38.999 132 132 I /system/bin/tombstoned: received crash request for pid 93
04-24 00:12:38.999 132 132 I /system/bin/tombstoned: found intercept fd 512 for pid 93 and type kDebuggerdNativeBacktrace
04-24 00:12:38.999 380 380 I crash_dump64: performing dump of process 93 (target tid = 93)
04-24 00:12:39.015 135 228 I system_server: libdebuggerd_client: done dumping process 93
04-24 00:12:39.022 135 228 I ActivityManager: Collecting stacks for native pid 96
04-24 00:12:39.022 135 228 I system_server: libdebuggerd_client: started dumping process 96
04-24 00:12:39.022 132 132 I /system/bin/tombstoned: registered intercept for pid 96 and type kDebuggerdNativeBacktrace
04-24 00:12:39.022 96 96 I libc : Requested dump for tid 96 (surfaceflinger)
04-24 00:12:39.040 385 385 I crash_dump64: obtaining output fd from tombstoned, type: kDebuggerdNativeBacktrace
04-24 00:12:39.041 132 132 I /system/bin/tombstoned: received crash request for pid 96
04-24 00:12:39.041 132 132 I /system/bin/tombstoned: found intercept fd 512 for pid 96 and type kDebuggerdNativeBacktrace
04-24 00:12:39.042 385 385 I crash_dump64: performing dump of process 96 (target tid = 96)
04-24 00:12:39.046 135 135 I ServiceManager: Waiting for service 'SurfaceFlinger' on '/dev/binder'...
04-24 00:12:39.113 135 228 I system_server: libdebuggerd_client: done dumping process 96
04-24 00:12:39.118 135 228 I ActivityManager: Collecting stacks for native pid 106
04-24 00:12:39.118 135 228 I system_server: libdebuggerd_client: started dumping process 106
04-24 00:12:39.118 132 132 I /system/bin/tombstoned: registered intercept for pid 106 and type kDebuggerdNativeBacktrace
04-24 00:12:39.119 106 106 I libc : Requested dump for tid 106 (cameraserver)
04-24 00:12:39.136 390 390 I crash_dump32: obtaining output fd from tombstoned, type: kDebuggerdNativeBacktrace
