04-24 00:12:39.137 132 132 I /system/bin/tombstoned: received crash request for pid 106
04-24 00:12:39.137 132 132 I /system/bin/tombstoned: found intercept fd 512 for pid 106 and type kDebuggerdNativeBacktrace
04-24 00:12:39.137 390 390 I crash_dump32: performing dump of process 106 (target tid = 106)
04-24 00:12:39.148 135 135 I ServiceManager: Waiting for service 'SurfaceFlinger' on '/dev/binder'...
04-24 00:12:39.154 135 228 I system_server: libdebuggerd_client: done dumping process 106
04-24 00:12:39.166 135 228 I ActivityManager: Collecting stacks for native pid 107
04-24 00:12:39.166 135 228 I system_server: libdebuggerd_client: started dumping process 107
04-24 00:12:39.166 132 132 I /system/bin/tombstoned: registered intercept for pid 107 and type kDebuggerdNativeBacktrace
04-24 00:12:39.166 107 107 I libc : Requested dump for tid 107 (drmserver)
04-24 00:12:39.179 396 396 I crash_dump32: obtaining output fd from tombstoned, type: kDebuggerdNativeBacktrace
04-24 00:12:39.179 132 132 I /system/bin/tombstoned: received crash request for pid 107
04-24 00:12:39.179 132 132 I /system/bin/tombstoned: found intercept fd 512 for pid 107 and type kDebuggerdNativeBacktrace
04-24 00:12:39.179 396 396 I crash_dump32: performing dump of process 107 (target tid = 107)
04-24 00:12:39.190 135 228 I system_server: libdebuggerd_client: done dumping process 107
04-24 00:12:39.196 135 228 I ActivityManager: Collecting stacks for native pid 114
04-24 00:12:39.196 135 228 I system_server: libdebuggerd_client: started dumping process 114
04-24 00:12:39.196 132 132 I /system/bin/tombstoned: registered intercept for pid 114 and type kDebuggerdNativeBacktrace
04-24 00:12:39.196 114 114 I libc : Requested dump for tid 114 (mediadrmserver)
04-24 00:12:39.207 402 402 I crash_dump32: obtaining output fd from tombstoned, type: kDebuggerdNativeBacktrace
04-24 00:12:39.208 132 132 I /system/bin/tombstoned: received crash request for pid 114
04-24 00:12:39.208 132 132 I /system/bin/tombstoned: found intercept fd 512 for pid 114 and type kDebuggerdNativeBacktrace
04-24 00:12:39.208 402 402 I crash_dump32: performing dump of process 114 (target tid = 114)
04-24 00:12:39.216 135 228 I system_server: libdebuggerd_client: done dumping process 114
04-24 00:12:39.223 135 228 I ActivityManager: Collecting stacks for native pid 116
04-24 00:12:39.223 135 228 I system_server: libdebuggerd_client: started dumping process 116
04-24 00:12:39.223 132 132 I /system/bin/tombstoned: registered intercept for pid 116 and type kDebuggerdNativeBacktrace
04-24 00:12:39.223 132 132 I /system/bin/tombstoned: received crash request for pid 116
04-24 00:12:39.223 132 132 I /system/bin/tombstoned: found intercept fd 512 for pid 116 and type kDebuggerdNativeBacktrace
04-24 00:12:39.235 135 228 I system_server: libdebuggerd_client: done dumping process 116
04-24 00:12:39.238 135 228 I ActivityManager: Collecting stacks for native pid 117
04-24 00:12:39.238 135 228 I system_server: libdebuggerd_client: started dumping process 117
04-24 00:12:39.238 132 132 I /system/bin/tombstoned: registered intercept for pid 117 and type kDebuggerdNativeBacktrace
04-24 00:12:39.238 117 117 I libc : Requested dump for tid 117 (mediametrics)
04-24 00:12:39.248 135 135 I ServiceManager: Waiting for service 'SurfaceFlinger' on '/dev/binder'...
04-24 00:12:39.252 408 408 I crash_dump64: obtaining output fd from tombstoned, type: kDebuggerdNativeBacktrace
04-24 00:12:39.253 132 132 I /system/bin/tombstoned: received crash request for pid 117
04-24 00:12:39.253 132 132 I /system/bin/tombstoned: found intercept fd 512 for pid 117 and type kDebuggerdNativeBacktrace
04-24 00:12:39.253 408 408 I crash_dump64: performing dump of process 117 (target tid = 117)
04-24 00:12:39.260 135 228 I system_server: libdebuggerd_client: done dumping process 117
04-24 00:12:39.270 135 228 I ActivityManager: Collecting stacks for native pid 118
04-24 00:12:39.270 135 228 I system_server: libdebuggerd_client: started dumping process 118
04-24 00:12:39.270 132 132 I /system/bin/tombstoned: registered intercept for pid 118 and type kDebuggerdNativeBacktrace
04-24 00:12:39.270 118 118 I libc : Requested dump for tid 118 (mediaserver)
04-24 00:12:39.284 414 414 I crash_dump32: obtaining output fd from tombstoned, type: kDebuggerdNativeBacktrace
04-24 00:12:39.284 132 132 I /system/bin/tombstoned: received crash request for pid 118
04-24 00:12:39.284 132 132 I /system/bin/tombstoned: found intercept fd 512 for pid 118 and type kDebuggerdNativeBacktrace
04-24 00:12:39.284 414 414 I crash_dump32: performing dump of process 118 (target tid = 118)
04-24 00:12:39.291 135 228 I system_server: libdebuggerd_client: done dumping process 118
04-24 00:12:39.297 135 228 I ActivityManager: Collecting stacks for native pid 119
04-24 00:12:39.297 135 228 I system_server: libdebuggerd_client: started dumping process 119
04-24 00:12:39.297 132 132 I /system/bin/tombstoned: registered intercept for pid 119 and type kDebuggerdNativeBacktrace
04-24 00:12:39.298 119 119 I libc : Requested dump for tid 119 (Binder:119_2)
04-24 00:12:39.312 420 420 I crash_dump64: obtaining output fd from tombstoned, type: kDebuggerdNativeBacktrace
04-24 00:12:39.313 132 132 I /system/bin/tombstoned: received crash request for pid 119
04-24 00:12:39.313 132 132 I /system/bin/tombstoned: found intercept fd 512 for pid 119 and type kDebuggerdNativeBacktrace
04-24 00:12:39.313 420 420 I crash_dump64: performing dump of process 119 (target tid = 119)
04-24 00:12:39.330 135 228 I system_server: libdebuggerd_client: done dumping process 119
04-24 00:12:39.337 135 228 I ActivityManager: Collecting stacks for native pid 125
04-24 00:12:39.337 135 228 I system_server: libdebuggerd_client: started dumping process 125
04-24 00:12:39.339 132 132 I /system/bin/tombstoned: registered intercept for pid 125 and type kDebuggerdNativeBacktrace
04-24 00:12:39.339 132 132 I /system/bin/tombstoned: received crash request for pid 125
04-24 00:12:39.339 132 132 I /system/bin/tombstoned: found intercept fd 512 for pid 125 and type kDebuggerdNativeBacktrace
04-24 00:12:39.348 135 135 I ServiceManager: Waiting for service 'SurfaceFlinger' on '/dev/binder'...
04-24 00:12:39.380 135 228 I system_server: libdebuggerd_client: done dumping process 125
04-24 00:12:39.389 135 228 I ActivityManager: Collecting stacks for native pid 130
04-24 00:12:39.389 135 228 I system_server: libdebuggerd_client: started dumping process 130
04-24 00:12:39.389 132 132 I /system/bin/tombstoned: registered intercept for pid 130 and type kDebuggerdNativeBacktrace
04-24 00:12:39.389 132 132 I /system/bin/tombstoned: received crash request for pid 130
04-24 00:12:39.390 132 132 I /system/bin/tombstoned: found intercept fd 512 for pid 130 and type kDebuggerdNativeBacktrace
04-24 00:12:39.405 135 228 I system_server: libdebuggerd_client: done dumping process 130
04-24 00:12:39.410 135 228 I ActivityManager: Done dumping
04-24 00:12:39.449 135 135 I ServiceManager: Waiting for service 'SurfaceFlinger' on '/dev/binder'...
04-24 00:12:39.455 96 96 W ServiceManagement: Waited one second for android.hardware.graphics.composer@2.1::IComposer/default
04-24 00:12:39.455 96 96 I ServiceManagement: getService: Trying again for android.hardware.graphics.composer@2.1::IComposer/default...
04-24 00:12:39.549 135 135 I ServiceManager: Waiting for service 'SurfaceFlinger' on '/dev/binder'...
04-24 00:12:39.951 135 135 I chatty : uid=1000 system_server identical 4 lines
04-24 00:12:40.051 135 135 I ServiceManager: Waiting for service 'SurfaceFlinger' on '/dev/binder'...
04-24 00:12:40.151 135 135 W ServiceManager: Service SurfaceFlinger didn't start. Returning NULL
04-24 00:12:40.402 135 135 I ServiceManager: Waiting for service 'SurfaceFlinger' on '/dev/binder'...
04-24 00:12:40.455 96 96 W ServiceManagement: Waited one second for android.hardware.graphics.composer@2.1::IComposer/default
04-24 00:12:40.456 96 96 I ServiceManagement: getService: Trying again for android.hardware.graphics.composer@2.1::IComposer/default...
04-24 00:12:40.502 135 135 I ServiceManager: Waiting for service 'SurfaceFlinger' on '/dev/binder'...
04-24 00:12:41.305 135 135 I chatty : uid=1000 system_server identical 8 lines
04-24 00:12:41.406 135 135 I ServiceManager: Waiting for service 'SurfaceFlinger' on '/dev/binder'...
04-24 00:12:41.456 96 96 W ServiceManagement: Waited one second for android.hardware.graphics.composer@2.1::IComposer/default
04-24 00:12:41.456 96 96 I ServiceManagement: getService: Trying again for android.hardware.graphics.composer@2.1::IComposer/default...
04-24 00:12:41.506 135 135 I ServiceManager: Waiting for service 'SurfaceFlinger' on '/dev/binder'...
04-24 00:12:41.606 135 135 I chatty : uid=1000 system_server identical 1 line
04-24 00:12:41.707 135 135 I ServiceManager: Waiting for service 'SurfaceFlinger' on '/dev/binder'...
04-24 00:12:41.768 426 426 D vndksupport: Loading /vendor/lib64/hw/android.hardware.graphics.composer@2.1-impl.so from current namespace instead of sphal namespace.
04-24 00:12:41.770 426 426 D vndksupport: Loading /vendor/lib64/hw/hwcomposer.waydroid.so from current namespace instead of sphal namespace.
04-24 00:12:41.773 426 426 F libc : Fatal signal 11 (SIGSEGV), code 1 (SEGV_MAPERR), fault addr 0x0 in tid 426 (android.hardwar), pid 426 (android.hardwar)
04-24 00:12:41.786 431 431 I crash_dump64: obtaining output fd from tombstoned, type: kDebuggerdTombstone
04-24 00:12:41.787 132 132 I /system/bin/tombstoned: received crash request for pid 426
04-24 00:12:41.787 431 431 I crash_dump64: performing dump of process 426 (target tid = 426)
04-24 00:12:41.789 431 431 F DEBUG : *** *** *** *** *** *** *** *** *** *** *** *** *** *** *** ***
04-24 00:12:41.789 431 431 F DEBUG : LineageOS Version: '17.1-20220316-VANILLA-waydroid_x86_64'
04-24 00:12:41.789 431 431 F DEBUG : Build fingerprint: 'waydroid/lineage_waydroid_x86_64/waydroid_x86_64:10/QQ3A.200805.001/24:userdebug/test-keys'
04-24 00:12:41.789 431 431 F DEBUG : Revision: '0'
04-24 00:12:41.789 431 431 F DEBUG : ABI: 'x86_64'
04-24 00:12:41.790 431 431 F DEBUG : Timestamp: 2022-04-24 00:12:41+0000
04-24 00:12:41.790 431 431 F DEBUG : pid: 426, tid: 426, name: android.hardwar >>> /vendor/bin/hw/android.hardware.graphics.composer@2.1-service <<<
04-24 00:12:41.790 431 431 F DEBUG : uid: 1000
04-24 00:12:41.790 431 431 F DEBUG : signal 11 (SIGSEGV), code 1 (SEGV_MAPERR), fault addr 0x0
04-24 00:12:41.790 431 431 F DEBUG : Cause: null pointer dereference
04-24 00:12:41.790 431 431 F DEBUG : rax 0000003000000018 rbx 0000000000000000 rcx 0000000000000000 rdx 00007f380c773fa0
04-24 00:12:41.790 431 431 F DEBUG : r8 0000000000000000 r9 0000000000000000 r10 00000000000003e8 r11 0000000000000246
04-24 00:12:41.790 431 431 F DEBUG : r12 00007f380d02c520 r13 00007ffe50227ce1 r14 00007f380c773fa0 r15 00007f380c75b880
04-24 00:12:41.790 431 431 F DEBUG : rdi 0000000000000000 rsi 0000000000000001
04-24 00:12:41.790 431 431 F DEBUG : rbp 0000000000000001 rsp 00007ffe502279f0 rip 00007f380c76b477
04-24 00:12:41.807 135 135 I ServiceManager: Waiting for service 'SurfaceFlinger' on '/dev/binder'...
04-24 00:12:41.811 431 431 F DEBUG :
04-24 00:12:41.811 431 431 F DEBUG : backtrace:
04-24 00:12:41.813 431 431 F DEBUG : #00 pc 0000000000017477 /vendor/lib64/hw/hwcomposer.waydroid.so (wl_proxy_marshal_constructor+151) (BuildId: ba1aa518517345952d425af3488d89be)
04-24 00:12:41.813 431 431 F DEBUG : #01 pc 0000000000013c4f /vendor/lib64/hw/hwcomposer.waydroid.so (create_display(char const*)+319) (BuildId: ba1aa518517345952d425af3488d89be)
04-24 00:12:41.813 431 431 F DEBUG : #02 pc 000000000000c857 /vendor/lib64/hw/hwcomposer.waydroid.so (hwc_open(hw_module_t const*, char const*, hw_device_t**)+503) (BuildId: ba1aa518517345952d425af3488d89be)
04-24 00:12:41.813 431 431 F DEBUG : #03 pc 0000000000009402 /vendor/lib64/hw/android.hardware.graphics.composer@2.1-impl.so (android::hardware::graphics::composer::V2_1::passthrough::HwcLoader::openDeviceWithAdapter(hw_module_t const*, bool*)+338) (BuildId: 33211b6bddc64fb5ec7ecc6ee79628d4)
04-24 00:12:41.813 431 431 F DEBUG : #04 pc 00000000000091aa /vendor/lib64/hw/android.hardware.graphics.composer@2.1-impl.so (android::hardware::graphics::composer::V2_1::passthrough::HwcLoader::createHalWithAdapter(hw_module_t const*)+42) (BuildId: 33211b6bddc64fb5ec7ecc6ee79628d4)
04-24 00:12:41.813 431 431 F DEBUG : #05 pc 00000000000090d1 /vendor/lib64/hw/android.hardware.graphics.composer@2.1-impl.so (android::hardware::graphics::composer::V2_1::passthrough::HwcLoader::load()+145) (BuildId: 33211b6bddc64fb5ec7ecc6ee79628d4)
04-24 00:12:41.813 431 431 F DEBUG : #06 pc 0000000000078ab0 /system/lib64/vndk-sp-29/libhidlbase.so (_ZZN7android8hardware25PassthroughServiceManager3getERKNS0_11hidl_stringES4_ENKUlPvRKNSt3__112basic_stringIcNS6_11char_traitsIcEENS6_9allocatorIcEEEESE_E_clES5_SE_SE_+96) (BuildId: 49afbdf22f1712be92a6ab83df7344e6)
04-24 00:12:41.813 431 431 F DEBUG : #07 pc 0000000000073bc3 /system/lib64/vndk-sp-29/libhidlbase.so (android::hardware::PassthroughServiceManager::openLibs(std::__1::basic_string, std::__1::allocator> const&, std::__1::function, std::__1::allocator> const&, std::__1::basic_string, std::__1::allocator> const&)> const&)+2099) (BuildId: 49afbdf22f1712be92a6ab83df7344e6)
04-24 00:12:41.813 431 431 F DEBUG : #08 pc 0000000000076c95 /system/lib64/vndk-sp-29/libhidlbase.so (android::hardware::PassthroughServiceManager::get(android::hardware::hidl_string const&, android::hardware::hidl_string const&)+101) (BuildId: 49afbdf22f1712be92a6ab83df7344e6)
04-24 00:12:41.813 431 431 F DEBUG : #09 pc 00000000000750db /system/lib64/vndk-sp-29/libhidlbase.so (android::hardware::details::getRawServiceInternal(std::__1::basic_string, std::__1::allocator> const&, std::__1::basic_string, std::__1::allocator> const&, bool, bool)+2187) (BuildId: 49afbdf22f1712be92a6ab83df7344e6)
04-24 00:12:41.813 431 431 F DEBUG : #10 pc 000000000002267e /system/lib64/android.hardware.graphics.composer@2.1.so (_ZN7android8hardware7details18getServiceInternalINS0_8graphics8composer4V2_112BpHwComposerENS5_9IComposerEvvEENS_2spIT0_EERKNSt3__112basic_stringIcNSB_11char_traitsIcEENSB_9allocatorIcEEEEbb+206) (BuildId: bd02fb1f1023ef1129e3c492282bfbac)
04-24 00:12:41.813 431 431 F DEBUG : #11 pc 000000000002281f /system/lib64/android.hardware.graphics.composer@2.1.so (android::hardware::graphics::composer::V2_1::IComposer::getService(std::__1::basic_string, std::__1::allocator> const&, bool)+15) (BuildId: bd02fb1f1023ef1129e3c492282bfbac)
04-24 00:12:41.813 431 431 F DEBUG : #12 pc 00000000000011f8 /vendor/bin/hw/android.hardware.graphics.composer@2.1-service (BuildId: 4d1c499b56de73e1f1be9cd13b38523f)
04-24 00:12:41.813 431 431 F DEBUG : #13 pc 0000000000001180 /vendor/bin/hw/android.hardware.graphics.composer@2.1-service (main+288) (BuildId: 4d1c499b56de73e1f1be9cd13b38523f)
04-24 00:12:41.813 431 431 F DEBUG : #14 pc 000000000008a985 /apex/com.android.runtime/lib64/bionic/libc.so (__libc_init+117) (BuildId: dba957b2d0024c9be494925fc318853c)
04-24 00:12:41.888 431 431 E crash_dump64: unable to connect to activity manager: No such file or directory
04-24 00:12:41.889 132 132 E /system/bin/tombstoned: Tombstone written to: /data/tombstones/tombstone_29
04-24 00:12:41.892 1 1 W libc : Unable to set property "ro.init.updatable_crashing_process_name" to "vendor.hwcomposer-2-1": error code: 0xb
04-24 00:12:41.893 1 1 W libc : Unable to set property "ro.init.updatable_crashing" to "1": error code: 0xb
04-24 00:12:41.909 135 135 I ServiceManager: Waiting for service 'SurfaceFlinger' on '/dev/binder'...
04-24 00:12:41.974 438 438 D vndksupport: Loading /vendor/lib64/hw/android.hardware.graphics.allocator@2.0-impl.so from current namespace instead of sphal namespace.
04-24 00:12:41.974 438 438 D vndksupport: Loading /vendor/lib64/hw/gralloc.gbm.so from current namespace instead of sphal namespace.
04-24 00:12:41.975 438 438 E GRALLOC-GBM: failed to open /dev/dri/renderD128
04-24 00:12:41.975 438 438 E AllocatorHal: failed to open gralloc0 device: Invalid argument
04-24 00:12:41.975 438 438 E android.hardware.graphics.allocator@2.0-service: Could not get passthrough implementation for android.hardware.graphics.allocator@2.0::IAllocator/default.
04-24 00:12:41.977 1 1 W libc : Unable to set property "ro.init.updatable_crashing_process_name" to "vendor.gralloc-2-0": error code: 0xb
04-24 00:12:41.977 1 1 W libc : Unable to set property "ro.init.updatable_crashing" to "1": error code: 0xb
04-24 00:12:42.009 135 135 I ServiceManager: Waiting for service 'SurfaceFlinger' on '/dev/binder'...
04-24 00:12:42.311 135 135 I chatty : uid=1000 system_server identical 3 lines
04-24 00:12:42.411 135 135 I ServiceManager: Waiting for service 'SurfaceFlinger' on '/dev/binder'...
04-24 00:12:42.456 96 96 W ServiceManagement: Waited one second for android.hardware.graphics.composer@2.1::IComposer/default
04-24 00:12:42.457 96 96 I ServiceManagement: getService: Trying again for android.hardware.graphics.composer@2.1::IComposer/default...
04-24 00:12:42.512 135 135 I ServiceManager: Waiting for service 'SurfaceFlinger' on '/dev/binder'...
04-24 00:12:43.316 135 135 I chatty : uid=1000 system_server identical 8 lines
04-24 00:12:43.416 135 135 I ServiceManager: Waiting for service 'SurfaceFlinger' on '/dev/binder'...
04-24 00:12:43.457 96 96 W ServiceManagement: Waited one second for android.hardware.graphics.composer@2.1::IComposer/default
04-24 00:12:43.457 96 96 I ServiceManagement: getService: Trying again for android.hardware.graphics.composer@2.1::IComposer/default...
04-24 00:12:43.517 135 135 I ServiceManager: Waiting for service 'SurfaceFlinger' on '/dev/binder'...
04-24 00:12:44.325 135 135 I chatty : uid=1000 system_server identical 8 lines
04-24 00:12:44.425 135 135 I ServiceManager: Waiting for service 'SurfaceFlinger' on '/dev/binder'...
04-24 00:12:44.457 96 96 W ServiceManagement: Waited one second for android.hardware.graphics.composer@2.1::IComposer/default
04-24 00:12:44.458 96 96 I ServiceManagement: getService: Trying again for android.hardware.graphics.composer@2.1::IComposer/default...
04-24 00:12:44.525 135 135 I ServiceManager: Waiting for service 'SurfaceFlinger' on '/dev/binder'...
04-24 00:12:45.229 135 135 I chatty : uid=1000 system_server identical 7 lines
04-24 00:12:45.329 135 135 I ServiceManager: Waiting for service 'SurfaceFlinger' on '/dev/binder'...
04-24 00:12:45.429 135 135 W ServiceManager: Service SurfaceFlinger didn't start. Returning NULL
04-24 00:12:45.458 96 96 W ServiceManagement: Waited one second for android.hardware.graphics.composer@2.1::IComposer/default
04-24 00:12:45.459 96 96 I ServiceManagement: getService: Trying again for android.hardware.graphics.composer@2.1::IComposer/default...
04-24 00:12:45.680 135 135 I ServiceManager: Waiting for service 'SurfaceFlinger' on '/dev/binder'...
04-24 00:12:46.282 135 135 I chatty : uid=1000 system_server identical 6 lines
04-24 00:12:46.382 135 135 I ServiceManager: Waiting for service 'SurfaceFlinger' on '/dev/binder'...
04-24 00:12:46.459 96 96 W ServiceManagement: Waited one second for android.hardware.graphics.composer@2.1::IComposer/default
04-24 00:12:46.459 96 96 I ServiceManagement: getService: Trying again for android.hardware.graphics.composer@2.1::IComposer/default...
04-24 00:12:46.483 135 135 I ServiceManager: Waiting for service 'SurfaceFlinger' on '/dev/binder'...
04-24 00:12:46.583 135 135 I chatty : uid=1000 system_server identical 1 line
04-24 00:12:46.684 135 135 I ServiceManager: Waiting for service 'SurfaceFlinger' on '/dev/binder'...
04-24 00:12:46.770 444 444 D vndksupport: Loading /vendor/lib64/hw/android.hardware.graphics.composer@2.1-impl.so from current namespace instead of sphal namespace.
04-24 00:12:46.773 444 444 D vndksupport: Loading /vendor/lib64/hw/hwcomposer.waydroid.so from current namespace instead of sphal namespace.
04-24 00:12:46.777 444 444 F libc : Fatal signal 11 (SIGSEGV), code 1 (SEGV_MAPERR), fault addr 0x0 in tid 444 (android.hardwar), pid 444 (android.hardwar)
04-24 00:12:46.784 135 135 I ServiceManager: Waiting for service 'SurfaceFlinger' on '/dev/binder'...
04-24 00:12:46.787 449 449 I crash_dump64: obtaining output fd from tombstoned, type: kDebuggerdTombstone
04-24 00:12:46.787 132 132 I /system/bin/tombstoned: received crash request for pid 444
04-24 00:12:46.787 449 449 I crash_dump64: performing dump of process 444 (target tid = 444)
04-24 00:12:46.788 449 449 F DEBUG : *** *** *** *** *** *** *** *** *** *** *** *** *** *** *** ***
04-24 00:12:46.788 449 449 F DEBUG : LineageOS Version: '17.1-20220316-VANILLA-waydroid_x86_64'
04-24 00:12:46.788 449 449 F DEBUG : Build fingerprint: 'waydroid/lineage_waydroid_x86_64/waydroid_x86_64:10/QQ3A.200805.001/24:userdebug/test-keys'
04-24 00:12:46.788 449 449 F DEBUG : Revision: '0'
04-24 00:12:46.788 449 449 F DEBUG : ABI: 'x86_64'
04-24 00:12:46.788 449 449 F DEBUG : Timestamp: 2022-04-24 00:12:46+0000
04-24 00:12:46.788 449 449 F DEBUG : pid: 444, tid: 444, name: android.hardwar >>> /vendor/bin/hw/android.hardware.graphics.composer@2.1-service <<<
04-24 00:12:46.788 449 449 F DEBUG : uid: 1000
04-24 00:12:46.788 449 449 F DEBUG : signal 11 (SIGSEGV), code 1 (SEGV_MAPERR), fault addr 0x0
04-24 00:12:46.788 449 449 F DEBUG : Cause: null pointer dereference
04-24 00:12:46.788 449 449 F DEBUG : rax 0000003000000018 rbx 0000000000000000 rcx 0000000000000000 rdx 00007fd99b729fa0
04-24 00:12:46.788 449 449 F DEBUG : r8 0000000000000000 r9 0000000000000000 r10 00000000000003e8 r11 0000000000000246
04-24 00:12:46.788 449 449 F DEBUG : r12 00007fd99c026520 r13 00007ffd8f2a2f61 r14 00007fd99b729fa0 r15 00007fd99b711880
04-24 00:12:46.788 449 449 F DEBUG : rdi 0000000000000000 rsi 0000000000000001
04-24 00:12:46.788 449 449 F DEBUG : rbp 0000000000000001 rsp 00007ffd8f2a2c70 rip 00007fd99b721477
04-24 00:12:46.796 449 449 F DEBUG :
04-24 00:12:46.796 449 449 F DEBUG : backtrace:
04-24 00:12:46.796 449 449 F DEBUG : #00 pc 0000000000017477 /vendor/lib64/hw/hwcomposer.waydroid.so (wl_proxy_marshal_constructor+151) (BuildId: ba1aa518517345952d425af3488d89be)
04-24 00:12:46.796 449 449 F DEBUG : #01 pc 0000000000013c4f /vendor/lib64/hw/hwcomposer.waydroid.so (create_display(char const*)+319) (BuildId: ba1aa518517345952d425af3488d89be)
04-24 00:12:46.796 449 449 F DEBUG : #02 pc 000000000000c857 /vendor/lib64/hw/hwcomposer.waydroid.so (hwc_open(hw_module_t const*, char const*, hw_device_t**)+503) (BuildId: ba1aa518517345952d425af3488d89be)
04-24 00:12:46.796 449 449 F DEBUG : #03 pc 0000000000009402 /vendor/lib64/hw/android.hardware.graphics.composer@2.1-impl.so (android::hardware::graphics::composer::V2_1::passthrough::HwcLoader::openDeviceWithAdapter(hw_module_t const*, bool*)+338) (BuildId: 33211b6bddc64fb5ec7ecc6ee79628d4)
04-24 00:12:46.796 449 449 F DEBUG : #04 pc 00000000000091aa /vendor/lib64/hw/android.hardware.graphics.composer@2.1-impl.so (android::hardware::graphics::composer::V2_1::passthrough::HwcLoader::createHalWithAdapter(hw_module_t const*)+42) (BuildId: 33211b6bddc64fb5ec7ecc6ee79628d4)
04-24 00:12:46.796 449 449 F DEBUG : #05 pc 00000000000090d1 /vendor/lib64/hw/android.hardware.graphics.composer@2.1-impl.so (android::hardware::graphics::composer::V2_1::passthrough::HwcLoader::load()+145) (BuildId: 33211b6bddc64fb5ec7ecc6ee79628d4)
04-24 00:12:46.796 449 449 F DEBUG : #06 pc 0000000000078ab0 /system/lib64/vndk-sp-29/libhidlbase.so (_ZZN7android8hardware25PassthroughServiceManager3getERKNS0_11hidl_stringES4_ENKUlPvRKNSt3__112basic_stringIcNS6_11char_traitsIcEENS6_9allocatorIcEEEESE_E_clES5_SE_SE_+96) (BuildId: 49afbdf22f1712be92a6ab83df7344e6)
04-24 00:12:46.796 449 449 F DEBUG : #07 pc 0000000000073bc3 /system/lib64/vndk-sp-29/libhidlbase.so (android::hardware::PassthroughServiceManager::openLibs(std::__1::basic_string, std::__1::allocator> const&, std::__1::function, std::__1::allocator> const&, std::__1::basic_string, std::__1::allocator> const&)> const&)+2099) (BuildId: 49afbdf22f1712be92a6ab83df7344e6)
04-24 00:12:46.796 449 449 F DEBUG : #08 pc 0000000000076c95 /system/lib64/vndk-sp-29/libhidlbase.so (android::hardware::PassthroughServiceManager::get(android::hardware::hidl_string const&, android::hardware::hidl_string const&)+101) (BuildId: 49afbdf22f1712be92a6ab83df7344e6)
04-24 00:12:46.797 449 449 F DEBUG : #09 pc 00000000000750db /system/lib64/vndk-sp-29/libhidlbase.so (android::hardware::details::getRawServiceInternal(std::__1::basic_string, std::__1::allocator> const&, std::__1::basic_string, std::__1::allocator> const&, bool, bool)+2187) (BuildId: 49afbdf22f1712be92a6ab83df7344e6)
04-24 00:12:46.797 449 449 F DEBUG : #10 pc 000000000002267e /system/lib64/android.hardware.graphics.composer@2.1.so (_ZN7android8hardware7details18getServiceInternalINS0_8graphics8composer4V2_112BpHwComposerENS5_9IComposerEvvEENS_2spIT0_EERKNSt3__112basic_stringIcNSB_11char_traitsIcEENSB_9allocatorIcEEEEbb+206) (BuildId: bd02fb1f1023ef1129e3c492282bfbac)
04-24 00:12:46.797 449 449 F DEBUG : #11 pc 000000000002281f /system/lib64/android.hardware.graphics.composer@2.1.so (android::hardware::graphics::composer::V2_1::IComposer::getService(std::__1::basic_string, std::__1::allocator> const&, bool)+15) (BuildId: bd02fb1f1023ef1129e3c492282bfbac)
04-24 00:12:46.797 449 449 F DEBUG : #12 pc 00000000000011f8 /vendor/bin/hw/android.hardware.graphics.composer@2.1-service (BuildId: 4d1c499b56de73e1f1be9cd13b38523f)
04-24 00:12:46.797 449 449 F DEBUG : #13 pc 0000000000001180 /vendor/bin/hw/android.hardware.graphics.composer@2.1-service (main+288) (BuildId: 4d1c499b56de73e1f1be9cd13b38523f)
04-24 00:12:46.797 449 449 F DEBUG : #14 pc 000000000008a985 /apex/com.android.runtime/lib64/bionic/libc.so (__libc_init+117) (BuildId: dba957b2d0024c9be494925fc318853c)
04-24 00:12:46.827 449 449 E crash_dump64: unable to connect to activity manager: No such file or directory
04-24 00:12:46.827 132 132 E /system/bin/tombstoned: Tombstone written to: /data/tombstones/tombstone_30
04-24 00:12:46.831 1 1 W libc : Unable to set property "ro.init.updatable_crashing_process_name" to "vendor.hwcomposer-2-1": error code: 0xb
04-24 00:12:46.831 1 1 W libc : Unable to set property "ro.init.updatable_crashing" to "1": error code: 0xb
04-24 00:12:46.884 135 135 I ServiceManager: Waiting for service 'SurfaceFlinger' on '/dev/binder'...
04-24 00:12:46.967 456 456 D vndksupport: Loading /vendor/lib64/hw/android.hardware.graphics.allocator@2.0-impl.so from current namespace instead of sphal namespace.
04-24 00:12:46.967 456 456 D vndksupport: Loading /vendor/lib64/hw/gralloc.gbm.so from current namespace instead of sphal namespace.
04-24 00:12:46.967 456 456 E GRALLOC-GBM: failed to open /dev/dri/renderD128
04-24 00:12:46.967 456 456 E AllocatorHal: failed to open gralloc0 device: Invalid argument
04-24 00:12:46.968 456 456 E android.hardware.graphics.allocator@2.0-service: Could not get passthrough implementation for android.hardware.graphics.allocator@2.0::IAllocator/default.
04-24 00:12:46.969 1 1 W libc : Unable to set property "ro.init.updatable_crashing_process_name" to "vendor.gralloc-2-0": error code: 0xb
04-24 00:12:46.969 1 1 W libc : Unable to set property "ro.init.updatable_crashing" to "1": error code: 0xb
04-24 00:12:46.985 135 135 I ServiceManager: Waiting for service 'SurfaceFlinger' on '/dev/binder'...
04-24 00:12:47.286 135 135 I chatty : uid=1000 system_server identical 3 lines
04-24 00:12:47.387 135 135 I ServiceManager: Waiting for service 'SurfaceFlinger' on '/dev/binder'...
04-24 00:12:47.460 96 96 W ServiceManagement: Waited one second for android.hardware.graphics.composer@2.1::IComposer/default
04-24 00:12:47.460 96 96 I ServiceManagement: getService: Trying again for android.hardware.graphics.composer@2.1::IComposer/default...
04-24 00:12:47.488 135 135 I ServiceManager: Waiting for service 'SurfaceFlinger' on '/dev/binder'...
04-24 00:12:48.294 135 135 I chatty : uid=1000 system_server identical 8 lines
04-24 00:12:48.395 135 135 I ServiceManager: Waiting for service 'SurfaceFlinger' on '/dev/binder'...
04-24 00:12:48.461 96 96 W ServiceManagement: Waited one second for android.hardware.graphics.composer@2.1::IComposer/default
04-24 00:12:48.461 96 96 I ServiceManagement: getService: Trying again for android.hardware.graphics.composer@2.1::IComposer/default...
04-24 00:12:48.495 135 135 I ServiceManager: Waiting for service 'SurfaceFlinger' on '/dev/binder'...
04-24 00:12:49.299 135 135 I chatty : uid=1000 system_server identical 8 lines
04-24 00:12:49.400 135 135 I ServiceManager: Waiting for service 'SurfaceFlinger' on '/dev/binder'...
04-24 00:12:49.461 96 96 W ServiceManagement: Waited one second for android.hardware.graphics.composer@2.1::IComposer/default
04-24 00:12:49.461 96 96 I ServiceManagement: getService: Trying again for android.hardware.graphics.composer@2.1::IComposer/default...
04-24 00:12:49.501 135 135 I ServiceManager: Waiting for service 'SurfaceFlinger' on '/dev/binder'...
04-24 00:12:50.303 135 135 I chatty : uid=1000 system_server identical 8 lines
04-24 00:12:50.404 135 135 I ServiceManager: Waiting for service 'SurfaceFlinger' on '/dev/binder'...
04-24 00:12:50.462 96 96 W ServiceManagement: Waited one second for android.hardware.graphics.composer@2.1::IComposer/default
04-24 00:12:50.462 96 96 I ServiceManagement: getService: Trying again for android.hardware.graphics.composer@2.1::IComposer/default...
04-24 00:12:50.504 135 135 I ServiceManager: Waiting for service 'SurfaceFlinger' on '/dev/binder'...
04-24 00:12:50.604 135 135 I ServiceManager: Waiting for service 'SurfaceFlinger' on '/dev/binder'...
04-24 00:12:50.705 135 135 W ServiceManager: Service SurfaceFlinger didn't start. Returning NULL
04-24 00:12:50.955 135 135 I ServiceManager: Waiting for service 'SurfaceFlinger' on '/dev/binder'...
04-24 00:12:51.356 135 135 I chatty : uid=1000 system_server identical 4 lines
04-24 00:12:51.457 135 135 I ServiceManager: Waiting for service 'SurfaceFlinger' on '/dev/binder'...
04-24 00:12:51.462 96 96 W ServiceManagement: Waited one second for android.hardware.graphics.composer@2.1::IComposer/default
04-24 00:12:51.463 96 96 I ServiceManagement: getService: Trying again for android.hardware.graphics.composer@2.1::IComposer/default...
04-24 00:12:51.557 135 135 I ServiceManager: Waiting for service 'SurfaceFlinger' on '/dev/binder'...
04-24 00:12:51.657 135 135 I chatty : uid=1000 system_server identical 1 line
04-24 00:12:51.757 135 135 I ServiceManager: Waiting for service 'SurfaceFlinger' on '/dev/binder'...
04-24 00:12:51.770 462 462 D vndksupport: Loading /vendor/lib64/hw/android.hardware.graphics.composer@2.1-impl.so from current namespace instead of sphal namespace.
04-24 00:12:51.772 462 462 D vndksupport: Loading /vendor/lib64/hw/hwcomposer.waydroid.so from current namespace instead of sphal namespace.
04-24 00:12:51.775 462 462 F libc : Fatal signal 11 (SIGSEGV), code 1 (SEGV_MAPERR), fault addr 0x0 in tid 462 (android.hardwar), pid 462 (android.hardwar)
04-24 00:12:51.784 467 467 I crash_dump64: obtaining output fd from tombstoned, type: kDebuggerdTombstone
04-24 00:12:51.784 132 132 I /system/bin/tombstoned: received crash request for pid 462
04-24 00:12:51.784 467 467 I crash_dump64: performing dump of process 462 (target tid = 462)
04-24 00:12:51.788 467 467 F DEBUG : *** *** *** *** *** *** *** *** *** *** *** *** *** *** *** ***
04-24 00:12:51.788 467 467 F DEBUG : LineageOS Version: '17.1-20220316-VANILLA-waydroid_x86_64'
04-24 00:12:51.788 467 467 F DEBUG : Build fingerprint: 'waydroid/lineage_waydroid_x86_64/waydroid_x86_64:10/QQ3A.200805.001/24:userdebug/test-keys'
04-24 00:12:51.788 467 467 F DEBUG : Revision: '0'
04-24 00:12:51.788 467 467 F DEBUG : ABI: 'x86_64'
04-24 00:12:51.788 467 467 F DEBUG : Timestamp: 2022-04-24 00:12:51+0000
04-24 00:12:51.788 467 467 F DEBUG : pid: 462, tid: 462, name: android.hardwar >>> /vendor/bin/hw/android.hardware.graphics.composer@2.1-service <<<
04-24 00:12:51.788 467 467 F DEBUG : uid: 1000
04-24 00:12:51.788 467 467 F DEBUG : signal 11 (SIGSEGV), code 1 (SEGV_MAPERR), fault addr 0x0
04-24 00:12:51.788 467 467 F DEBUG : Cause: null pointer dereference
04-24 00:12:51.788 467 467 F DEBUG : rax 0000003000000018 rbx 0000000000000000 rcx 0000000000000000 rdx 00007fcfb5ae1fa0
04-24 00:12:51.788 467 467 F DEBUG : r8 0000000000000000 r9 0000000000000000 r10 00000000000003e8 r11 0000000000000246
04-24 00:12:51.789 467 467 F DEBUG : r12 00007fcfb622c520 r13 00007ffcad1fef81 r14 00007fcfb5ae1fa0 r15 00007fcfb5ac9880
04-24 00:12:51.789 467 467 F DEBUG : rdi 0000000000000000 rsi 0000000000000001
04-24 00:12:51.789 467 467 F DEBUG : rbp 0000000000000001 rsp 00007ffcad1fec90 rip 00007fcfb5ad9477
04-24 00:12:51.798 467 467 F DEBUG :
04-24 00:12:51.798 467 467 F DEBUG : backtrace:
04-24 00:12:51.798 467 467 F DEBUG : #00 pc 0000000000017477 /vendor/lib64/hw/hwcomposer.waydroid.so (wl_proxy_marshal_constructor+151) (BuildId: ba1aa518517345952d425af3488d89be)
04-24 00:12:51.798 467 467 F DEBUG : #01 pc 0000000000013c4f /vendor/lib64/hw/hwcomposer.waydroid.so (create_display(char const*)+319) (BuildId: ba1aa518517345952d425af3488d89be)
04-24 00:12:51.798 467 467 F DEBUG : #02 pc 000000000000c857 /vendor/lib64/hw/hwcomposer.waydroid.so (hwc_open(hw_module_t const*, char const*, hw_device_t**)+503) (BuildId: ba1aa518517345952d425af3488d89be)
04-24 00:12:51.798 467 467 F DEBUG : #03 pc 0000000000009402 /vendor/lib64/hw/android.hardware.graphics.composer@2.1-impl.so (android::hardware::graphics::composer::V2_1::passthrough::HwcLoader::openDeviceWithAdapter(hw_module_t const*, bool*)+338) (BuildId: 33211b6bddc64fb5ec7ecc6ee79628d4)
04-24 00:12:51.798 467 467 F DEBUG : #04 pc 00000000000091aa /vendor/lib64/hw/android.hardware.graphics.composer@2.1-impl.so (android::hardware::graphics::composer::V2_1::passthrough::HwcLoader::createHalWithAdapter(hw_module_t const*)+42) (BuildId: 33211b6bddc64fb5ec7ecc6ee79628d4)
04-24 00:12:51.798 467 467 F DEBUG : #05 pc 00000000000090d1 /vendor/lib64/hw/android.hardware.graphics.composer@2.1-impl.so (android::hardware::graphics::composer::V2_1::passthrough::HwcLoader::load()+145) (BuildId: 33211b6bddc64fb5ec7ecc6ee79628d4)
04-24 00:12:51.798 467 467 F DEBUG : #06 pc 0000000000078ab0 /system/lib64/vndk-sp-29/libhidlbase.so (_ZZN7android8hardware25PassthroughServiceManager3getERKNS0_11hidl_stringES4_ENKUlPvRKNSt3__112basic_stringIcNS6_11char_traitsIcEENS6_9allocatorIcEEEESE_E_clES5_SE_SE_+96) (BuildId: 49afbdf22f1712be92a6ab83df7344e6)
04-24 00:12:51.798 467 467 F DEBUG : #07 pc 0000000000073bc3 /system/lib64/vndk-sp-29/libhidlbase.so (android::hardware::PassthroughServiceManager::openLibs(std::__1::basic_string, std::__1::allocator> const&, std::__1::function, std::__1::allocator> const&, std::__1::basic_string, std::__1::allocator> const&)> const&)+2099) (BuildId: 49afbdf22f1712be92a6ab83df7344e6)
04-24 00:12:51.798 467 467 F DEBUG : #08 pc 0000000000076c95 /system/lib64/vndk-sp-29/libhidlbase.so (android::hardware::PassthroughServiceManager::get(android::hardware::hidl_string const&, android::hardware::hidl_string const&)+101) (BuildId: 49afbdf22f1712be92a6ab83df7344e6)
04-24 00:12:51.798 467 467 F DEBUG : #09 pc 00000000000750db /system/lib64/vndk-sp-29/libhidlbase.so (android::hardware::details::getRawServiceInternal(std::__1::basic_string, std::__1::allocator> const&, std::__1::basic_string, std::__1::allocator> const&, bool, bool)+2187) (BuildId: 49afbdf22f1712be92a6ab83df7344e6)
04-24 00:12:51.798 467 467 F DEBUG : #10 pc 000000000002267e /system/lib64/android.hardware.graphics.composer@2.1.so (_ZN7android8hardware7details18getServiceInternalINS0_8graphics8composer4V2_112BpHwComposerENS5_9IComposerEvvEENS_2spIT0_EERKNSt3__112basic_stringIcNSB_11char_traitsIcEENSB_9allocatorIcEEEEbb+206) (BuildId: bd02fb1f1023ef1129e3c492282bfbac)
04-24 00:12:51.798 467 467 F DEBUG : #11 pc 000000000002281f /system/lib64/android.hardware.graphics.composer@2.1.so (android::hardware::graphics::composer::V2_1::IComposer::getService(std::__1::basic_string, std::__1::allocator> const&, bool)+15) (BuildId: bd02fb1f1023ef1129e3c492282bfbac)
04-24 00:12:51.798 467 467 F DEBUG : #12 pc 00000000000011f8 /vendor/bin/hw/android.hardware.graphics.composer@2.1-service (BuildId: 4d1c499b56de73e1f1be9cd13b38523f)
04-24 00:12:51.798 467 467 F DEBUG : #13 pc 0000000000001180 /vendor/bin/hw/android.hardware.graphics.composer@2.1-service (main+288) (BuildId: 4d1c499b56de73e1f1be9cd13b38523f)
04-24 00:12:51.798 467 467 F DEBUG : #14 pc 000000000008a985 /apex/com.android.runtime/lib64/bionic/libc.so (__libc_init+117) (BuildId: dba957b2d0024c9be494925fc318853c)
04-24 00:12:51.823 467 467 E crash_dump64: unable to connect to activity manager: No such file or directory
04-24 00:12:51.823 132 132 E /system/bin/tombstoned: Tombstone written to: /data/tombstones/tombstone_31
04-24 00:12:51.826 1 1 W libc : Unable to set property "ro.init.updatable_crashing_process_name" to "vendor.hwcomposer-2-1": error code: 0xb
04-24 00:12:51.826 1 1 W libc : Unable to set property "ro.init.updatable_crashing" to "1": error code: 0xb
04-24 00:12:51.858 135 135 I ServiceManager: Waiting for service 'SurfaceFlinger' on '/dev/binder'...
04-24 00:12:51.958 135 135 I ServiceManager: Waiting for service 'SurfaceFlinger' on '/dev/binder'...
04-24 00:12:51.969 474 474 D vndksupport: Loading /vendor/lib64/hw/android.hardware.graphics.allocator@2.0-impl.so from current namespace instead of sphal namespace.
04-24 00:12:51.969 474 474 D vndksupport: Loading /vendor/lib64/hw/gralloc.gbm.so from current namespace instead of sphal namespace.
04-24 00:12:51.970 474 474 E GRALLOC-GBM: failed to open /dev/dri/renderD128
04-24 00:12:51.970 474 474 E AllocatorHal: failed to open gralloc0 device: Invalid argument
04-24 00:12:51.970 474 474 E android.hardware.graphics.allocator@2.0-service: Could not get passthrough implementation for android.hardware.graphics.allocator@2.0::IAllocator/default.
04-24 00:12:51.971 1 1 W libc : Unable to set property "ro.init.updatable_crashing_process_name" to "vendor.gralloc-2-0": error code: 0xb
04-24 00:12:51.971 1 1 W libc : Unable to set property "ro.init.updatable_crashing" to "1": error code: 0xb
04-24 00:12:52.058 135 135 I ServiceManager: Waiting for service 'SurfaceFlinger' on '/dev/binder'...
04-24 00:12:52.359 135 135 I chatty : uid=1000 system_server identical 3 lines
04-24 00:12:52.459 135 135 I ServiceManager: Waiting for service 'SurfaceFlinger' on '/dev/binder'...
04-24 00:12:52.463 96 96 W ServiceManagement: Waited one second for android.hardware.graphics.composer@2.1::IComposer/default
04-24 00:12:52.463 96 96 I ServiceManagement: getService: Trying again for android.hardware.graphics.composer@2.1::IComposer/default...
04-24 00:12:52.559 135 135 I ServiceManager: Waiting for service 'SurfaceFlinger' on '/dev/binder'...
04-24 00:12:53.362 135 135 I chatty : uid=1000 system_server identical 8 lines
04-24 00:12:53.462 135 135 I ServiceManager: Waiting for service 'SurfaceFlinger' on '/dev/binder'...
04-24 00:12:53.464 96 96 W ServiceManagement: Waited one second for android.hardware.graphics.composer@2.1::IComposer/default
04-24 00:12:53.464 96 96 I ServiceManagement: getService: Trying again for android.hardware.graphics.composer@2.1::IComposer/default...
04-24 00:12:53.562 135 135 I ServiceManager: Waiting for service 'SurfaceFlinger' on '/dev/binder'...
04-24 00:12:54.264 135 135 I chatty : uid=1000 system_server identical 7 lines
04-24 00:12:54.364 135 135 I ServiceManager: Waiting for service 'SurfaceFlinger' on '/dev/binder'...
04-24 00:12:54.464 96 96 W ServiceManagement: Waited one second for android.hardware.graphics.composer@2.1::IComposer/default
04-24 00:12:54.464 135 135 I ServiceManager: Waiting for service 'SurfaceFlinger' on '/dev/binder'...
04-24 00:12:54.465 96 96 I ServiceManagement: getService: Trying again for android.hardware.graphics.composer@2.1::IComposer/default...
04-24 00:12:54.565 135 135 I ServiceManager: Waiting for service 'SurfaceFlinger' on '/dev/binder'...
04-24 00:12:55.269 135 135 I chatty : uid=1000 system_server identical 7 lines
04-24 00:12:55.369 135 135 I ServiceManager: Waiting for service 'SurfaceFlinger' on '/dev/binder'...
04-24 00:12:55.465 96 96 W ServiceManagement: Waited one second for android.hardware.graphics.composer@2.1::IComposer/default
04-24 00:12:55.465 96 96 I ServiceManagement: getService: Trying again for android.hardware.graphics.composer@2.1::IComposer/default...
04-24 00:12:55.470 135 135 I ServiceManager: Waiting for service 'SurfaceFlinger' on '/dev/binder'...
04-24 00:12:55.770 135 135 I chatty : uid=1000 system_server identical 3 lines
04-24 00:12:55.870 135 135 I ServiceManager: Waiting for service 'SurfaceFlinger' on '/dev/binder'...
04-24 00:12:55.971 135 135 W ServiceManager: Service SurfaceFlinger didn't start. Returning NULL
04-24 00:12:56.221 135 135 I ServiceManager: Waiting for service 'SurfaceFlinger' on '/dev/binder'...
04-24 00:12:56.321 135 135 I chatty : uid=1000 system_server identical 1 line
04-24 00:12:56.422 135 135 I ServiceManager: Waiting for service 'SurfaceFlinger' on '/dev/binder'...
04-24 00:12:56.466 96 96 W ServiceManagement: Waited one second for android.hardware.graphics.composer@2.1::IComposer/default
04-24 00:12:56.466 96 96 I ServiceManagement: getService: Trying again for android.hardware.graphics.composer@2.1::IComposer/default...
04-24 00:12:56.522 135 135 I ServiceManager: Waiting for service 'SurfaceFlinger' on '/dev/binder'...
04-24 00:12:56.622 135 135 I chatty : uid=1000 system_server identical 1 line
04-24 00:12:56.722 135 135 I ServiceManager: Waiting for service 'SurfaceFlinger' on '/dev/binder'...
04-24 00:12:56.780 482 482 D vndksupport: Loading /vendor/lib64/hw/android.hardware.graphics.composer@2.1-impl.so from current namespace instead of sphal namespace.
04-24 00:12:56.783 482 482 D vndksupport: Loading /vendor/lib64/hw/hwcomposer.waydroid.so from current namespace instead of sphal namespace.
04-24 00:12:56.786 482 482 F libc : Fatal signal 11 (SIGSEGV), code 1 (SEGV_MAPERR), fault addr 0x0 in tid 482 (android.hardwar), pid 482 (android.hardwar)
04-24 00:12:56.794 487 487 I crash_dump64: obtaining output fd from tombstoned, type: kDebuggerdTombstone
04-24 00:12:56.794 132 132 I /system/bin/tombstoned: received crash request for pid 482
04-24 00:12:56.795 487 487 I crash_dump64: performing dump of process 482 (target tid = 482)
04-24 00:12:56.798 487 487 F DEBUG : *** *** *** *** *** *** *** *** *** *** *** *** *** *** *** ***
04-24 00:12:56.798 487 487 F DEBUG : LineageOS Version: '17.1-20220316-VANILLA-waydroid_x86_64'
04-24 00:12:56.798 487 487 F DEBUG : Build fingerprint: 'waydroid/lineage_waydroid_x86_64/waydroid_x86_64:10/QQ3A.200805.001/24:userdebug/test-keys'
04-24 00:12:56.798 487 487 F DEBUG : Revision: '0'
04-24 00:12:56.798 487 487 F DEBUG : ABI: 'x86_64'
04-24 00:12:56.798 487 487 F DEBUG : Timestamp: 2022-04-24 00:12:56+0000
04-24 00:12:56.798 487 487 F DEBUG : pid: 482, tid: 482, name: android.hardwar >>> /vendor/bin/hw/android.hardware.graphics.composer@2.1-service <<<
04-24 00:12:56.798 487 487 F DEBUG : uid: 1000
04-24 00:12:56.798 487 487 F DEBUG : signal 11 (SIGSEGV), code 1 (SEGV_MAPERR), fault addr 0x0
04-24 00:12:56.798 487 487 F DEBUG : Cause: null pointer dereference
04-24 00:12:56.798 487 487 F DEBUG : rax 0000003000000018 rbx 0000000000000000 rcx 0000000000000000 rdx 00007feb94070fa0
04-24 00:12:56.798 487 487 F DEBUG : r8 0000000000000000 r9 0000000000000000 r10 00000000000003e8 r11 0000000000000246
04-24 00:12:56.798 487 487 F DEBUG : r12 00007feb94826520 r13 00007fff1ffa4421 r14 00007feb94070fa0 r15 00007feb94058880
04-24 00:12:56.798 487 487 F DEBUG : rdi 0000000000000000 rsi 0000000000000001
04-24 00:12:56.798 487 487 F DEBUG : rbp 0000000000000001 rsp 00007fff1ffa4130 rip 00007feb94068477
04-24 00:12:56.807 487 487 F DEBUG :
04-24 00:12:56.807 487 487 F DEBUG : backtrace:
04-24 00:12:56.807 487 487 F DEBUG : #00 pc 0000000000017477 /vendor/lib64/hw/hwcomposer.waydroid.so (wl_proxy_marshal_constructor+151) (BuildId: ba1aa518517345952d425af3488d89be)
04-24 00:12:56.807 487 487 F DEBUG : #01 pc 0000000000013c4f /vendor/lib64/hw/hwcomposer.waydroid.so (create_display(char const*)+319) (BuildId: ba1aa518517345952d425af3488d89be)
04-24 00:12:56.807 487 487 F DEBUG : #02 pc 000000000000c857 /vendor/lib64/hw/hwcomposer.waydroid.so (hwc_open(hw_module_t const*, char const*, hw_device_t**)+503) (BuildId: ba1aa518517345952d425af3488d89be)
04-24 00:12:56.807 487 487 F DEBUG : #03 pc 0000000000009402 /vendor/lib64/hw/android.hardware.graphics.composer@2.1-impl.so (android::hardware::graphics::composer::V2_1::passthrough::HwcLoader::openDeviceWithAdapter(hw_module_t const*, bool*)+338) (BuildId: 33211b6bddc64fb5ec7ecc6ee79628d4)
04-24 00:12:56.807 487 487 F DEBUG : #04 pc 00000000000091aa /vendor/lib64/hw/android.hardware.graphics.composer@2.1-impl.so (android::hardware::graphics::composer::V2_1::passthrough::HwcLoader::createHalWithAdapter(hw_module_t const*)+42) (BuildId: 33211b6bddc64fb5ec7ecc6ee79628d4)
04-24 00:12:56.807 487 487 F DEBUG : #05 pc 00000000000090d1 /vendor/lib64/hw/android.hardware.graphics.composer@2.1-impl.so (android::hardware::graphics::composer::V2_1::passthrough::HwcLoader::load()+145) (BuildId: 33211b6bddc64fb5ec7ecc6ee79628d4)
04-24 00:12:56.807 487 487 F DEBUG : #06 pc 0000000000078ab0 /system/lib64/vndk-sp-29/libhidlbase.so (_ZZN7android8hardware25PassthroughServiceManager3getERKNS0_11hidl_stringES4_ENKUlPvRKNSt3__112basic_stringIcNS6_11char_traitsIcEENS6_9allocatorIcEEEESE_E_clES5_SE_SE_+96) (BuildId: 49afbdf22f1712be92a6ab83df7344e6)
04-24 00:12:56.807 487 487 F DEBUG : #07 pc 0000000000073bc3 /system/lib64/vndk-sp-29/libhidlbase.so (android::hardware::PassthroughServiceManager::openLibs(std::__1::basic_string, std::__1::allocator> const&, std::__1::function, std::__1::allocator> const&, std::__1::basic_string, std::__1::allocator> const&)> const&)+2099) (BuildId: 49afbdf22f1712be92a6ab83df7344e6)
04-24 00:12:56.807 487 487 F DEBUG : #08 pc 0000000000076c95 /system/lib64/vndk-sp-29/libhidlbase.so (android::hardware::PassthroughServiceManager::get(android::hardware::hidl_string const&, android::hardware::hidl_string const&)+101) (BuildId: 49afbdf22f1712be92a6ab83df7344e6)
04-24 00:12:56.807 487 487 F DEBUG : #09 pc 00000000000750db /system/lib64/vndk-sp-29/libhidlbase.so (android::hardware::details::getRawServiceInternal(std::__1::basic_string, std::__1::allocator> const&, std::__1::basic_string, std::__1::allocator> const&, bool, bool)+2187) (BuildId: 49afbdf22f1712be92a6ab83df7344e6)
04-24 00:12:56.807 487 487 F DEBUG : #10 pc 000000000002267e /system/lib64/android.hardware.graphics.composer@2.1.so (_ZN7android8hardware7details18getServiceInternalINS0_8graphics8composer4V2_112BpHwComposerENS5_9IComposerEvvEENS_2spIT0_EERKNSt3__112basic_stringIcNSB_11char_traitsIcEENSB_9allocatorIcEEEEbb+206) (BuildId: bd02fb1f1023ef1129e3c492282bfbac)
04-24 00:12:56.807 487 487 F DEBUG : #11 pc 000000000002281f /system/lib64/android.hardware.graphics.composer@2.1.so (android::hardware::graphics::composer::V2_1::IComposer::getService(std::__1::basic_string, std::__1::allocator> const&, bool)+15) (BuildId: bd02fb1f1023ef1129e3c492282bfbac)
04-24 00:12:56.807 487 487 F DEBUG : #12 pc 00000000000011f8 /vendor/bin/hw/android.hardware.graphics.composer@2.1-service (BuildId: 4d1c499b56de73e1f1be9cd13b38523f)
04-24 00:12:56.807 487 487 F DEBUG : #13 pc 0000000000001180 /vendor/bin/hw/android.hardware.graphics.composer@2.1-service (main+288) (BuildId: 4d1c499b56de73e1f1be9cd13b38523f)
04-24 00:12:56.807 487 487 F DEBUG : #14 pc 000000000008a985 /apex/com.android.runtime/lib64/bionic/libc.so (__libc_init+117) (BuildId: dba957b2d0024c9be494925fc318853c)
04-24 00:12:56.824 135 135 I ServiceManager: Waiting for service 'SurfaceFlinger' on '/dev/binder'...
04-24 00:12:56.837 487 487 E crash_dump64: unable to connect to activity manager: No such file or directory
04-24 00:12:56.838 132 132 E /system/bin/tombstoned: Tombstone written to: /data/tombstones/tombstone_32
04-24 00:12:56.841 1 1 W libc : Unable to set property "ro.init.updatable_crashing_process_name" to "vendor.hwcomposer-2-1": error code: 0xb
04-24 00:12:56.842 1 1 W libc : Unable to set property "ro.init.updatable_crashing" to "1": error code: 0xb
04-24 00:12:56.924 135 135 I ServiceManager: Waiting for service 'SurfaceFlinger' on '/dev/binder'...
04-24 00:12:56.970 494 494 D vndksupport: Loading /vendor/lib64/hw/android.hardware.graphics.allocator@2.0-impl.so from current namespace instead of sphal namespace.
04-24 00:12:56.971 494 494 D vndksupport: Loading /vendor/lib64/hw/gralloc.gbm.so from current namespace instead of sphal namespace.
04-24 00:12:56.971 494 494 E GRALLOC-GBM: failed to open /dev/dri/renderD128
04-24 00:12:56.971 494 494 E AllocatorHal: failed to open gralloc0 device: Invalid argument
04-24 00:12:56.972 494 494 E android.hardware.graphics.allocator@2.0-service: Could not get passthrough implementation for a