user@w3:~$ sudo waydroid logcat lxc-attach: waydroid: terminal.c: lxc_terminal_create_native: 924 Not a directory - Failed to open terminal multiplexer device --------- beginning of main
04-24 00:12:06.162 12 12 I SELinux : SELinux: Loaded service_contexts from:
04-24 00:12:06.162 12 12 I SELinux : /vendor/etc/selinux/vndservice_contexts
04-24 00:12:06.173 10 10 I SELinux : SELinux: Loaded service_contexts from:
04-24 00:12:06.174 10 10 I SELinux : /system/etc/selinux/plat_service_contexts
04-24 00:12:06.194 11 11 I hwservicemanager: hwservicemanager is ready now. --------- beginning of system
04-24 00:12:06.209 14 14 I vold : Vold 3.0 (the awakening) firing up
04-24 00:12:06.209 14 14 D vold : Detected support for: ext4 ntfs
04-24 00:12:06.211 14 14 E vold : Failed open: No such file or directory
04-24 00:12:06.211 14 14 E vold : Failed to opendir: No such file or directory
04-24 00:12:06.211 14 14 D vold : VoldNativeService::start() completed OK
04-24 00:12:06.253 27 27 I ServiceManagement: Registered android.hardware.keymaster@4.0::IKeymasterDevice/default (start delay of 30ms)
04-24 00:12:06.253 27 27 I ServiceManagement: Removing namespace from process name android.hardware.keymaster@4.0-service to keymaster@4.0-service.
04-24 00:12:06.265 26 26 E /system/bin/hw/android.system.suspend@1.0-service: error opening /sys/power/wakeup_count: Read-only file system
04-24 00:12:06.266 26 26 E /system/bin/hw/android.system.suspend@1.0-service: error opening /sys/power/state: Read-only file system
04-24 00:12:06.266 14 22 I Checkpoint: cp_prepareCheckpoint called
04-24 00:12:06.267 26 26 I ServiceManagement: Registered android.system.suspend@1.0::ISystemSuspend/default (start delay of 54ms)
04-24 00:12:06.267 26 26 I ServiceManagement: Removing namespace from process name android.system.suspend@1.0-service to suspend@1.0-service.
04-24 00:12:06.291 32 32 E fsverity_init: Failed to load /product/etc/security/fsverity/*.der
04-24 00:12:06.306 33 33 E /system/bin/mini-keyctl: Cannot restrict keyring .fs-verity: File exists
04-24 00:12:06.317 34 34 E fsverity_init: Failed to restrict .fs-verity keyring
04-24 00:12:06.346 35 35 I apexd : Marking APEXd as starting
04-24 00:12:06.346 35 35 I apexd : Scanning /system/apex for embedded keys
04-24 00:12:06.348 35 35 I apexd : Scanning /product/apex for embedded keys
04-24 00:12:06.348 35 35 I apexd : ... does not exist. Skipping
04-24 00:12:06.348 35 35 I apexd : Populating APEX database from mounts...
04-24 00:12:06.348 35 35 E apexd : Failed to walk /product/apex : Can't open /product/apex for reading : No such file or directory
04-24 00:12:06.349 35 35 I apexd : Found "/apex/com.android.runtime@1"
04-24 00:12:06.349 35 35 I apexd : Found "/apex/com.android.tzdata@290000000"
04-24 00:12:06.349 35 35 I apexd : 2 packages restored.
04-24 00:12:06.349 35 35 I apexd : Scanning /data/apex/sessions looking for sessions to be activated.
04-24 00:12:06.349 35 35 I apexd : Scanning /data/apex/active looking for APEX packages.
04-24 00:12:06.350 35 35 I apexd : Activated 0 packages. Skipped: 0
04-24 00:12:06.351 35 35 I apexd : Scanning /system/apex looking for APEX packages.
04-24 00:12:06.351 35 35 I apexd : Found /system/apex/com.android.runtime.release
04-24 00:12:06.351 35 35 I apexd : Skipping activation of /system/apex/com.android.runtime.release same package with higher version 1 is already active
04-24 00:12:06.351 35 35 I apexd : Found /system/apex/com.android.media.swcodec
04-24 00:12:06.351 35 35 V apexd : Creating mount point: /apex/com.android.media.swcodec@290000000
04-24 00:12:06.351 35 35 I apexd : Successfully bind-mounted flattened package /system/apex/com.android.media.swcodec on /apex/com.android.media.swcodec@290000000
04-24 00:12:06.351 35 35 V apexd : Creating bind-mount for /apex/com.android.media.swcodec for /apex/com.android.media.swcodec@290000000
04-24 00:12:06.351 35 35 V apexd : Creating mountpoint /apex/com.android.media.swcodec
04-24 00:12:06.351 35 35 V apexd : Bind-mounting /apex/com.android.media.swcodec@290000000 to /apex/com.android.media.swcodec
04-24 00:12:06.352 35 35 D apexd : Successfully activated /system/apex/com.android.media.swcodec package_name: com.android.media.swcodec version: 290000000
04-24 00:12:06.352 35 35 I apexd : Found /system/apex/com.android.media
04-24 00:12:06.352 35 35 V apexd : Creating mount point: /apex/com.android.media@290000000
04-24 00:12:06.352 35 35 I apexd : Successfully bind-mounted flattened package /system/apex/com.android.media on /apex/com.android.media@290000000
04-24 00:12:06.352 35 35 V apexd : Creating bind-mount for /apex/com.android.media for /apex/com.android.media@290000000
04-24 00:12:06.352 35 35 V apexd : Creating mountpoint /apex/com.android.media
04-24 00:12:06.352 35 35 V apexd : Bind-mounting /apex/com.android.media@290000000 to /apex/com.android.media
04-24 00:12:06.352 35 35 D apexd : Successfully activated /system/apex/com.android.media package_name: com.android.media version: 290000000
04-24 00:12:06.352 35 35 I apexd : Found /system/apex/com.android.resolv
04-24 00:12:06.352 35 35 V apexd : Creating mount point: /apex/com.android.resolv@290000000
04-24 00:12:06.352 35 35 I apexd : Successfully bind-mounted flattened package /system/apex/com.android.resolv on /apex/com.android.resolv@290000000
04-24 00:12:06.352 35 35 V apexd : Creating bind-mount for /apex/com.android.resolv for /apex/com.android.resolv@290000000
04-24 00:12:06.352 35 35 V apexd : Creating mountpoint /apex/com.android.resolv
04-24 00:12:06.352 35 35 V apexd : Bind-mounting /apex/com.android.resolv@290000000 to /apex/com.android.resolv
04-24 00:12:06.352 35 35 D apexd : Successfully activated /system/apex/com.android.resolv package_name: com.android.resolv version: 290000000
04-24 00:12:06.352 35 35 I apexd : Found /system/apex/com.android.tzdata
04-24 00:12:06.352 35 35 I apexd : Skipping activation of /system/apex/com.android.tzdata same package with higher version 290000000 is already active
04-24 00:12:06.353 35 35 I apexd : Found /system/apex/com.android.conscrypt
04-24 00:12:06.353 35 35 V apexd : Creating mount point: /apex/com.android.conscrypt@299900000
04-24 00:12:06.353 35 35 I apexd : Successfully bind-mounted flattened package /system/apex/com.android.conscrypt on /apex/com.android.conscrypt@299900000
04-24 00:12:06.353 35 35 V apexd : Creating bind-mount for /apex/com.android.conscrypt for /apex/com.android.conscrypt@299900000
04-24 00:12:06.353 35 35 V apexd : Creating mountpoint /apex/com.android.conscrypt
04-24 00:12:06.353 35 35 V apexd : Bind-mounting /apex/com.android.conscrypt@299900000 to /apex/com.android.conscrypt
04-24 00:12:06.353 35 35 D apexd : Successfully activated /system/apex/com.android.conscrypt package_name: com.android.conscrypt version: 299900000
04-24 00:12:06.353 35 35 I apexd : Activated 4 packages. Skipped: 2
04-24 00:12:06.353 35 35 I apexd : Scanning /product/apex looking for APEX packages.
04-24 00:12:06.353 35 35 E apexd : Failed to activate packages from /product/apex : Failed to scan /product/apex : Can't open /product/apex for reading : No such file or directory
04-24 00:12:06.357 35 35 I apexd : Marking APEXd as ready
04-24 00:12:06.370 14 22 D vold : fscrypt_init_user0
04-24 00:12:06.370 14 22 D vold : fscrypt_prepare_user_storage for volume null, user 0, serial 0, flags 1
04-24 00:12:06.370 14 22 D vold : Preparing: /data/system/users/0
04-24 00:12:06.370 14 22 D vold : Preparing: /data/misc/profiles/cur/0
04-24 00:12:06.370 14 22 D vold : Preparing: /data/system_de/0
04-24 00:12:06.370 14 22 D vold : Preparing: /data/misc_de/0
04-24 00:12:06.370 14 22 D vold : Preparing: /data/vendor_de/0
04-24 00:12:06.370 14 22 D vold : Preparing: /data/user_de/0
04-24 00:12:06.370 14 22 D vold : /system/bin/vold_prepare_subdirs
04-24 00:12:06.370 14 22 D vold : prepare
04-24 00:12:06.371 14 22 D vold :
04-24 00:12:06.371 14 22 D vold : 0
04-24 00:12:06.371 14 22 D vold : 1
04-24 00:12:06.384 14 22 D vold : fscrypt_unlock_user_key 0 serial=0 token_present=0
04-24 00:12:06.384 14 22 E vold : Failed to chmod /data/system_ce/0: No such file or directory
04-24 00:12:06.384 14 22 E vold : Failed to chmod /data/misc_ce/0: No such file or directory
04-24 00:12:06.384 14 22 E vold : Failed to chmod /data/media/0: No such file or directory
04-24 00:12:06.397 40 40 I /system/bin/tzdatacheck: timezone distro dir /data/misc/zoneinfo/current does not exist. No action required.
04-24 00:12:06.419 42 42 I art_apex: === ART pre-boot integrity checks ===
04-24 00:12:06.443 44 44 F art_apex: Device is not fsverity-enabled.
04-24 00:12:06.471 48 48 I /system/bin/flags_health_check: ServerConfigurableFlagsReset reset_mode value: 0
04-24 00:12:06.471 48 48 I /system/bin/flags_health_check: ServerConfigurableFlagsReset attempted boot count is under threshold, skipping reset.
04-24 00:12:06.519 52 52 I bootstat: Service started: /system/bin/bootstat --set_system_boot_reason
04-24 00:12:06.520 52 52 I bootstat: Canonical boot reason: reboot
04-24 00:12:06.520 52 52 I bootstat: Canonical boot reason: reboot
04-24 00:12:06.536 49 49 I netdClient: Skipping libnetd_client init since *we* are netd
04-24 00:12:06.540 49 49 I netd : netd 1.0 starting
04-24 00:12:06.545 49 49 I Netd : Loaded resolver library from /apex/com.android.resolv/lib64/libnetd_resolv.so
04-24 00:12:06.634 11 11 I hwservicemanager: getTransport: Cannot find entry android.hardware.audio@5.0::IDevicesFactory/default in either framework or device manifest.
04-24 00:12:06.635 54 54 E audiohalservice: Could not get passthrough implementation for android.hardware.audio@5.0::IDevicesFactory/default.
04-24 00:12:06.637 54 54 D vndksupport: Loading /vendor/lib/hw/android.hardware.audio@4.0-impl.so from current namespace instead of sphal namespace.
04-24 00:12:06.641 54 54 I ServiceManagement: Registered android.hardware.audio@4.0::IDevicesFactory/default (start delay of 108ms)
04-24 00:12:06.641 54 54 I ServiceManagement: Removing namespace from process name android.hardware.audio@2.0-service to audio@2.0-service.
04-24 00:12:06.642 54 54 I audiohalservice: Registration complete for android.hardware.audio@4.0::IDevicesFactory/default.
04-24 00:12:06.643 11 11 I hwservicemanager: getTransport: Cannot find entry android.hardware.audio.effect@5.0::IEffectsFactory/default in either framework or device manifest.
04-24 00:12:06.643 54 54 E audiohalservice: Could not get passthrough implementation for android.hardware.audio.effect@5.0::IEffectsFactory/default.
04-24 00:12:06.644 54 54 D vndksupport: Loading /vendor/lib/hw/android.hardware.audio.effect@4.0-impl.so from current namespace instead of sphal namespace.
04-24 00:12:06.651 54 54 I ServiceManagement: Registered android.hardware.audio.effect@4.0::IEffectsFactory/default (start delay of 118ms)
04-24 00:12:06.651 54 54 I audiohalservice: Registration complete for android.hardware.audio.effect@4.0::IEffectsFactory/default.
04-24 00:12:06.652 11 11 I hwservicemanager: getTransport: Cannot find entry android.hardware.soundtrigger@2.2::ISoundTriggerHw/default in either framework or device manifest.
04-24 00:12:06.652 54 54 E audiohalservice: Could not get passthrough implementation for android.hardware.soundtrigger@2.2::ISoundTriggerHw/default.
04-24 00:12:06.652 11 11 I hwservicemanager: getTransport: Cannot find entry android.hardware.soundtrigger@2.1::ISoundTriggerHw/default in either framework or device manifest.
04-24 00:12:06.653 54 54 E audiohalservice: Could not get passthrough implementation for android.hardware.soundtrigger@2.1::ISoundTriggerHw/default.
04-24 00:12:06.653 11 11 I hwservicemanager: getTransport: Cannot find entry android.hardware.soundtrigger@2.0::ISoundTriggerHw/default in either framework or device manifest.
04-24 00:12:06.653 54 54 E audiohalservice: Could not get passthrough implementation for android.hardware.soundtrigger@2.0::ISoundTriggerHw/default.
04-24 00:12:06.653 54 54 W audiohalservice: Could not register soundtrigger API 2.0, 2.1 nor 2.2
04-24 00:12:06.654 11 11 I hwservicemanager: getTransport: Cannot find entry android.hardware.bluetooth.audio@2.0::IBluetoothAudioProvidersFactory/default in either framework or device manifest.
04-24 00:12:06.654 54 54 E audiohalservice: Could not get passthrough implementation for android.hardware.bluetooth.audio@2.0::IBluetoothAudioProvidersFactory/default.
04-24 00:12:06.654 54 54 W audiohalservice: Could not register Bluetooth Audio API 2.0
04-24 00:12:06.654 11 11 I hwservicemanager: getTransport: Cannot find entry android.hardware.bluetooth.a2dp@1.0::IBluetoothAudioOffload/default in either framework or device manifest.
04-24 00:12:06.655 54 54 E audiohalservice: Could not get passthrough implementation for android.hardware.bluetooth.a2dp@1.0::IBluetoothAudioOffload/default.
04-24 00:12:06.655 54 54 W audiohalservice: Could not register Bluetooth audio offload 1.0
04-24 00:12:06.668 53 53 I ServiceManagement: Registered android.hidl.allocator@1.0::IAllocator/ashmem (start delay of 174ms)
04-24 00:12:06.668 53 53 I ServiceManagement: Removing namespace from process name android.hidl.allocator@1.0-service to allocator@1.0-service.
04-24 00:12:06.700 51 51 D AndroidRuntime: >>>>>> START com.android.internal.os.ZygoteInit uid 0 <<<<<<
04-24 00:12:06.705 51 51 I AndroidRuntime: Using default boot image
04-24 00:12:06.706 51 51 I AndroidRuntime: Leaving lock profiling enabled
04-24 00:12:06.707 51 51 I zygote : option[0]=-Xzygote
04-24 00:12:06.707 51 51 I zygote : option[1]=exit
04-24 00:12:06.707 51 51 I zygote : option[2]=vfprintf
04-24 00:12:06.707 51 51 I zygote : option[3]=sensitiveThread
04-24 00:12:06.707 51 51 I zygote : option[4]=-verbose:gc
04-24 00:12:06.707 51 51 I zygote : option[5]=-Xms8m
04-24 00:12:06.707 51 51 I zygote : option[6]=-Xmx512m
04-24 00:12:06.707 51 51 I zygote : option[7]=-XX:HeapGrowthLimit=192m
04-24 00:12:06.707 51 51 I zygote : option[8]=-XX:HeapMinFree=8m
04-24 00:12:06.707 51 51 I zygote : option[9]=-XX:HeapMaxFree=16m
04-24 00:12:06.707 51 51 I zygote : option[10]=-XX:HeapTargetUtilization=0.6
04-24 00:12:06.708 51 51 I zygote : option[11]=-Xusejit:true
04-24 00:12:06.708 51 51 I zygote : option[12]=-Xjitsaveprofilinginfo
04-24 00:12:06.708 51 51 I zygote : option[13]=-XjdwpOptions:suspend=n,server=y
04-24 00:12:06.708 51 51 I zygote : option[14]=-XjdwpProvider:default
04-24 00:12:06.708 51 51 I zygote : option[15]=-Xlockprofthreshold:500
04-24 00:12:06.708 51 51 I zygote : option[16]=-Ximage-compiler-option
04-24 00:12:06.708 51 51 I zygote : option[17]=--runtime-arg
04-24 00:12:06.708 51 51 I zygote : option[18]=-Ximage-compiler-option
04-24 00:12:06.708 51 51 I zygote : option[19]=-Xms64m
04-24 00:12:06.708 51 51 I zygote : option[20]=-Ximage-compiler-option
04-24 00:12:06.708 51 51 I zygote : option[21]=--runtime-arg
04-24 00:12:06.708 51 51 I zygote : option[22]=-Ximage-compiler-option
04-24 00:12:06.708 51 51 I zygote : option[23]=-Xmx64m
04-24 00:12:06.708 51 51 I zygote : option[24]=-Ximage-compiler-option
04-24 00:12:06.708 51 51 I zygote : option[25]=--profile-file=/system/etc/boot-image.prof
04-24 00:12:06.708 51 51 I zygote : option[26]=-Ximage-compiler-option
04-24 00:12:06.708 51 51 I zygote : option[27]=--compiler-filter=speed-profile
04-24 00:12:06.708 51 51 I zygote : option[28]=-Xcompiler-option
04-24 00:12:06.708 51 51 I zygote : option[29]=--runtime-arg
04-24 00:12:06.708 51 51 I zygote : option[30]=-Xcompiler-option
04-24 00:12:06.708 51 51 I zygote : option[31]=-Xms64m
04-24 00:12:06.708 51 51 I zygote : option[32]=-Xcompiler-option
04-24 00:12:06.708 51 51 I zygote : option[33]=--runtime-arg
04-24 00:12:06.708 51 51 I zygote : option[34]=-Xcompiler-option
04-24 00:12:06.708 51 51 I zygote : option[35]=-Xmx512m
04-24 00:12:06.708 51 51 I zygote : option[36]=-Ximage-compiler-option
04-24 00:12:06.708 51 51 I zygote : option[37]=--instruction-set-variant=x86_64
04-24 00:12:06.708 51 51 I zygote : option[38]=-Xcompiler-option
04-24 00:12:06.708 51 51 I zygote : option[39]=--instruction-set-variant=x86_64
04-24 00:12:06.708 51 51 I zygote : option[40]=-Ximage-compiler-option
04-24 00:12:06.708 51 51 I zygote : option[41]=--instruction-set-features=default
04-24 00:12:06.708 51 51 I zygote : option[42]=-Xcompiler-option
04-24 00:12:06.708 51 51 I zygote : option[43]=--instruction-set-features=default
04-24 00:12:06.708 51 51 I zygote : option[44]=-Duser.locale=en-US
04-24 00:12:06.708 51 51 I zygote : option[45]=--cpu-abilist=x86
04-24 00:12:06.708 51 51 I zygote : option[46]=-Xcompiler-option
04-24 00:12:06.708 51 51 I zygote : option[47]=--generate-mini-debug-info
04-24 00:12:06.708 51 51 I zygote : option[48]=-Xcore-platform-api-policy:just-warn
04-24 00:12:06.708 51 51 I zygote : option[49]=-Xfingerprint:waydroid/lineage_waydroid_x86_64/waydroid_x86_64:10/QQ3A.200805.001/24:userdebug/test-keys
04-24 00:12:06.711 51 51 I zygote : Core platform API reporting enabled, enforcing=false
04-24 00:12:06.839 51 51 D ICU : Time zone APEX file found: /apex/com.android.tzdata/etc/icu/icu_tzdata.dat
04-24 00:12:06.845 50 50 D AndroidRuntime: >>>>>> START com.android.internal.os.ZygoteInit uid 0 <<<<<<
04-24 00:12:06.858 50 50 I AndroidRuntime: Using default boot image
04-24 00:12:06.858 50 50 I AndroidRuntime: Leaving lock profiling enabled
04-24 00:12:06.860 51 51 W zygote : Unexpected CPU variant for X86 using defaults: x86_64
04-24 00:12:06.860 50 50 I zygote64: option[0]=-Xzygote
04-24 00:12:06.860 50 50 I zygote64: option[1]=exit
04-24 00:12:06.860 50 50 I zygote64: option[2]=vfprintf
04-24 00:12:06.860 50 50 I zygote64: option[3]=sensitiveThread
04-24 00:12:06.860 50 50 I zygote64: option[4]=-verbose:gc
04-24 00:12:06.860 50 50 I zygote64: option[5]=-Xms8m
04-24 00:12:06.860 50 50 I zygote64: option[6]=-Xmx512m
04-24 00:12:06.860 50 50 I zygote64: option[7]=-XX:HeapGrowthLimit=192m
04-24 00:12:06.860 50 50 I zygote64: option[8]=-XX:HeapMinFree=8m
04-24 00:12:06.860 50 50 I zygote64: option[9]=-XX:HeapMaxFree=16m
04-24 00:12:06.860 50 50 I zygote64: option[10]=-XX:HeapTargetUtilization=0.6
04-24 00:12:06.861 50 50 I zygote64: option[11]=-Xusejit:true
04-24 00:12:06.861 50 50 I zygote64: option[12]=-Xjitsaveprofilinginfo
04-24 00:12:06.861 50 50 I zygote64: option[13]=-XjdwpOptions:suspend=n,server=y
04-24 00:12:06.861 50 50 I zygote64: option[14]=-XjdwpProvider:default
04-24 00:12:06.861 50 50 I zygote64: option[15]=-Xlockprofthreshold:500
04-24 00:12:06.861 50 50 I zygote64: option[16]=-Ximage-compiler-option
04-24 00:12:06.861 50 50 I zygote64: option[17]=--runtime-arg
04-24 00:12:06.861 50 50 I zygote64: option[18]=-Ximage-compiler-option
04-24 00:12:06.861 50 50 I zygote64: option[19]=-Xms64m
04-24 00:12:06.861 50 50 I zygote64: option[20]=-Ximage-compiler-option
04-24 00:12:06.861 50 50 I zygote64: option[21]=--runtime-arg
04-24 00:12:06.861 50 50 I zygote64: option[22]=-Ximage-compiler-option
04-24 00:12:06.861 50 50 I zygote64: option[23]=-Xmx64m
04-24 00:12:06.861 50 50 I zygote64: option[24]=-Ximage-compiler-option
04-24 00:12:06.861 50 50 I zygote64: option[25]=--profile-file=/system/etc/boot-image.prof
04-24 00:12:06.861 50 50 I zygote64: option[26]=-Ximage-compiler-option
04-24 00:12:06.861 50 50 I zygote64: option[27]=--compiler-filter=speed-profile
04-24 00:12:06.861 50 50 I zygote64: option[28]=-Xcompiler-option
04-24 00:12:06.861 50 50 I zygote64: option[29]=--runtime-arg
04-24 00:12:06.861 50 50 I zygote64: option[30]=-Xcompiler-option
04-24 00:12:06.861 50 50 I zygote64: option[31]=-Xms64m
04-24 00:12:06.861 50 50 I zygote64: option[32]=-Xcompiler-option
04-24 00:12:06.861 50 50 I zygote64: option[33]=--runtime-arg
04-24 00:12:06.861 50 50 I zygote64: option[34]=-Xcompiler-option
04-24 00:12:06.861 50 50 I zygote64: option[35]=-Xmx512m
04-24 00:12:06.861 50 50 I zygote64: option[36]=-Ximage-compiler-option
04-24 00:12:06.861 50 50 I zygote64: option[37]=--instruction-set-variant=x86_64
04-24 00:12:06.861 50 50 I zygote64: option[38]=-Xcompiler-option
04-24 00:12:06.861 50 50 I zygote64: option[39]=--instruction-set-variant=x86_64
04-24 00:12:06.861 50 50 I zygote64: option[40]=-Ximage-compiler-option
04-24 00:12:06.861 50 50 I zygote64: option[41]=--instruction-set-features=default
04-24 00:12:06.861 50 50 I zygote64: option[42]=-Xcompiler-option
04-24 00:12:06.861 50 50 I zygote64: option[43]=--instruction-set-features=default
04-24 00:12:06.861 50 50 I zygote64: option[44]=-Duser.locale=en-US
04-24 00:12:06.861 50 50 I zygote64: option[45]=--cpu-abilist=x86_64
04-24 00:12:06.862 50 50 I zygote64: option[46]=-Xcompiler-option
04-24 00:12:06.862 50 50 I zygote64: option[47]=--generate-mini-debug-info
04-24 00:12:06.862 50 50 I zygote64: option[48]=-Xcore-platform-api-policy:just-warn
04-24 00:12:06.862 50 50 I zygote64: option[49]=-Xfingerprint:waydroid/lineage_waydroid_x86_64/waydroid_x86_64:10/QQ3A.200805.001/24:userdebug/test-keys
04-24 00:12:06.868 50 50 I zygote64: Core platform API reporting enabled, enforcing=false
04-24 00:12:06.898 51 51 W zygote : JNI RegisterNativeMethods: attempt to register 0 native methods for android.media.AudioAttributes
04-24 00:12:06.924 51 51 I zygote : Explicit concurrent copying GC freed 302(39KB) AllocSpace objects, 0(0B) LOS objects, 99% free, 24KB/24MB, paused 46us total 4.342ms
04-24 00:12:06.927 51 51 I zygote : Explicit concurrent copying GC freed 5(32KB) AllocSpace objects, 0(0B) LOS objects, 99% free, 24KB/24MB, paused 49us total 2.799ms
04-24 00:12:06.928 51 51 D Zygote32Timing: PostZygoteInitGC took to complete: 8ms
04-24 00:12:06.928 51 51 D Zygote32Timing: ZygoteInit took to complete: 8ms
04-24 00:12:06.930 51 51 I Zygote : Accepting command socket connections
04-24 00:12:07.010 50 50 D ICU : Time zone APEX file found: /apex/com.android.tzdata/etc/icu/icu_tzdata.dat
04-24 00:12:07.039 70 70 D vndksupport: Loading /vendor/lib64/hw/android.hardware.gatekeeper@1.0-impl.so from current namespace instead of sphal namespace.
04-24 00:12:07.042 50 50 W zygote64: Unexpected CPU variant for X86 using defaults: x86_64
04-24 00:12:07.063 50 50 W zygote64: JNI RegisterNativeMethods: attempt to register 0 native methods for android.media.AudioAttributes
04-24 00:12:07.066 70 70 D vndksupport: Loading /vendor/lib64/hw/gatekeeper.waydroid.so from current namespace instead of sphal namespace.
04-24 00:12:07.066 58 58 D vndksupport: Loading /vendor/lib64/hw/android.hardware.graphics.composer@2.1-impl.so from current namespace instead of sphal namespace.
04-24 00:12:07.071 58 58 D vndksupport: Loading /vendor/lib64/hw/hwcomposer.waydroid.so from current namespace instead of sphal namespace.
04-24 00:12:07.076 50 50 D Zygote : begin preload
04-24 00:12:07.076 50 50 I Zygote : Calling ZygoteHooks.beginPreload() --------- beginning of crash
04-24 00:12:07.078 58 58 F libc : Fatal signal 11 (SIGSEGV), code 1 (SEGV_MAPERR), fault addr 0x0 in tid 58 (android.hardwar), pid 58 (android.hardwar)
04-24 00:12:07.080 62 62 W /vendor/bin/hw/android.hardware.configstore@1.1-service: Could not find seccomp policy file at: /vendor/etc/seccomp_policy/configstore@1.1.policy
04-24 00:12:07.083 50 50 D Zygote64Timing: BeginPreload took to complete: 7ms
04-24 00:12:07.084 50 50 I Zygote : Preloading classes...
04-24 00:12:07.085 50 50 W Zygote : Class not found for preloading: android.app.-$$Lambda$ActivityThread$ZXDWm3IBeFmLnFVblhB-IOZCr9o
04-24 00:12:07.089 70 70 E WaydroidGatekeeper: called waydroid_gatekeeper_open with gate keeper 0x7fd667608050 device 0x7fd6672a3000
04-24 00:12:07.104 62 62 I ServiceManagement: Registered android.hardware.configstore@1.1::ISurfaceFlingerConfigs/default (start delay of 261ms)
04-24 00:12:07.104 62 62 I ServiceManagement: Removing namespace from process name android.hardware.configstore@1.1-service to configstore@1.1-service.
04-24 00:12:07.117 60 60 I ServiceManagement: Registered vendor.waydroid.task@1.0::IWaydroidTask/default (start delay of 302ms)
04-24 00:12:07.118 60 60 I ServiceManagement: Removing namespace from process name vendor.waydroid.task@1.0-service to task@1.0-service.
04-24 00:12:07.118 60 60 I vendor.waydroid.task@1.0-service: Waydroid Task HAL service ready.
04-24 00:12:07.120 70 70 I ServiceManagement: Registered android.hardware.gatekeeper@1.0::IGatekeeper/default (start delay of 187ms)
04-24 00:12:07.120 70 70 I ServiceManagement: Removing namespace from process name android.hardware.gatekeeper@1.0-service to gatekeeper@1.0-service.
04-24 00:12:07.120 70 70 I android.hardware.gatekeeper@1.0-service: Registration complete for android.hardware.gatekeeper@1.0::IGatekeeper/default.
04-24 00:12:07.120 50 50 W Zygote : Class not found for preloading: android.bluetooth.BluetoothA2dp$2
04-24 00:12:07.125 50 50 I PackageBackwardCompatibility: Could not find android.content.pm.AndroidTestBaseUpdater, ignoring
04-24 00:12:07.148 72 72 I health@2.0/: health@2.0/default: Hal starting main loop...
04-24 00:12:07.148 72 72 I health@2.0/: health@2.0/default Hal is starting up...
04-24 00:12:07.150 71 71 D vndksupport: Loading /vendor/lib64/hw/android.hardware.graphics.allocator@2.0-impl.so from current namespace instead of sphal namespace.
04-24 00:12:07.164 71 71 D vndksupport: Loading /vendor/lib64/hw/gralloc.gbm.so from current namespace instead of sphal namespace.
04-24 00:12:07.164 72 72 I ServiceManagement: Registered android.hardware.health@2.0::IHealth/default (start delay of 231ms)
04-24 00:12:07.164 72 72 I ServiceManagement: Removing namespace from process name android.hardware.health@2.0-service.waydroid to health@2.0-service.waydroid.
04-24 00:12:07.164 72 72 I health@2.0/: health@2.0/default: Hal init done
04-24 00:12:07.175 76 76 I ServiceManagement: Registered android.hardware.sensors@1.0::ISensors/default (start delay of 152ms)
04-24 00:12:07.175 76 76 I ServiceManagement: Removing namespace from process name android.hardware.sensors@1.0-service.waydroid to sensors@1.0-service.waydroid.
04-24 00:12:07.175 76 76 I android.hardware.sensors@1.0-service.waydroid: Waydroid Sensors HAL service ready.
04-24 00:12:07.180 71 71 E GRALLOC-GBM: failed to open /dev/dri/renderD128
04-24 00:12:07.180 71 71 E AllocatorHal: failed to open gralloc0 device: Invalid argument
04-24 00:12:07.192 68 68 D vndksupport: Loading /vendor/lib/hw/android.hardware.drm@1.0-impl.so from current namespace instead of sphal namespace.
04-24 00:12:07.195 71 71 E android.hardware.graphics.allocator@2.0-service: Could not get passthrough implementation for android.hardware.graphics.allocator@2.0::IAllocator/default.
04-24 00:12:07.221 61 61 I ServiceManagement: Registered android.hardware.cas@1.1::IMediaCasService/default (start delay of 398ms)
04-24 00:12:07.221 61 61 I ServiceManagement: Removing namespace from process name android.hardware.cas@1.1-service to cas@1.1-service.
04-24 00:12:07.240 73 73 I ServiceManagement: Registered android.hardware.light@2.0::ILight/default (start delay of 257ms)
04-24 00:12:07.240 73 73 I ServiceManagement: Removing namespace from process name android.hardware.light@2.0-service.waydroid to light@2.0-service.waydroid.
04-24 00:12:07.240 73 73 I android.hardware.light@2.0-service.waydroid: Waydroid light HAL service ready.
04-24 00:12:07.241 75 75 I android.hardware.power@1.0-service.waydroid: Power HAL Service 1.0 for Waydroid is starting.
04-24 00:12:07.258 74 74 D vndksupport: Loading /vendor/lib64/hw/android.hardware.memtrack@1.0-impl.so from current namespace instead of sphal namespace.
04-24 00:12:07.259 75 75 I ServiceManagement: Registered android.hardware.power@1.0::IPower/default (start delay of 266ms)
04-24 00:12:07.261 74 74 D vndksupport: Loading /vendor/lib64/hw/memtrack.waydroid.so from current namespace instead of sphal namespace.
04-24 00:12:07.261 75 75 I ServiceManagement: Removing namespace from process name android.hardware.power@1.0-service.waydroid to power@1.0-service.waydroid.
04-24 00:12:07.262 75 75 I android.hardware.power@1.0-service.waydroid: Power Service is ready
04-24 00:12:07.273 68 68 I ServiceManagement: Registered android.hardware.drm@1.0::IDrmFactory/default (start delay of 420ms)
04-24 00:12:07.273 68 68 I ServiceManagement: Removing namespace from process name android.hardware.drm@1.0-service to drm@1.0-service.
04-24 00:12:07.273 68 68 I : Registration complete for android.hardware.drm@1.0::IDrmFactory/default.
04-24 00:12:07.279 68 68 D vndksupport: Loading /vendor/lib/hw/android.hardware.drm@1.0-impl.so from current namespace instead of sphal namespace.
04-24 00:12:07.282 74 74 I ServiceManagement: Registered android.hardware.memtrack@1.0::IMemtrack/default (start delay of 299ms)
04-24 00:12:07.282 74 74 I ServiceManagement: Removing namespace from process name android.hardware.memtrack@1.0-service to memtrack@1.0-service.
04-24 00:12:07.282 74 74 I android.hardware.memtrack@1.0-service: Registration complete for android.hardware.memtrack@1.0::IMemtrack/default.
04-24 00:12:07.287 68 68 I ServiceManagement: Registered android.hardware.drm@1.0::ICryptoFactory/default (start delay of 435ms)
04-24 00:12:07.288 68 68 I ServiceManagement: Removing namespace from process name android.hardware.drm@1.0-service to drm@1.0-service.
04-24 00:12:07.288 68 68 I : Registration complete for android.hardware.drm@1.0::ICryptoFactory/default.
04-24 00:12:07.293 77 77 I android.hardware.vibrator@1.0-service.waydroid: Vibrator HAL service is starting.
04-24 00:12:07.295 95 95 I lowmemorykiller: Using psi monitors for memory pressure detection
04-24 00:12:07.301 77 77 I ServiceManagement: Registered android.hardware.vibrator@1.0::IVibrator/default (start delay of 278ms)
04-24 00:12:07.302 77 77 I ServiceManagement: Removing namespace from process name android.hardware.vibrator@1.0-service.waydroid to vibrator@1.0-service.waydroid.
04-24 00:12:07.302 77 77 I android.hardware.vibrator@1.0-service.waydroid: Vibrator HAL service is Ready.
04-24 00:12:07.313 69 69 I ServiceManagement: Registered android.hardware.drm@1.2::IDrmFactory/clearkey (start delay of 420ms)
04-24 00:12:07.313 69 69 I ServiceManagement: Removing namespace from process name android.hardware.drm@1.2-service.clearkey to drm@1.2-service.clearkey.
04-24 00:12:07.323 50 50 E ActivityRecognitionHardware: activity_recognition HAL is deprecated. class_init is effectively a no-op
04-24 00:12:07.324 69 69 I ServiceManagement: Registered android.hardware.drm@1.2::ICryptoFactory/clearkey (start delay of 431ms)
04-24 00:12:07.324 69 69 I ServiceManagement: Removing namespace from process name android.hardware.drm@1.2-service.clearkey to drm@1.2-service.clearkey.
04-24 00:12:07.351 50 50 I zygote64: Thread[1,tid=50,Native,Thread*=0x7f488c6abc00,peer=0x12c02210,"main"] recursive attempt to load library "libmedia_jni.so"
04-24 00:12:07.351 50 50 D MtpDeviceJNI: register_android_mtp_MtpDevice
04-24 00:12:07.352 50 50 I zygote64: Thread[1,tid=50,Native,Thread*=0x7f488c6abc00,peer=0x12c02210,"main"] recursive attempt to load library "libmedia_jni.so"
04-24 00:12:07.352 50 50 I zygote64: Thread[1,tid=50,Native,Thread*=0x7f488c6abc00,peer=0x12c02210,"main"] recursive attempt to load library "libmedia_jni.so"
04-24 00:12:07.358 50 50 W Zygote : Class not found for preloading: android.media.audiopolicy.AudioProductStrategies
04-24 00:12:07.358 50 50 W Zygote : Class not found for preloading: android.media.audiopolicy.AudioVolumeGroups
04-24 00:12:07.362 59 59 I android.hardware.camera.provider@2.4-service: CameraProvider@2.4 legacy service is starting.
04-24 00:12:07.377 59 59 D vndksupport: Loading /vendor/lib/hw/android.hardware.camera.provider@2.4-impl.so from current namespace instead of sphal namespace.
04-24 00:12:07.378 105 105 I crash_dump64: obtaining output fd from tombstoned, type: kDebuggerdTombstone
04-24 00:12:07.379 105 105 E libc : failed to connect to tombstoned: No such file or directory
04-24 00:12:07.379 105 105 I crash_dump64: performing dump of process 58 (target tid = 58)
04-24 00:12:07.379 105 105 F DEBUG : *** *** *** *** *** *** *** *** *** *** *** *** *** *** *** ***
04-24 00:12:07.380 105 105 F DEBUG : LineageOS Version: '17.1-20220316-VANILLA-waydroid_x86_64'
04-24 00:12:07.380 105 105 F DEBUG : Build fingerprint: 'waydroid/lineage_waydroid_x86_64/waydroid_x86_64:10/QQ3A.200805.001/24:userdebug/test-keys'
04-24 00:12:07.380 105 105 F DEBUG : Revision: '0'
04-24 00:12:07.380 105 105 F DEBUG : ABI: 'x86_64'
04-24 00:12:07.380 105 105 F DEBUG : Timestamp: 2022-04-24 00:12:07+0000
04-24 00:12:07.381 105 105 F DEBUG : pid: 58, tid: 58, name: android.hardwar >>> /vendor/bin/hw/android.hardware.graphics.composer@2.1-service <<<
04-24 00:12:07.381 105 105 F DEBUG : uid: 1000
04-24 00:12:07.381 105 105 F DEBUG : signal 11 (SIGSEGV), code 1 (SEGV_MAPERR), fault addr 0x0
04-24 00:12:07.381 105 105 F DEBUG : Cause: null pointer dereference
04-24 00:12:07.381 105 105 F DEBUG : rax 0000003000000018 rbx 0000000000000000 rcx 0000000000000000 rdx 00007fbd02173fa0
04-24 00:12:07.381 105 105 F DEBUG : r8 0000000000000000 r9 0000000000000000 r10 00000000000003e8 r11 0000000000000246
04-24 00:12:07.381 105 105 F DEBUG : r12 00007fbd02636120 r13 00007ffff24d91a1 r14 00007fbd02173fa0 r15 00007fbd0215b880
04-24 00:12:07.381 105 105 F DEBUG : rdi 0000000000000000 rsi 0000000000000001
04-24 00:12:07.381 105 105 F DEBUG : rbp 0000000000000001 rsp 00007ffff24d8eb0 rip 00007fbd0216b477
04-24 00:12:07.415 50 50 W Zygote : Class not found for preloading: android.view.-$$Lambda$SurfaceView$Cs7TGTdA1lXf9qW8VOJAfEsMjdk
04-24 00:12:07.418 50 50 W Zygote : Class not found for preloading: android.view.SurfaceView$3
04-24 00:12:07.421 50 50 W Zygote : Class not found for preloading: android.view.textclassifier.-$$Lambda$TextClassificationManager$JIaezIJbMig_-kVzN6oArzkTsJE
04-24 00:12:07.429 50 50 W Zygote : Class not found for preloading: com.android.internal.net.NetworkStatsFactory
04-24 00:12:07.432 50 50 W Zygote : Class not found for preloading: com.android.internal.telephony.-$$Lambda$PhoneSubInfoController$8HFbCDJDN1mrLJG980qYH5MGqMk
04-24 00:12:07.433 50 50 W Zygote : Class not found for preloading: com.android.internal.telephony.-$$Lambda$PhoneSubInfoController$U28a_EGx2cvmQhDfRRgonMt5Zrc
04-24 00:12:07.433 50 50 W Zygote : Class not found for preloading: com.android.internal.telephony.-$$Lambda$SubscriptionController$u5xE-urXR6ElZ50305_6guo20Fc
04-24 00:12:07.433 50 50 W Zygote : Class not found for preloading: com.android.internal.telephony.-$$Lambda$SubscriptionInfoUpdater$-zZXM9oMRZ3vZz7dJOG19J00Bmw
04-24 00:12:07.433 50 50 W Zygote : Class not found for preloading: com.android.internal.telephony.-$$Lambda$SubscriptionInfoUpdater$D5yF1HbS4cvCyoAj3FESkPtA_0g
04-24 00:12:07.433 50 50 W Zygote : Class not found for preloading: com.android.internal.telephony.-$$Lambda$SubscriptionInfoUpdater$MMx9iQX0JVqqMPLTUZhdBubFSzU
04-24 00:12:07.436 50 50 W Zygote : Class not found for preloading: com.android.internal.telephony.NewNitzStateMachine$1
04-24 00:12:07.436 50 50 W Zygote : Class not found for preloading: com.android.internal.telephony.NewNitzStateMachine
04-24 00:12:07.436 50 50 W Zygote : Class not found for preloading: com.android.internal.telephony.NewTimeServiceHelper$1
04-24 00:12:07.436 50 50 W Zygote : Class not found for preloading: com.android.internal.telephony.NewTimeServiceHelper$Listener
04-24 00:12:07.437 50 50 W Zygote : Class not found for preloading: com.android.internal.telephony.NewTimeServiceHelper
04-24 00:12:07.437 50 50 W Zygote : Class not found for preloading: com.android.internal.telephony.PhoneConfigurationModels
04-24 00:12:07.438 50 50 W Zygote : Class not found for preloading: com.android.internal.telephony.SubscriptionController$ScLocalLog
04-24 00:12:07.439 50 50 W Zygote : Class not found for preloading: com.android.internal.telephony.UiccSmsController
04-24 00:12:07.439 50 50 W Zygote : Class not found for preloading: com.android.internal.telephony.dataconnection.DcController$2
04-24 00:12:07.461 102 102 D LibBpfLoader: Loading ELF object /system/etc/bpf/netd.o with license Apache 2.0
04-24 00:12:07.461 102 102 D LibBpfLoader: Loaded code section 3 (cgroupskb_ingress_stats)
04-24 00:12:07.461 102 102 D LibBpfLoader: Loaded relo section 3 (.relcgroupskb/ingress/stats)
04-24 00:12:07.461 102 102 D LibBpfLoader: Adding section 3 to cs list
04-24 00:12:07.461 102 102 D LibBpfLoader: Loaded code section 5 (cgroupskb_egress_stats)
04-24 00:12:07.461 102 102 D LibBpfLoader: Loaded relo section 5 (.relcgroupskb/egress/stats)
04-24 00:12:07.461 102 102 D LibBpfLoader: Adding section 5 to cs list
04-24 00:12:07.461 102 102 D LibBpfLoader: Loaded code section 7 (skfilter_egress_xtbpf)
04-24 00:12:07.461 102 102 D LibBpfLoader: Loaded relo section 7 (.relskfilter/egress/xtbpf)
04-24 00:12:07.461 102 102 D LibBpfLoader: Adding section 7 to cs list
04-24 00:12:07.461 102 102 D LibBpfLoader: Loaded code section 9 (skfilter_ingress_xtbpf)
04-24 00:12:07.462 102 102 D LibBpfLoader: Loaded relo section 9 (.relskfilter/ingress/xtbpf)
04-24 00:12:07.462 102 102 D LibBpfLoader: Adding section 9 to cs list
04-24 00:12:07.462 102 102 D LibBpfLoader: Loaded code section 11 (skfilter_whitelist_xtbpf)
04-24 00:12:07.462 102 102 D LibBpfLoader: Loaded relo section 11 (.relskfilter/whitelist/xtbpf)
04-24 00:12:07.462 102 102 D LibBpfLoader: Adding section 11 to cs list
04-24 00:12:07.462 102 102 D LibBpfLoader: Loaded code section 13 (skfilter_blacklist_xtbpf)
04-24 00:12:07.462 102 102 D LibBpfLoader: Loaded relo section 13 (.relskfilter/blacklist/xtbpf)
04-24 00:12:07.462 102 102 D LibBpfLoader: Adding section 13 to cs list
04-24 00:12:07.462 102 102 D LibBpfLoader: Loaded code section 15 (cgroupsock_inet_create)
04-24 00:12:07.462 102 102 D LibBpfLoader: Loaded relo section 15 (.relcgroupsock/inet/create)
04-24 00:12:07.462 102 102 D LibBpfLoader: Adding section 15 to cs list
04-24 00:12:07.474 50 50 I Zygote : ...preloaded 7581 classes in 390ms.
04-24 00:12:07.474 50 50 I zygote64: VMRuntime.preloadDexCaches starting
04-24 00:12:07.498 50 50 I zygote64: VMRuntime.preloadDexCaches strings total=330669 before=9591 after=9591
04-24 00:12:07.498 50 50 I zygote64: VMRuntime.preloadDexCaches types total=36008 before=7185 after=7454
04-24 00:12:07.498 50 50 I zygote64: VMRuntime.preloadDexCaches fields total=162040 before=8020 after=8221
04-24 00:12:07.498 50 50 I zygote64: VMRuntime.preloadDexCaches methods total=283395 before=10884 after=11316
04-24 00:12:07.498 50 50 I zygote64: VMRuntime.preloadDexCaches finished
04-24 00:12:07.498 50 50 D Zygote64Timing: PreloadClasses took to complete: 415ms
04-24 00:12:07.499 50 50 I zygote64: The ClassLoaderContext is a special shared library.
04-24 00:12:07.500 50 50 D ApplicationLoaders: Created zygote-cached class loader: /system/framework/android.hidl.base-V1.0-java.jar
04-24 00:12:07.501 50 50 I zygote64: The ClassLoaderContext is a special shared library.
04-24 00:12:07.502 50 50 D ApplicationLoaders: Created zygote-cached class loader: /system/framework/android.hidl.manager-V1.0-java.jar
04-24 00:12:07.502 50 50 D Zygote64Timing: CacheNonBootClasspathClassLoaders took to complete: 4ms
04-24 00:12:07.524 102 102 D LibBpfLoader: bpf_create_map name cookie_tag_map, ret: 6
04-24 00:12:07.524 102 102 D LibBpfLoader: bpf_create_map name uid_counterset_map, ret: 7
04-24 00:12:07.524 102 102 D LibBpfLoader: bpf_create_map name app_uid_stats_map, ret: 8
04-24 00:12:07.524 102 102 D LibBpfLoader: bpf_create_map name stats_map_A, ret: 9
04-24 00:12:07.525 102 102 D LibBpfLoader: bpf_create_map name stats_map_B, ret: 10
04-24 00:12:07.525 102 102 D LibBpfLoader: bpf_create_map name iface_stats_map, ret: 11
04-24 00:12:07.525 102 102 D LibBpfLoader: bpf_create_map name configuration_map, ret: 12
04-24 00:12:07.525 102 102 D LibBpfLoader: bpf_create_map name uid_owner_map, ret: 13
04-24 00:12:07.525 102 102 D LibBpfLoader: bpf_create_map name iface_index_name_map, ret: 14
04-24 00:12:07.525 102 102 D LibBpfLoader: bpf_create_map name uid_permission_map, ret: 15
04-24 00:12:07.525 102 102 D LibBpfLoader: map_fd found at 0 is 6 in /system/etc/bpf/netd.o
04-24 00:12:07.525 102 102 D LibBpfLoader: map_fd found at 1 is 7 in /system/etc/bpf/netd.o
04-24 00:12:07.525 102 102 D LibBpfLoader: map_fd found at 2 is 8 in /system/etc/bpf/netd.o
04-24 00:12:07.525 102 102 D LibBpfLoader: map_fd found at 3 is 9 in /system/etc/bpf/netd.o
04-24 00:12:07.525 102 102 D LibBpfLoader: map_fd found at 4 is 10 in /system/etc/bpf/netd.o
04-24 00:12:07.525 102 102 D LibBpfLoader: map_fd found at 5 is 11 in /system/etc/bpf/netd.o
04-24 00:12:07.525 102 102 D LibBpfLoader: map_fd found at 6 is 12 in /system/etc/bpf/netd.o
04-24 00:12:07.525 102 102 D LibBpfLoader: map_fd found at 7 is 13 in /system/etc/bpf/netd.o
04-24 00:12:07.525 102 102 D LibBpfLoader: map_fd found at 8 is 14 in /system/etc/bpf/netd.o
04-24 00:12:07.525 102 102 D LibBpfLoader: map_fd found at 9 is 15 in /system/etc/bpf/netd.o
04-24 00:12:07.526 102 102 D LibBpfLoader: applying relo to instruction at byte offset: 616, insn offset 77 , insn 118
04-24 00:12:07.526 102 102 D LibBpfLoader: applying relo to instruction at byte offset: 680, insn offset 85 , insn 118
04-24 00:12:07.526 102 102 D LibBpfLoader: applying relo to instruction at byte offset: 1416, insn offset 177 , insn 118
04-24 00:12:07.526 102 102 D LibBpfLoader: applying relo to instruction at byte offset: 1560, insn offset 195 , insn 118
04-24 00:12:07.526 102 102 D LibBpfLoader: applying relo to instruction at byte offset: 1640, insn offset 205 , insn 118
04-24 00:12:07.527 102 102 D LibBpfLoader: applying relo to instruction at byte offset: 1744, insn offset 218 , insn 118
04-24 00:12:07.527 102 102 D LibBpfLoader: applying relo to instruction at byte offset: 1848, insn offset 231 , insn 118
04-24 00:12:07.527 102 102 D LibBpfLoader: applying relo to instruction at byte offset: 1888, insn offset 236 , insn 118
04-24 00:12:07.527 102 102 D LibBpfLoader: applying relo to instruction at byte offset: 1952, insn offset 244 , insn 118
04-24 00:12:07.527 102 102 D LibBpfLoader: applying relo to instruction at byte offset: 2056, insn offset 257 , insn 118
04-24 00:12:07.527 102 102 D LibBpfLoader: applying relo to instruction at byte offset: 2096, insn offset 262 , insn 118
04-24 00:12:07.527 102 102 D LibBpfLoader: applying relo to instruction at byte offset: 2224, insn offset 278 , insn 118
04-24 00:12:07.527 102 102 D LibBpfLoader: applying relo to instruction at byte offset: 2328, insn offset 291 , insn 118
04-24 00:12:07.527 102 102 D LibBpfLoader: applying relo to instruction at byte offset: 2368, insn offset 296 , insn 118
04-24 00:12:07.535 105 105 F DEBUG :
04-24 00:12:07.535 105 105 F DEBUG : backtrace:
04-24 00:12:07.535 105 105 F DEBUG : #00 pc 0000000000017477 /vendor/lib64/hw/hwcomposer.waydroid.so (wl_proxy_marshal_constructor+151) (BuildId: ba1aa518517345952d425af3488d89be)
04-24 00:12:07.535 105 105 F DEBUG : #01 pc 0000000000013c4f /vendor/lib64/hw/hwcomposer.waydroid.so (create_display(char const*)+319) (BuildId: ba1aa518517345952d425af3488d89be)
04-24 00:12:07.554 105 105 F DEBUG : #02 pc 000000000000c857 /vendor/lib64/hw/hwcomposer.waydroid.so (hwc_open(hw_module_t const*, char const*, hw_device_t**)+503) (BuildId: ba1aa518517345952d425af3488d89be)
04-24 00:12:07.554 105 105 F DEBUG : #03 pc 0000000000009402 /vendor/lib64/hw/android.hardware.graphics.composer@2.1-impl.so (android::hardware::graphics::composer::V2_1::passthrough::HwcLoader::openDeviceWithAdapter(hw_module_t const*, bool*)+338) (BuildId: 33211b6bddc64fb5ec7ecc6ee79628d4)
04-24 00:12:07.554 105 105 F DEBUG : #04 pc 00000000000091aa /vendor/lib64/hw/android.hardware.graphics.composer@2.1-impl.so (android::hardware::graphics::composer::V2_1::passthrough::HwcLoader::createHalWithAdapter(hw_module_t const*)+42) (BuildId: 33211b6bddc64fb5ec7ecc6ee79628d4)
04-24 00:12:07.555 105 105 F DEBUG : #05 pc 00000000000090d1 /vendor/lib64/hw/android.hardware.graphics.composer@2.1-impl.so (android::hardware::graphics::composer::V2_1::passthrough::HwcLoader::load()+145) (BuildId: 33211b6bddc64fb5ec7ecc6ee79628d4)
04-24 00:12:07.555 105 105 F DEBUG : #06 pc 0000000000078ab0 /system/lib64/vndk-sp-29/libhidlbase.so (_ZZN7android8hardware25PassthroughServiceManager3getERKNS0_11hidl_stringES4_ENKUlPvRKNSt3__112basic_stringIcNS6_11char_traitsIcEENS6_9allocatorIcEEEESE_E_clES5_SE_SE_+96) (BuildId: 49afbdf22f1712be92a6ab83df7344e6)
04-24 00:12:07.555 105 105 F DEBUG : #07 pc 0000000000073bc3 /system/lib64/vndk-sp-29/libhidlbase.so (android::hardware::PassthroughServiceManager::openLibs(std::__1::basic_string, std::__1::allocator> const&, std::__1::function, std::__1::allocator> const&, std::__1::basic_string, std::__1::allocator> const&)> const&)+2099) (BuildId: 49afbdf22f1712be92a6ab83df7344e6)
04-24 00:12:07.589 50 50 I Zygote : Preloading resources...
04-24 00:12:07.591 105 105 F DEBUG : #08 pc 0000000000076c95 /system/lib64/vndk-sp-29/libhidlbase.so (android::hardware::PassthroughServiceManager::get(android::hardware::hidl_string const&, android::hardware::hidl_string const&)+101) (BuildId: 49afbdf22f1712be92a6ab83df7344e6)
04-24 00:12:07.592 105 105 F DEBUG : #09 pc 00000000000750db /system/lib64/vndk-sp-29/libhidlbase.so (android::hardware::details::getRawServiceInternal(std::__1::basic_string, std::__1::allocator> const&, std::__1::basic_string, std::__1::allocator> const&, bool, bool)+2187) (BuildId: 49afbdf22f1712be92a6ab83df7344e6)
04-24 00:12:07.592 105 105 F DEBUG : #10 pc 000000000002267e /system/lib64/android.hardware.graphics.composer@2.1.so (_ZN7android8hardware7details18getServiceInternalINS0_8graphics8composer4V2_112BpHwComposerENS5_9IComposerEvvEENS_2spIT0_EERKNSt3__112basic_stringIcNSB_11char_traitsIcEENSB_9allocatorIcEEEEbb+206) (BuildId: bd02fb1f1023ef1129e3c492282bfbac)
04-24 00:12:07.592 105 105 F DEBUG : #11 pc 000000000002281f /system/lib64/android.hardware.graphics.composer@2.1.so (android::hardware::graphics::composer::V2_1::IComposer::getService(std::__1::basic_string, std::__1::allocator> const&, bool)+15) (BuildId: bd02fb1f1023ef1129e3c492282bfbac)
04-24 00:12:07.592 105 105 F DEBUG : #12 pc 00000000000011f8 /vendor/bin/hw/android.hardware.graphics.composer@2.1-service (BuildId: 4d1c499b56de73e1f1be9cd13b38523f)
04-24 00:12:07.593 105 105 F DEBUG : #13 pc 0000000000001180 /vendor/bin/hw/android.hardware.graphics.composer@2.1-service (main+288) (BuildId: 4d1c499b56de73e1f1be9cd13b38523f)
04-24 00:12:07.593 105 105 F DEBUG : #14 pc 000000000008a985 /apex/com.android.runtime/lib64/bionic/libc.so (__libc_init+117) (BuildId: dba957b2d0024c9be494925fc318853c)
04-24 00:12:07.596 102 102 D LibBpfLoader: applying relo to instruction at byte offset: 2432, insn offset 304 , insn 118
04-24 00:12:07.596 102 102 D LibBpfLoader: applying relo to instruction at byte offset: 2536, insn offset 317 , insn 118
04-24 00:12:07.596 102 102 D LibBpfLoader: applying relo to instruction at byte offset: 2576, insn offset 322 , insn 118
04-24 00:12:07.596 102 102 D LibBpfLoader: applying relo to instruction at byte offset: 2664, insn offset 333 , insn 118
04-24 00:12:07.596 102 102 D LibBpfLoader: applying relo to instruction at byte offset: 2768, insn offset 346 , insn 118
04-24 00:12:07.596 102 102 D LibBpfLoader: applying relo to instruction at byte offset: 2808, insn offset 351 , insn 118
04-24 00:12:07.597 102 102 D LibBpfLoader: applying relo to instruction at byte offset: 608, insn offset 76 , insn 118
04-24 00:12:07.597 102 102 D LibBpfLoader: applying relo to instruction at byte offset: 672, insn offset 84 , insn 118
04-24 00:12:07.597 102 102 D LibBpfLoader: applying relo to instruction at byte offset: 1224, insn offset 153 , insn 118
04-24 00:12:07.597 102 102 D LibBpfLoader: applying relo to instruction at byte offset: 1368, insn offset 171 , insn 118
04-24 00:12:07.597 102 102 D LibBpfLoader: applying relo to instruction at byte offset: 1448, insn offset 181 , insn 118
04-24 00:12:07.597 102 102 D LibBpfLoader: applying relo to instruction at byte offset: 1552, insn offset 194 , insn 118
04-24 00:12:07.597 102 102 D LibBpfLoader: applying relo to instruction at byte offset: 1656, insn offset 207 , insn 118
04-24 00:12:07.597 102 102 D LibBpfLoader: applying relo to instruction at byte offset: 1696, insn offset 212 , insn 118
04-24 00:12:07.597 102 102 D LibBpfLoader: applying relo to instruction at byte offset: 1760, insn offset 220 , insn 118
04-24 00:12:07.597 102 102 D LibBpfLoader: applying relo to instruction at byte offset: 1864, insn offset 233 , insn 118
04-24 00:12:07.598 102 102 D LibBpfLoader: applying relo to instruction at byte offset: 1904, insn offset 238 , insn 118
04-24 00:12:07.598 102 102 D LibBpfLoader: applying relo to instruction at byte offset: 2032, insn offset 254 , insn 118
04-24 00:12:07.598 102 102 D LibBpfLoader: applying relo to instruction at byte offset: 2136, insn offset 267 , insn 118
04-24 00:12:07.598 102 102 D LibBpfLoader: applying relo to instruction at byte offset: 2176, insn offset 272 , insn 118
04-24 00:12:07.598 102 102 D LibBpfLoader: applying relo to instruction at byte offset: 2240, insn offset 280 , insn 118
04-24 00:12:07.598 102 102 D LibBpfLoader: applying relo to instruction at byte offset: 2344, insn offset 293 , insn 118
04-24 00:12:07.598 102 102 D LibBpfLoader: applying relo to instruction at byte offset: 2384, insn offset 298 , insn 118
04-24 00:12:07.598 102 102 D LibBpfLoader: applying relo to instruction at byte offset: 2472, insn offset 309 , insn 118
04-24 00:12:07.598 102 102 D LibBpfLoader: applying relo to instruction at byte offset: 2576, insn offset 322 , insn 118
04-24 00:12:07.598 102 102 D LibBpfLoader: applying relo to instruction at byte offset: 2616, insn offset 327 , insn 118
04-24 00:12:07.598 102 102 D LibBpfLoader: applying relo to instruction at byte offset: 40, insn offset 5 , insn 118
04-24 00:12:07.599 102 102 D LibBpfLoader: applying relo to instruction at byte offset: 144, insn offset 18 , insn 118
